{"id":388,"date":"2015-10-15T20:03:02","date_gmt":"2015-10-15T19:03:02","guid":{"rendered":"http:\/\/srlsampaense.com\/?page_id=388"},"modified":"2016-10-06T10:01:24","modified_gmt":"2016-10-06T09:01:24","slug":"creche-refeicoes","status":"publish","type":"page","link":"https:\/\/srlsampaense.com\/index.php\/creche-refeicoes\/","title":{"rendered":"Creche &#8211; Equipa"},"content":{"rendered":"<p><span style=\"color: #000000;\">O corpo docente da Creche Nossa Senhora dos Milagres, \u00e9 uma equipa est\u00e1vel e constitu\u00edda por profissionais experientes e acima de tudo com voca\u00e7\u00e3o para estes graus de ensino, onde a liga\u00e7\u00e3o afetiva com os alunos e a comunica\u00e7\u00e3o com as fam\u00edlias, assumem particular import\u00e2ncia.<\/span><\/p>\n<p><span style=\"color: #000000;\">As atividades pedag\u00f3gicas s\u00e3o coordenadas pela Dire\u00e7\u00e3o T\u00e9cnica\/Pedag\u00f3gica, com forma\u00e7\u00e3o adequada na \u00e1rea da Educa\u00e7\u00e3o de Inf\u00e2ncia.<\/span><\/p>\n<p><span style=\"color: #000000;\">A equipa de Gest\u00e3o estar\u00e1 sempre dispon\u00edvel para agendamento de reuni\u00f5es com os Pais, a fim de ouvir os seus coment\u00e1rios e sugest\u00f5es, promovendo uma verdadeira integra\u00e7\u00e3o entre a fam\u00edlia e a Escola e uma din\u00e2mica de ajustamento dos servi\u00e7os \u00e0s necessidades das fam\u00edlias.<\/span><\/p>\n<p><span style=\"color: #000000;\">A\u00a0nossa equipa \u00e9 coordenada e apoiada pela Dire\u00e7\u00e3o da Sociedade Recreativa Lealdade Sampaense, IPSS, e \u00e9 constitu\u00edda pelos seguintes t\u00e9cnicos especializados:<\/span><\/p>\n<ul>\n<li><span style=\"color: #000000;\">Diretora T\u00e9cnica\/ Pedag\u00f3gica<\/span><\/li>\n<li><span style=\"color: #000000;\">Educadoras de Inf\u00e2ncia<\/span><\/li>\n<li><span style=\"color: #000000;\">Auxiliar de A\u00e7\u00e3o Educativa<\/span><\/li>\n<li><span style=\"color: #000000;\">Cozinheira<\/span><\/li>\n<li><span style=\"color: #000000;\">Professor de M\u00fasica (Atividades Extracurriculares)<\/span><\/li>\n<li><span style=\"color: #000000;\">Professor de Gin\u00e1stica (Atividades Extracurriculares)<\/span><\/li>\n<li><span style=\"color: #000000;\">Professor de Nata\u00e7\u00e3o (Atividades Extracurriculares)<\/span><\/li>\n<\/ul>\n","protected":false},"excerpt":{"rendered":"<p>O corpo docente da Creche Nossa Senhora dos Milagres, \u00e9 uma equipa est\u00e1vel e constitu\u00edda por profissionais experientes e acima de tudo com voca\u00e7\u00e3o para estes graus de ensino, onde a liga\u00e7\u00e3o afetiva com os alunos e a comunica\u00e7\u00e3o com as fam\u00edlias, assumem particular import\u00e2ncia. As atividades pedag\u00f3gicas s\u00e3o coordenadas pela Dire\u00e7\u00e3o T\u00e9cnica\/Pedag\u00f3gica, com forma\u00e7\u00e3o [&hellip;]<\/p>\n","protected":false},"author":1,"featured_media":0,"parent":0,"menu_order":0,"comment_status":"closed","ping_status":"closed","template":"","meta":{"footnotes":""},"_links":{"self":[{"href":"https:\/\/srlsampaense.com\/index.php\/wp-json\/wp\/v2\/pages\/388"}],"collection":[{"href":"https:\/\/srlsampaense.com\/index.php\/wp-json\/wp\/v2\/pages"}],"about":[{"href":"https:\/\/srlsampaense.com\/index.php\/wp-json\/wp\/v2\/types\/page"}],"author":[{"embeddable":true,"href":"https:\/\/srlsampaense.com\/index.php\/wp-json\/wp\/v2\/users\/1"}],"replies":[{"embeddable":true,"href":"https:\/\/srlsampaense.com\/index.php\/wp-json\/wp\/v2\/comments?post=388"}],"version-history":[{"count":7,"href":"https:\/\/srlsampaense.com\/index.php\/wp-json\/wp\/v2\/pages\/388\/revisions"}],"predecessor-version":[{"id":1270,"href":"https:\/\/srlsampaense.com\/index.php\/wp-json\/wp\/v2\/pages\/388\/revisions\/1270"}],"wp:attachment":[{"href":"https:\/\/srlsampaense.com\/index.php\/wp-json\/wp\/v2\/media?parent=388"}],"curies":[{"name":"wp","href":"https:\/\/api.w.org\/{rel}","templated":true}]}}