{"id":384,"date":"2015-10-15T20:01:40","date_gmt":"2015-10-15T19:01:40","guid":{"rendered":"http:\/\/srlsampaense.com\/?page_id=384"},"modified":"2017-01-26T19:50:16","modified_gmt":"2017-01-26T18:50:16","slug":"creche-projeto_educativo","status":"publish","type":"page","link":"https:\/\/srlsampaense.com\/index.php\/creche-projeto_educativo\/","title":{"rendered":"Creche &#8211; Projeto Educativo"},"content":{"rendered":"<p style=\"text-align: center;\"><span style=\"color: #000000;\"><strong>\u201cPasso a passo . . . vou crescendo e descobrindo\u201d<\/strong><\/span><\/p>\n<p><span style=\"color: #000000;\"><strong>\u00a0<\/strong>O Projeto Educativo funciona como uma estrat\u00e9gia que permite delinear todo o processo de desenvolvimento e crescimento da crian\u00e7a, conduzindo \u00e0 presta\u00e7\u00e3o de um servi\u00e7o de qualidade a todos os n\u00edveis.<\/span><\/p>\n<p><span style=\"color: #000000;\">Proporcionar um ambiente favor\u00e1vel ao desenvolvimento harmonioso e equilibrado de todas as crian\u00e7as \u00e9 o objetivo central deste Projeto Educativo. Assim que nasce, o beb\u00e9 inicia o seu processo de explora\u00e7\u00e3o e conhecimento do mundo, necessitando para isso de rela\u00e7\u00f5es e v\u00ednculos afetivos que lhe transmitam seguran\u00e7a.<\/span><\/p>\n<p><span style=\"color: #000000;\">Para que este processo ocorra e a crian\u00e7a desenvolva todas as potencialidades de forma global e equilibrada, despertando assim, a sua curiosidade e pensamento cr\u00edtico, \u00e9 essencial o estabelecimento de um v\u00ednculo afetivo coeso e seguro com a crian\u00e7a e com a fam\u00edlia.<\/span><\/p>\n<p><span style=\"color: #000000;\">O Projeto \u201c<em>Passo a passo \u2026 vou crescendo e descobrindo.<\/em>\u201d, comporta uma <strong>dimens\u00e3o temporal de tr\u00eas anos<\/strong>, o qual se subdivide em Projetos Curriculares de Sala sendo que anualmente\u00a0 ser\u00e3o\u00a0 (re) dimensionados, e ajustados ao novo ano lectivo, assim como o Plano de Atividades.<\/span><\/p>\n<p style=\"text-align: center;\"><span style=\"color: #000000;\"><strong>PROJETOS CURRICULARES POR SALA<\/strong><\/span><\/p>\n<p style=\"text-align: left;\"><span style=\"color: #000000;\"><strong>Ano letivo 2016\/2017<br \/>\n<\/strong><\/span><\/p>\n<ul>\n<li><span style=\"color: #000000;\"><strong>B<\/strong><strong>er\u00e7\u00e1rio <\/strong>\u2013 Sala das Estrelinhas &#8211; \u00a0&#8220;Xi Cora\u00e7\u00e3o&#8221;<\/span><\/li>\n<li><span style=\"color: #000000;\"><strong>Sala de 1 ano <\/strong>\u2013 Sala das Abelhinhas &#8211; &#8220;De M\u00e3os Dadas&#8221;<\/span><\/li>\n<li><span style=\"color: #000000;\"><strong>Sala 2 anos \u2013 <\/strong>Sala dos Mochinhos &#8211; &#8220;Valores e Seguran\u00e7a&#8221;<\/span><\/li>\n<\/ul>\n<p><strong>Ano letivo 2015\/2016<\/strong><\/p>\n<ul>\n<li><span style=\"color: #000000;\"><strong>B<\/strong><strong>er\u00e7\u00e1rio<\/strong> \u2013 Passo a passo \u2026 descubro os sentidos!<\/span><\/li>\n<li><span style=\"color: #000000;\"><strong>Sala de 1 ano <\/strong>\u2013 Passo a passo \u2026 descubro o Eu e os Outros!<\/span><\/li>\n<li><span style=\"color: #000000;\"><strong>Sala 2 anos \u2013 <\/strong>Passo a Passo \u2026crescer a brincar!<\/span><\/li>\n<\/ul>\n<p style=\"text-align: center;\">\n","protected":false},"excerpt":{"rendered":"<p>\u201cPasso a passo . . . vou crescendo e descobrindo\u201d \u00a0O Projeto Educativo funciona como uma estrat\u00e9gia que permite delinear todo o processo de desenvolvimento e crescimento da crian\u00e7a, conduzindo \u00e0 presta\u00e7\u00e3o de um servi\u00e7o de qualidade a todos os n\u00edveis. Proporcionar um ambiente favor\u00e1vel ao desenvolvimento harmonioso e equilibrado de todas as crian\u00e7as \u00e9 [&hellip;]<\/p>\n","protected":false},"author":1,"featured_media":0,"parent":0,"menu_order":0,"comment_status":"closed","ping_status":"closed","template":"","meta":{"footnotes":""},"_links":{"self":[{"href":"https:\/\/srlsampaense.com\/index.php\/wp-json\/wp\/v2\/pages\/384"}],"collection":[{"href":"https:\/\/srlsampaense.com\/index.php\/wp-json\/wp\/v2\/pages"}],"about":[{"href":"https:\/\/srlsampaense.com\/index.php\/wp-json\/wp\/v2\/types\/page"}],"author":[{"embeddable":true,"href":"https:\/\/srlsampaense.com\/index.php\/wp-json\/wp\/v2\/users\/1"}],"replies":[{"embeddable":true,"href":"https:\/\/srlsampaense.com\/index.php\/wp-json\/wp\/v2\/comments?post=384"}],"version-history":[{"count":10,"href":"https:\/\/srlsampaense.com\/index.php\/wp-json\/wp\/v2\/pages\/384\/revisions"}],"predecessor-version":[{"id":1317,"href":"https:\/\/srlsampaense.com\/index.php\/wp-json\/wp\/v2\/pages\/384\/revisions\/1317"}],"wp:attachment":[{"href":"https:\/\/srlsampaense.com\/index.php\/wp-json\/wp\/v2\/media?parent=384"}],"curies":[{"name":"wp","href":"https:\/\/api.w.org\/{rel}","templated":true}]}}

<p style="text-align: center;"><span style="color: #000000;"><strong>“Passo a passo . . . vou crescendo e descobrindo”</strong></span></p>
<p><span style="color: #000000;"><strong> </strong>O Projeto Educativo funciona como uma estratégia que permite delinear todo o processo de desenvolvimento e crescimento da criança, conduzindo à prestação de um serviço de qualidade a todos os níveis.</span></p>
<p><span style="color: #000000;">Proporcionar um ambiente favorável ao desenvolvimento harmonioso e equilibrado de todas as crianças é o objetivo central deste Projeto Educativo. Assim que nasce, o bebé inicia o seu processo de exploração e conhecimento do mundo, necessitando para isso de relações e vínculos afetivos que lhe transmitam segurança.</span></p>
<p><span style="color: #000000;">Para que este processo ocorra e a criança desenvolva todas as potencialidades de forma global e equilibrada, despertando assim, a sua curiosidade e pensamento crítico, é essencial o estabelecimento de um vínculo afetivo coeso e seguro com a criança e com a família.</span></p>
<p><span style="color: #000000;">O Projeto “<em>Passo a passo … vou crescendo e descobrindo.</em>”, comporta uma <strong>dimensão temporal de três anos</strong>, o qual se subdivide em Projetos Curriculares de Sala sendo que anualmente  serão  (re) dimensionados, e ajustados ao novo ano lectivo, assim como o Plano de Atividades.</span></p>
<p style="text-align: center;"><span style="color: #000000;"><strong>PROJETOS CURRICULARES POR SALA</strong></span></p>
<p style="text-align: left;"><span style="color: #000000;"><strong>Ano letivo 2016/2017<br />
</strong></span></p>
<ul>
<li><span style="color: #000000;"><strong>B</strong><strong>erçário </strong>– Sala das Estrelinhas &#8211;  &#8220;Xi Coração&#8221;</span></li>
<li><span style="color: #000000;"><strong>Sala de 1 ano </strong>– Sala das Abelhinhas &#8211; &#8220;De Mãos Dadas&#8221;</span></li>
<li><span style="color: #000000;"><strong>Sala 2 anos – </strong>Sala dos Mochinhos &#8211; &#8220;Valores e Segurança&#8221;</span></li>
</ul>
<p><strong>Ano letivo 2015/2016</strong></p>
<ul>
<li><span style="color: #000000;"><strong>B</strong><strong>erçário</strong> – Passo a passo … descubro os sentidos!</span></li>
<li><span style="color: #000000;"><strong>Sala de 1 ano </strong>– Passo a passo … descubro o Eu e os Outros!</span></li>
<li><span style="color: #000000;"><strong>Sala 2 anos – </strong>Passo a Passo …crescer a brincar!</span></li>
</ul>
<p style="text-align: center;">

<p>“Passo a passo . . . vou crescendo e descobrindo”  O Projeto Educativo funciona como uma estratégia que permite delinear todo o processo de desenvolvimento e crescimento da criança, conduzindo à prestação de um serviço de qualidade a todos os níveis. Proporcionar um ambiente favorável ao desenvolvimento harmonioso e equilibrado de todas as crianças é [&hellip;]</p>
