{"id":369,"date":"2015-10-15T19:32:43","date_gmt":"2015-10-15T18:32:43","guid":{"rendered":"http:\/\/srlsampaense.com\/?page_id=369"},"modified":"2016-10-06T09:58:04","modified_gmt":"2016-10-06T08:58:04","slug":"creche-instalacoes","status":"publish","type":"page","link":"https:\/\/srlsampaense.com\/index.php\/creche-instalacoes\/","title":{"rendered":"Creche &#8211; Instala\u00e7\u00f5es"},"content":{"rendered":"<p style=\"text-align: justify;\"><span style=\"color: #000000;\">A Creche Nossa Senhora dos Milagres funciona em instala\u00e7\u00f5es pr\u00f3prias, num edif\u00edcio com <a style=\"color: #000000;\" href=\"http:\/\/srlsampaense.com\/wp-content\/uploads\/2015\/10\/instala\u00e7\u00f5es.jpg\"><img decoding=\"async\" loading=\"lazy\" class=\" wp-image-408 alignright\" src=\"http:\/\/srlsampaense.com\/wp-content\/uploads\/2015\/10\/instala\u00e7\u00f5es.jpg\" alt=\"instala\u00e7\u00f5es\" width=\"260\" height=\"173\" \/><\/a>salas acolhedoras e confort\u00e1veis, equipamentos funcionais, mobili\u00e1rio e material did\u00e1tico adaptado \u00e0s necessidades e interesses das crian\u00e7as, propiciando experi\u00eancias diversificadas de aprendizagem ativa e de conhecimento de si e do mundo.<\/span><\/p>\n<p style=\"text-align: justify;\"><span style=\"color: #000000;\">A Creche \u00e9 composta por::<\/span><\/p>\n<ul>\n<li style=\"text-align: justify;\"><span style=\"color: #000000;\"><strong>Ber\u00e7\u00e1rio<\/strong> que acolhe beb\u00e9s dos 0 meses \u00e0 aquisi\u00e7\u00e3o da marcha.<\/span><br \/>\n<span style=\"color: #000000;\"> Uma sala com ber\u00e7os onde cada beb\u00e9 faz os seus soninhos sempre que necessita. Um espa\u00e7o para o repouso e descanso dos beb\u00e9s onde se respeitam os seus ritmos e necessidades individuais.<\/span><br \/>\n<span style=\"color: #000000;\"> Uma sala onde as cores, as texturas e os sons estimulam os sentidos e os movimentos, e onde se cuida da higiene e do conforto do beb\u00e9, aproveitando estes momentos de intimidade para aconchegar e comunicar com o beb\u00e9.<\/span><br \/>\n<span style=\"color: #000000;\"> \u00c9 aqui que se inicia e desenvolve o gosto pela sopa, pela fruta, pelo leite branco.<\/span><\/li>\n<li style=\"text-align: justify;\"><span style=\"color: #000000;\">\u00a0\u00a0\u00a0<strong>Sala de 1 aos 2 anos<\/strong> que acolhe crian\u00e7as da aquisi\u00e7\u00e3o da marcha aos 24 meses.<\/span><br \/>\n<span style=\"color: #000000;\"> Onde os equipamentos, os jogos e os materiais l\u00fadico\u2013did\u00e1cticos estimulam e exercitam as compet\u00eancias motoras do beb\u00e9, promovem a capacidade de explora\u00e7\u00e3o do espa\u00e7o, de descoberta do mundo que o rodeia e a melhor percep\u00e7\u00e3o do seu corpo e das suas potencialidades, em franca evolu\u00e7\u00e3o.<\/span><\/li>\n<li style=\"text-align: justify;\"><span style=\"color: #000000;\"><strong>Sala dos 2 aos 3 anos<br \/>\n<\/strong>Onde a crian\u00e7a est\u00e1 cada vez mais desenvolta e \u00e1gil nos movimentos, pode ocupar-se de outros prop\u00f3sitos, como por exemplo: tomar iniciativas, organizar e planear, desenvolver o pensar e as compet\u00eancias de comunica\u00e7\u00e3o, tornando-se verdadeiramente consequente.\u00a0\u00c9 a oportunidade de desenvolver o sentido de proactividade e iniciativa. \u00c9 a fase da oposi\u00e7\u00e3o, da percep\u00e7\u00e3o dos seus limites e dos contornos dos outros, sendo fundamental definir e implementar regras e rotinas, por exemplo, de arruma\u00e7\u00e3o e organiza\u00e7\u00e3o do espa\u00e7o e materiais, de socializa\u00e7\u00e3o e interac\u00e7\u00e3o com os pares, regras de higiene e de comportamento em sociedade.<\/span><\/li>\n<\/ul>\n","protected":false},"excerpt":{"rendered":"<p>A Creche Nossa Senhora dos Milagres funciona em instala\u00e7\u00f5es pr\u00f3prias, num edif\u00edcio com salas acolhedoras e confort\u00e1veis, equipamentos funcionais, mobili\u00e1rio e material did\u00e1tico adaptado \u00e0s necessidades e interesses das crian\u00e7as, propiciando experi\u00eancias diversificadas de aprendizagem ativa e de conhecimento de si e do mundo. A Creche \u00e9 composta por:: Ber\u00e7\u00e1rio que acolhe beb\u00e9s dos 0 [&hellip;]<\/p>\n","protected":false},"author":1,"featured_media":0,"parent":0,"menu_order":0,"comment_status":"closed","ping_status":"closed","template":"","meta":{"footnotes":""},"_links":{"self":[{"href":"https:\/\/srlsampaense.com\/index.php\/wp-json\/wp\/v2\/pages\/369"}],"collection":[{"href":"https:\/\/srlsampaense.com\/index.php\/wp-json\/wp\/v2\/pages"}],"about":[{"href":"https:\/\/srlsampaense.com\/index.php\/wp-json\/wp\/v2\/types\/page"}],"author":[{"embeddable":true,"href":"https:\/\/srlsampaense.com\/index.php\/wp-json\/wp\/v2\/users\/1"}],"replies":[{"embeddable":true,"href":"https:\/\/srlsampaense.com\/index.php\/wp-json\/wp\/v2\/comments?post=369"}],"version-history":[{"count":5,"href":"https:\/\/srlsampaense.com\/index.php\/wp-json\/wp\/v2\/pages\/369\/revisions"}],"predecessor-version":[{"id":1265,"href":"https:\/\/srlsampaense.com\/index.php\/wp-json\/wp\/v2\/pages\/369\/revisions\/1265"}],"wp:attachment":[{"href":"https:\/\/srlsampaense.com\/index.php\/wp-json\/wp\/v2\/media?parent=369"}],"curies":[{"name":"wp","href":"https:\/\/api.w.org\/{rel}","templated":true}]}}

Creche &#8211; Instalações

<p style="text-align: justify;"><span style="color: #000000;">A Creche Nossa Senhora dos Milagres funciona em instalações próprias, num edifício com <a style="color: #000000;" href="http://srlsampaense.com/wp-content/uploads/2015/10/instalações.jpg"><img decoding="async" loading="lazy" class=" wp-image-408 alignright" src="http://srlsampaense.com/wp-content/uploads/2015/10/instalações.jpg" alt="instalações" width="260" height="173" /></a>salas acolhedoras e confortáveis, equipamentos funcionais, mobiliário e material didático adaptado às necessidades e interesses das crianças, propiciando experiências diversificadas de aprendizagem ativa e de conhecimento de si e do mundo.</span></p>
<p style="text-align: justify;"><span style="color: #000000;">A Creche é composta por::</span></p>
<ul>
<li style="text-align: justify;"><span style="color: #000000;"><strong>Berçário</strong> que acolhe bebés dos 0 meses à aquisição da marcha.</span><br />
<span style="color: #000000;"> Uma sala com berços onde cada bebé faz os seus soninhos sempre que necessita. Um espaço para o repouso e descanso dos bebés onde se respeitam os seus ritmos e necessidades individuais.</span><br />
<span style="color: #000000;"> Uma sala onde as cores, as texturas e os sons estimulam os sentidos e os movimentos, e onde se cuida da higiene e do conforto do bebé, aproveitando estes momentos de intimidade para aconchegar e comunicar com o bebé.</span><br />
<span style="color: #000000;"> É aqui que se inicia e desenvolve o gosto pela sopa, pela fruta, pelo leite branco.</span></li>
<li style="text-align: justify;"><span style="color: #000000;">   <strong>Sala de 1 aos 2 anos</strong> que acolhe crianças da aquisição da marcha aos 24 meses.</span><br />
<span style="color: #000000;"> Onde os equipamentos, os jogos e os materiais lúdico–didácticos estimulam e exercitam as competências motoras do bebé, promovem a capacidade de exploração do espaço, de descoberta do mundo que o rodeia e a melhor percepção do seu corpo e das suas potencialidades, em franca evolução.</span></li>
<li style="text-align: justify;"><span style="color: #000000;"><strong>Sala dos 2 aos 3 anos<br />
</strong>Onde a criança está cada vez mais desenvolta e ágil nos movimentos, pode ocupar-se de outros propósitos, como por exemplo: tomar iniciativas, organizar e planear, desenvolver o pensar e as competências de comunicação, tornando-se verdadeiramente consequente. É a oportunidade de desenvolver o sentido de proactividade e iniciativa. É a fase da oposição, da percepção dos seus limites e dos contornos dos outros, sendo fundamental definir e implementar regras e rotinas, por exemplo, de arrumação e organização do espaço e materiais, de socialização e interacção com os pares, regras de higiene e de comportamento em sociedade.</span></li>
</ul>

<p>A Creche Nossa Senhora dos Milagres funciona em instalações próprias, num edifício com salas acolhedoras e confortáveis, equipamentos funcionais, mobiliário e material didático adaptado às necessidades e interesses das crianças, propiciando experiências diversificadas de aprendizagem ativa e de conhecimento de si e do mundo. A Creche é composta por:: Berçário que acolhe bebés dos 0 [&hellip;]</p>
