{"id":365,"date":"2015-10-15T19:27:12","date_gmt":"2015-10-15T18:27:12","guid":{"rendered":"http:\/\/srlsampaense.com\/?page_id=365"},"modified":"2016-10-06T09:58:29","modified_gmt":"2016-10-06T08:58:29","slug":"creche-missao","status":"publish","type":"page","link":"https:\/\/srlsampaense.com\/index.php\/creche-missao\/","title":{"rendered":"Creche &#8211; Miss\u00e3o"},"content":{"rendered":"<h4 style=\"text-align: center;\"><span style=\"color: #000000;\"><strong>\u201cA nossa creche \u2026<br \/>\n<\/strong><strong>\u00a0 \u00a0 \u00a0<\/strong><strong>\u00a0\u00a0\u00a0\u00a0\u00a0\u00a0\u00a0\u00a0\u00a0\u00a0\u00a0 \u2026 o nosso mundo<\/strong><strong>.&#8221;<a style=\"color: #000000;\" href=\"http:\/\/srlsampaense.com\/wp-content\/uploads\/2015\/10\/logo-da-creche.jpg\"><img decoding=\"async\" loading=\"lazy\" class=\" wp-image-377 alignright\" src=\"http:\/\/srlsampaense.com\/wp-content\/uploads\/2015\/10\/logo-da-creche.jpg\" alt=\"logo da creche\" width=\"172\" height=\"175\" \/><\/a><\/strong><\/span><\/h4>\n<p style=\"text-align: justify;\"><span style=\"color: #000000;\">A Creche N.\u00aa Sr.\u00aa dos Milagres funciona desde o dia 1 de Outubro de 2003, sendo a\u00a0Resposta Social da Sociedade Recreativa Lealdade Sampaense &#8211; Associa\u00e7\u00e3o de Solidariedade Social, IPSS, fundada a 7 de Mar\u00e7o de 1909.<\/span><\/p>\n<p style=\"text-align: justify;\"><span style=\"color: #000000;\">Na <strong>Resposta Social &#8211; CRECHE<\/strong>, trabalhamos em conjunto, partilhamos o mesmo objetivo: <strong>o bem-estar pleno das nossas crian\u00e7as<\/strong>.<img decoding=\"async\" loading=\"lazy\" class=\" wp-image-378 alignleft\" src=\"http:\/\/srlsampaense.com\/wp-content\/uploads\/2015\/10\/crian\u00e7as.jpg\" alt=\"crian\u00e7as\" width=\"267\" height=\"199\" srcset=\"https:\/\/srlsampaense.com\/wp-content\/uploads\/2015\/10\/crian\u00e7as.jpg 560w, https:\/\/srlsampaense.com\/wp-content\/uploads\/2015\/10\/crian\u00e7as-300x225.jpg 300w\" sizes=\"(max-width: 267px) 100vw, 267px\" \/><br \/>\n<\/span><\/p>\n<p style=\"text-align: justify;\"><span style=\"color: #000000;\">A premissa da qual um dia partimos, faz-nos acreditar que vamos no caminho certo, por isso continuamos\u00a0a olhar para cada crian\u00e7a como um ser <strong>\u00fanico e especial.<\/strong> N\u00e3o esquecemos as necessidades\u00a0b\u00e1sicas e caracter\u00edsticas individuais que tornam cada crian\u00e7a, num potencial enriquecedor !<br \/>\nConstru\u00edmos sonhos, desenhamos estrat\u00e9gias e concretizamos planos, numa tentativa constante de evolu\u00e7\u00e3o e de proporcionar \u00e0s nossas Crian\u00e7as um crescimento e desenvolvimento feliz!<br \/>\nAssumimos a parceria com os Pais, na educa\u00e7\u00e3o das crian\u00e7as, para que todas as \u00e1reas do desenvolvimento sejam contempladas nos nossos <strong>Projetos Pedag\u00f3gicos<\/strong> e <strong>Planos de Atividades<\/strong>, n\u00e3o esquecendo que o <strong>cognitivo<\/strong>, o <strong>f\u00edsico<\/strong> e o <strong>s\u00f3cioafetivo<\/strong> s\u00e3o \u00e1reas complementares do sucesso de uma identidade segura e total.<\/span><\/p>\n<p><span style=\"color: #000000;\"><span style=\"text-decoration: underline;\">Focamo-nos num conjunto de <\/span><strong><span style=\"text-decoration: underline;\">objetivos que concretizam a nossa miss\u00e3o enquanto creche<\/span>:<\/strong><\/span><\/p>\n<ul>\n<li><span style=\"color: #000000;\">Proporcionar o bem-estar e desenvolvimento integral das crian\u00e7as num clima deseguran\u00e7a afetiva, durante o afastamento parcial do seu meio fam\u00edlia;<\/span><\/li>\n<li><span style=\"color: #000000;\">Constituir-se como um parceiro privilegiado dos pais na continuidade dos cuidados e do afeto;<\/span><\/li>\n<li><span style=\"color: #000000;\">Encorajar a individualiza\u00e7\u00e3o de cada crian\u00e7a respeitando os seus tempos, ou seus ritmos e as suas prefer\u00eancias pessoais, potenciando o desenvolvimento psicoafectivo de cada uma;<\/span><\/li>\n<li><span style=\"color: #000000;\">Oferecer diferentes tempos de atividades bem estruturadas e organizadas de sensibilidade do corpo e ao movimento, de express\u00e3o criativa e oral;<\/span><\/li>\n<li><span style=\"color: #000000;\">Criar espa\u00e7os para que se crie uma rela\u00e7\u00e3o de amizade, afectividade com crian\u00e7as para que elas se sintam seguras, amadas, com estabilidade, para que possam agir e consequentemente crescer num ambiente favor\u00e1vel ao seu desenvolvimento;<\/span><\/li>\n<li><span style=\"color: #000000;\">Proporcionar \u00e0 crian\u00e7a um contato com o meio que a rodeia para que se desenvolva o processo de socializa\u00e7\u00e3o.<\/span><\/li>\n<\/ul>\n<h3 style=\"text-align: center;\"><span style=\"color: #000000;\"><em><strong>\u00a0Ser o espa\u00e7o de constru\u00e7\u00e3o da hist\u00f3ria feliz de cada crian\u00e7a.<\/strong><\/em><\/span><\/h3>\n","protected":false},"excerpt":{"rendered":"<p>\u201cA nossa creche \u2026 \u00a0 \u00a0 \u00a0\u00a0\u00a0\u00a0\u00a0\u00a0\u00a0\u00a0\u00a0\u00a0\u00a0\u00a0 \u2026 o nosso mundo.&#8221; A Creche N.\u00aa Sr.\u00aa dos Milagres funciona desde o dia 1 de Outubro de 2003, sendo a\u00a0Resposta Social da Sociedade Recreativa Lealdade Sampaense &#8211; Associa\u00e7\u00e3o de Solidariedade Social, IPSS, fundada a 7 de Mar\u00e7o de 1909. Na Resposta Social &#8211; CRECHE, trabalhamos em conjunto, [&hellip;]<\/p>\n","protected":false},"author":1,"featured_media":0,"parent":0,"menu_order":0,"comment_status":"closed","ping_status":"closed","template":"","meta":{"footnotes":""},"_links":{"self":[{"href":"https:\/\/srlsampaense.com\/index.php\/wp-json\/wp\/v2\/pages\/365"}],"collection":[{"href":"https:\/\/srlsampaense.com\/index.php\/wp-json\/wp\/v2\/pages"}],"about":[{"href":"https:\/\/srlsampaense.com\/index.php\/wp-json\/wp\/v2\/types\/page"}],"author":[{"embeddable":true,"href":"https:\/\/srlsampaense.com\/index.php\/wp-json\/wp\/v2\/users\/1"}],"replies":[{"embeddable":true,"href":"https:\/\/srlsampaense.com\/index.php\/wp-json\/wp\/v2\/comments?post=365"}],"version-history":[{"count":10,"href":"https:\/\/srlsampaense.com\/index.php\/wp-json\/wp\/v2\/pages\/365\/revisions"}],"predecessor-version":[{"id":1266,"href":"https:\/\/srlsampaense.com\/index.php\/wp-json\/wp\/v2\/pages\/365\/revisions\/1266"}],"wp:attachment":[{"href":"https:\/\/srlsampaense.com\/index.php\/wp-json\/wp\/v2\/media?parent=365"}],"curies":[{"name":"wp","href":"https:\/\/api.w.org\/{rel}","templated":true}]}}