{"id":3540,"date":"2025-08-28T16:44:08","date_gmt":"2025-08-28T15:44:08","guid":{"rendered":"https:\/\/srlsampaense.com\/?page_id=3540"},"modified":"2025-08-28T17:10:57","modified_gmt":"2025-08-28T16:10:57","slug":"a-luta-contra-o-analfabetismo","status":"publish","type":"page","link":"https:\/\/srlsampaense.com\/index.php\/a-luta-contra-o-analfabetismo\/","title":{"rendered":"A luta contra o analfabetismo"},"content":{"rendered":"<p>Ant\u00f3nio de Vasconcelos referia in Correio de Coimbra n\u00ba 492, de 14\/11\/1931 (citado Arquivo da Universidade de Coimbra \u2013\u00a0<em>Ant\u00f3nio Vasconcelos Perpetuado nas p\u00e1ginas do \u201cCorreio de Coimbra\u201d 1922-1941<\/em>, 2020, p. 189)<\/p>\n<p>O Prior, Rev.\u00ba Prior Dion\u00edsio Garcia Ribeiro, \u201cHavendo tomado sobre os seus ombros a empresa de instruir e educar, tinha de visar o analfabetismo e dar-lhe luta sem tr\u00e9guas. Empresa bem dif\u00edcil, por ir contrariar o esp\u00edrito rotineiro daquela gente, daqueles homens rudes, que n\u00e3o reconheciam nem necessidade, nem conveni\u00eancia, para serem felizes, de saber ler e escrever; e que , por isso, n\u00e3o queriam que seus filhos tivessem tal e t\u00e3o in\u00fatil prenda. O tempo, que haviam de desperdi\u00e7ar na escola, melhor seria que o aproveitassem nos trabalhos agr\u00edcolas, ou no pastoreamento dos gados. Olhando para as gera\u00e7\u00f5es passadas, olhando para si pr\u00f3prios, observavam que seus av\u00f3s, seus pais, e eles mesmos, sem ler nem escrever, foram e eram boas pessoas, vivendo bem e felizes no seu modesto meio.<br \/>\nApenas na posse da igreja, o n\u00f3vel Prior logo numa casa sua, cont\u00edgua ao quintal, que mediava entre ela e a sua resid\u00eancia, estabeleceu uma escola de primeiras letras, regida com toda a regularidade e mais escrupulosa exactid\u00e3o, <i>gratuitamente<\/i>, por ele mesmo, sem aux\u00edlio de ningu\u00e9m. Usou de toda a sua autoridade moral para conseguir que essa escola fosse frequentada por todos os rapazes da freguesia, de idade de 7 a 15 anos, e conseguiu-o, com alguma rar\u00edssima exce\u00e7\u00e3o. Parece um milagre, t\u00e3o extraordin\u00e1rio sucesso. Ningu\u00e9m se recusava a mandar os seus filhos \u00e0 escola.<br \/>\nAli, o bom Prior, mantendo uma disciplina rigorosa, embora paternal, n\u00e3o s\u00f3 ensina a ler, escrever e contar, mas tamb\u00e9m ensinava os deveres f\u00edsicos, sociais e religiosos. A higiene n\u00e3o escapava, e de dias a dias era cuidadosamente inspecionado o estado de limpeza das orelhas, das unhas, da cara e m\u00e3os, etc. Assim eram educados aqueles bichinhos do mato, e transformados em homens educados e civilizados.<br \/>\nComo a maior parte da popula\u00e7\u00e3o escolar era de gente pobre, ou de poucos meios, o Professor fornecia-lhes gratuitamente o papel, livros, tinta, l\u00e1pis e todo o material necess\u00e1rio; n\u00e3o lhes fornecia por\u00e9m canetas nem bicos para escrever, mas, em compensa\u00e7\u00e3o, ensinava-os a economizar essa despesa dando-lhes li\u00e7\u00f5es pr\u00e1ticas para apararem com perfei\u00e7\u00e3o penas de pato, colhidas em qualquer capoeira, com as quais escrevia habitualmente, e os ensinava a escrever. E que bem sa\u00edam as letras, tra\u00e7adas com tais penas!\u201d<br \/>\nQuando saiu da freguesia em fevereiro de 1869 (18 anos depois), o analfabetismo n\u00e3o existia na parte da popula\u00e7\u00e3o que contava entre 10 e 30 anos. De entre os seus alunos destaca-se o seu sobrinho Professor Doutor Ant\u00f3nio Garcia Ribeiro de Vasconcelos e o Padre-mestre de Oliveira do Hospital Ant\u00f3nio Quaresma Caldeira, que seguiu um importante carreira liter\u00e1ria.<\/p>\n<p>A sa\u00edda do Prior, Rev.\u00ba Prior Dion\u00edsio Garcia Ribeiro, aconteceu por sua iniciativa, apesar do enorme sacrif\u00edcio de se desligar do seu rebanho e da fam\u00edlia, devido ao seu projeto pessoal de acompanhar e guiar e educa\u00e7\u00e3o do seu sobrinho Ant\u00f3nio Garcia Ribeiro de Vasconcelos, em Coimbra.<\/p>\n<ul>\n<li>Requereu em concurso a igreja paroquial de S. Martinho do Bispo (1869)<\/li>\n<li>Nomeado Arcipreste de Cernache, por provis\u00e3o Episcopal de 12\/11\/1875<\/li>\n<li>Vig\u00e1rio-Geral da Diocese de Seia, por decreto r\u00e9gio de 15\/12\/1881<\/li>\n<li>Vig\u00e1rio-Geral da Diocese de Coimbra, por decreto de 16\/03\/1882 (tomou posse a 14\/10\/1882)<\/li>\n<li>Faleceu a 12\/11\/1886<\/li>\n<\/ul>\n","protected":false},"excerpt":{"rendered":"<p>Ant\u00f3nio de Vasconcelos referia in Correio de Coimbra n\u00ba 492, de 14\/11\/1931 (citado Arquivo da Universidade de Coimbra \u2013\u00a0Ant\u00f3nio Vasconcelos Perpetuado nas p\u00e1ginas do \u201cCorreio de Coimbra\u201d 1922-1941, 2020, p. 189) O Prior, Rev.\u00ba Prior Dion\u00edsio Garcia Ribeiro, \u201cHavendo tomado sobre os seus ombros a empresa de instruir e educar, tinha de visar o analfabetismo [&hellip;]<\/p>\n","protected":false},"author":1,"featured_media":0,"parent":0,"menu_order":0,"comment_status":"closed","ping_status":"closed","template":"","meta":{"footnotes":""},"_links":{"self":[{"href":"https:\/\/srlsampaense.com\/index.php\/wp-json\/wp\/v2\/pages\/3540"}],"collection":[{"href":"https:\/\/srlsampaense.com\/index.php\/wp-json\/wp\/v2\/pages"}],"about":[{"href":"https:\/\/srlsampaense.com\/index.php\/wp-json\/wp\/v2\/types\/page"}],"author":[{"embeddable":true,"href":"https:\/\/srlsampaense.com\/index.php\/wp-json\/wp\/v2\/users\/1"}],"replies":[{"embeddable":true,"href":"https:\/\/srlsampaense.com\/index.php\/wp-json\/wp\/v2\/comments?post=3540"}],"version-history":[{"count":2,"href":"https:\/\/srlsampaense.com\/index.php\/wp-json\/wp\/v2\/pages\/3540\/revisions"}],"predecessor-version":[{"id":3546,"href":"https:\/\/srlsampaense.com\/index.php\/wp-json\/wp\/v2\/pages\/3540\/revisions\/3546"}],"wp:attachment":[{"href":"https:\/\/srlsampaense.com\/index.php\/wp-json\/wp\/v2\/media?parent=3540"}],"curies":[{"name":"wp","href":"https:\/\/api.w.org\/{rel}","templated":true}]}}

<p>António de Vasconcelos referia in Correio de Coimbra nº 492, de 14/11/1931 (citado Arquivo da Universidade de Coimbra – <em>António Vasconcelos Perpetuado nas páginas do “Correio de Coimbra” 1922-1941</em>, 2020, p. 189)</p>
<p>O Prior, Rev.º Prior Dionísio Garcia Ribeiro, “Havendo tomado sobre os seus ombros a empresa de instruir e educar, tinha de visar o analfabetismo e dar-lhe luta sem tréguas. Empresa bem difícil, por ir contrariar o espírito rotineiro daquela gente, daqueles homens rudes, que não reconheciam nem necessidade, nem conveniência, para serem felizes, de saber ler e escrever; e que , por isso, não queriam que seus filhos tivessem tal e tão inútil prenda. O tempo, que haviam de desperdiçar na escola, melhor seria que o aproveitassem nos trabalhos agrícolas, ou no pastoreamento dos gados. Olhando para as gerações passadas, olhando para si próprios, observavam que seus avós, seus pais, e eles mesmos, sem ler nem escrever, foram e eram boas pessoas, vivendo bem e felizes no seu modesto meio.<br />
Apenas na posse da igreja, o nóvel Prior logo numa casa sua, contígua ao quintal, que mediava entre ela e a sua residência, estabeleceu uma escola de primeiras letras, regida com toda a regularidade e mais escrupulosa exactidão, <i>gratuitamente</i>, por ele mesmo, sem auxílio de ninguém. Usou de toda a sua autoridade moral para conseguir que essa escola fosse frequentada por todos os rapazes da freguesia, de idade de 7 a 15 anos, e conseguiu-o, com alguma raríssima exceção. Parece um milagre, tão extraordinário sucesso. Ninguém se recusava a mandar os seus filhos à escola.<br />
Ali, o bom Prior, mantendo uma disciplina rigorosa, embora paternal, não só ensina a ler, escrever e contar, mas também ensinava os deveres físicos, sociais e religiosos. A higiene não escapava, e de dias a dias era cuidadosamente inspecionado o estado de limpeza das orelhas, das unhas, da cara e mãos, etc. Assim eram educados aqueles bichinhos do mato, e transformados em homens educados e civilizados.<br />
Como a maior parte da população escolar era de gente pobre, ou de poucos meios, o Professor fornecia-lhes gratuitamente o papel, livros, tinta, lápis e todo o material necessário; não lhes fornecia porém canetas nem bicos para escrever, mas, em compensação, ensinava-os a economizar essa despesa dando-lhes lições práticas para apararem com perfeição penas de pato, colhidas em qualquer capoeira, com as quais escrevia habitualmente, e os ensinava a escrever. E que bem saíam as letras, traçadas com tais penas!”<br />
Quando saiu da freguesia em fevereiro de 1869 (18 anos depois), o analfabetismo não existia na parte da população que contava entre 10 e 30 anos. De entre os seus alunos destaca-se o seu sobrinho Professor Doutor António Garcia Ribeiro de Vasconcelos e o Padre-mestre de Oliveira do Hospital António Quaresma Caldeira, que seguiu um importante carreira literária.</p>
<p>A saída do Prior, Rev.º Prior Dionísio Garcia Ribeiro, aconteceu por sua iniciativa, apesar do enorme sacrifício de se desligar do seu rebanho e da família, devido ao seu projeto pessoal de acompanhar e guiar e educação do seu sobrinho António Garcia Ribeiro de Vasconcelos, em Coimbra.</p>
<ul>
<li>Requereu em concurso a igreja paroquial de S. Martinho do Bispo (1869)</li>
<li>Nomeado Arcipreste de Cernache, por provisão Episcopal de 12/11/1875</li>
<li>Vigário-Geral da Diocese de Seia, por decreto régio de 15/12/1881</li>
<li>Vigário-Geral da Diocese de Coimbra, por decreto de 16/03/1882 (tomou posse a 14/10/1882)</li>
<li>Faleceu a 12/11/1886</li>
</ul>

<p>António de Vasconcelos referia in Correio de Coimbra nº 492, de 14/11/1931 (citado Arquivo da Universidade de Coimbra – António Vasconcelos Perpetuado nas páginas do “Correio de Coimbra” 1922-1941, 2020, p. 189) O Prior, Rev.º Prior Dionísio Garcia Ribeiro, “Havendo tomado sobre os seus ombros a empresa de instruir e educar, tinha de visar o analfabetismo [&hellip;]</p>
