{"id":3013,"date":"2022-10-26T15:31:55","date_gmt":"2022-10-26T14:31:55","guid":{"rendered":"http:\/\/srlsampaense.com\/?page_id=3013"},"modified":"2023-01-19T16:53:31","modified_gmt":"2023-01-19T15:53:31","slug":"2023-2026","status":"publish","type":"page","link":"https:\/\/srlsampaense.com\/index.php\/2023-2026\/","title":{"rendered":"2023-2026"},"content":{"rendered":"<p><img decoding=\"async\" loading=\"lazy\" class=\"aligncenter wp-image-3097 \" src=\"http:\/\/srlsampaense.com\/wp-content\/uploads\/2023\/01\/Corpos-Sociais-1-1024x768.jpg\" alt=\"\" width=\"576\" height=\"432\" srcset=\"https:\/\/srlsampaense.com\/wp-content\/uploads\/2023\/01\/Corpos-Sociais-1-1024x768.jpg 1024w, https:\/\/srlsampaense.com\/wp-content\/uploads\/2023\/01\/Corpos-Sociais-1-300x225.jpg 300w, https:\/\/srlsampaense.com\/wp-content\/uploads\/2023\/01\/Corpos-Sociais-1-768x576.jpg 768w, https:\/\/srlsampaense.com\/wp-content\/uploads\/2023\/01\/Corpos-Sociais-1-1536x1152.jpg 1536w, https:\/\/srlsampaense.com\/wp-content\/uploads\/2023\/01\/Corpos-Sociais-1-400x300.jpg 400w, https:\/\/srlsampaense.com\/wp-content\/uploads\/2023\/01\/Corpos-Sociais-1-600x450.jpg 600w, https:\/\/srlsampaense.com\/wp-content\/uploads\/2023\/01\/Corpos-Sociais-1.jpg 2048w\" sizes=\"(max-width: 576px) 100vw, 576px\" \/><\/p>\r\n<p style=\"text-align: center;\"><strong>CORPOS GERENTES PARA O QUADRI\u00c9NIO 2023-26<br \/><\/strong>(Eleitos em 16\/12\/2022 e Tomada de Posse em 14\/01\/2023)<\/p>\r\n<p class=\"has-text-align-center\" style=\"text-align: center;\"><strong>ASSEMBLEIA GERAL<br \/><\/strong>Presidente \u2013 Jo\u00e3o Jos\u00e9 de Sousa Franco <br \/>1\u00ba Secret\u00e1rio \u2013 Ant\u00f3nio \u00c2ngelo Ferr\u00e3o Veloso <br \/>2\u00ba Secret\u00e1ria \u2013 Ana Carla Rodrigues Mendes Madeira <br \/>Suplente \u2013 Joel Filipe Amado Brito<\/p>\r\n<!-- \/wp:paragraph -->\r\n\r\n<!-- wp:paragraph {\"align\":\"center\"} -->\r\n<p class=\"has-text-align-center\" style=\"text-align: center;\"><strong>DIRE\u00c7\u00c3O<br \/><\/strong>Presidente \u2013 Raquel Susana Fonseca Veloso<br \/>Vice-Presidente \u2013 Jos\u00e9 Francisco Ferr\u00e3o Veloso<br \/>Tesoureiro \u2013 Victor Manuel Oliveira Alves <br \/>1.\u00aa Secret\u00e1ria \u2013 Sara Filipa Fonseca Veloso <br \/>2.\u00ba Secret\u00e1rio \u2013 Carlos Manuel Moura Oliveira<br \/>1\u00ba Vogal \u2013 Manuel Madeira Mendes<br \/>2\u00ba Vogal \u2013 Ida Maria Teles Brito Madeira Mendes<br \/>3\u00ba Vogal \u2013 Fernando Jos\u00e9 Fonseca Duarte<br \/>4\u00aa Vogal \u2013 Ivone Maria Mendes Dias Figueiredo <br \/>1\u00ba Suplente \u2013 Manuel In\u00e1cio Faria<br \/>2\u00ba Suplente \u2013 Ant\u00f3nio Jos\u00e9 Duarte Madeira Henriques<br \/>3\u00ba Suplente \u2013 Rui Pedro Fidalgo Marques dos Santos<\/p>\r\n<!-- \/wp:paragraph -->\r\n\r\n<!-- wp:paragraph {\"align\":\"center\"} -->\r\n<p class=\"has-text-align-center\" style=\"text-align: center;\"><strong>CONSELHO FISCAL<br \/><\/strong>Presidente \u2013 Nuno Ant\u00f3nio Pinto Sousa Marques <br \/>Vogal \u2013 Jos\u00e9 Adelino Veloso Mendes<br \/>Vogal \u2013 Jos\u00e9 Carlos Godinho Fonseca<br \/>Suplente \u2013 Jo\u00e3o Jos\u00e9 da Costa Mendes<\/p>","protected":false},"excerpt":{"rendered":"<p>CORPOS GERENTES PARA O QUADRI\u00c9NIO 2023-26(Eleitos em 16\/12\/2022 e Tomada de Posse em 14\/01\/2023) ASSEMBLEIA GERALPresidente \u2013 Jo\u00e3o Jos\u00e9 de Sousa Franco 1\u00ba Secret\u00e1rio \u2013 Ant\u00f3nio \u00c2ngelo Ferr\u00e3o Veloso 2\u00ba Secret\u00e1ria \u2013 Ana Carla Rodrigues Mendes Madeira Suplente \u2013 Joel Filipe Amado Brito DIRE\u00c7\u00c3OPresidente \u2013 Raquel Susana Fonseca VelosoVice-Presidente \u2013 Jos\u00e9 Francisco Ferr\u00e3o VelosoTesoureiro \u2013 [&hellip;]<\/p>\n","protected":false},"author":1,"featured_media":0,"parent":0,"menu_order":0,"comment_status":"closed","ping_status":"closed","template":"","meta":{"footnotes":""},"_links":{"self":[{"href":"https:\/\/srlsampaense.com\/index.php\/wp-json\/wp\/v2\/pages\/3013"}],"collection":[{"href":"https:\/\/srlsampaense.com\/index.php\/wp-json\/wp\/v2\/pages"}],"about":[{"href":"https:\/\/srlsampaense.com\/index.php\/wp-json\/wp\/v2\/types\/page"}],"author":[{"embeddable":true,"href":"https:\/\/srlsampaense.com\/index.php\/wp-json\/wp\/v2\/users\/1"}],"replies":[{"embeddable":true,"href":"https:\/\/srlsampaense.com\/index.php\/wp-json\/wp\/v2\/comments?post=3013"}],"version-history":[{"count":19,"href":"https:\/\/srlsampaense.com\/index.php\/wp-json\/wp\/v2\/pages\/3013\/revisions"}],"predecessor-version":[{"id":3105,"href":"https:\/\/srlsampaense.com\/index.php\/wp-json\/wp\/v2\/pages\/3013\/revisions\/3105"}],"wp:attachment":[{"href":"https:\/\/srlsampaense.com\/index.php\/wp-json\/wp\/v2\/media?parent=3013"}],"curies":[{"name":"wp","href":"https:\/\/api.w.org\/{rel}","templated":true}]}}

<p><img decoding="async" loading="lazy" class="aligncenter wp-image-3097 " src="http://srlsampaense.com/wp-content/uploads/2023/01/Corpos-Sociais-1-1024x768.jpg" alt="" width="576" height="432" srcset="https://srlsampaense.com/wp-content/uploads/2023/01/Corpos-Sociais-1-1024x768.jpg 1024w, https://srlsampaense.com/wp-content/uploads/2023/01/Corpos-Sociais-1-300x225.jpg 300w, https://srlsampaense.com/wp-content/uploads/2023/01/Corpos-Sociais-1-768x576.jpg 768w, https://srlsampaense.com/wp-content/uploads/2023/01/Corpos-Sociais-1-1536x1152.jpg 1536w, https://srlsampaense.com/wp-content/uploads/2023/01/Corpos-Sociais-1-400x300.jpg 400w, https://srlsampaense.com/wp-content/uploads/2023/01/Corpos-Sociais-1-600x450.jpg 600w, https://srlsampaense.com/wp-content/uploads/2023/01/Corpos-Sociais-1.jpg 2048w" sizes="(max-width: 576px) 100vw, 576px" /></p>
<p style="text-align: center;"><strong>CORPOS GERENTES PARA O QUADRIÉNIO 2023-26<br /></strong>(Eleitos em 16/12/2022 e Tomada de Posse em 14/01/2023)</p>
<p class="has-text-align-center" style="text-align: center;"><strong>ASSEMBLEIA GERAL<br /></strong>Presidente – João José de Sousa Franco <br />1º Secretário – António Ângelo Ferrão Veloso <br />2º Secretária – Ana Carla Rodrigues Mendes Madeira <br />Suplente – Joel Filipe Amado Brito</p>
<!-- /wp:paragraph -->

<!-- wp:paragraph {"align":"center"} -->
<p class="has-text-align-center" style="text-align: center;"><strong>DIREÇÃO<br /></strong>Presidente – Raquel Susana Fonseca Veloso<br />Vice-Presidente – José Francisco Ferrão Veloso<br />Tesoureiro – Victor Manuel Oliveira Alves <br />1.ª Secretária – Sara Filipa Fonseca Veloso <br />2.º Secretário – Carlos Manuel Moura Oliveira<br />1º Vogal – Manuel Madeira Mendes<br />2º Vogal – Ida Maria Teles Brito Madeira Mendes<br />3º Vogal – Fernando José Fonseca Duarte<br />4ª Vogal – Ivone Maria Mendes Dias Figueiredo <br />1º Suplente – Manuel Inácio Faria<br />2º Suplente – António José Duarte Madeira Henriques<br />3º Suplente – Rui Pedro Fidalgo Marques dos Santos</p>
<!-- /wp:paragraph -->

<!-- wp:paragraph {"align":"center"} -->
<p class="has-text-align-center" style="text-align: center;"><strong>CONSELHO FISCAL<br /></strong>Presidente – Nuno António Pinto Sousa Marques <br />Vogal – José Adelino Veloso Mendes<br />Vogal – José Carlos Godinho Fonseca<br />Suplente – João José da Costa Mendes</p>

<p>CORPOS GERENTES PARA O QUADRIÉNIO 2023-26(Eleitos em 16/12/2022 e Tomada de Posse em 14/01/2023) ASSEMBLEIA GERALPresidente – João José de Sousa Franco 1º Secretário – António Ângelo Ferrão Veloso 2º Secretária – Ana Carla Rodrigues Mendes Madeira Suplente – Joel Filipe Amado Brito DIREÇÃOPresidente – Raquel Susana Fonseca VelosoVice-Presidente – José Francisco Ferrão VelosoTesoureiro – [&hellip;]</p>
