{"id":2554,"date":"2021-03-04T14:22:35","date_gmt":"2021-03-04T13:22:35","guid":{"rendered":"http:\/\/srlsampaense.com\/?page_id=2554"},"modified":"2021-03-04T14:26:34","modified_gmt":"2021-03-04T13:26:34","slug":"foral-de-oliveira-do-hospital","status":"publish","type":"page","link":"https:\/\/srlsampaense.com\/index.php\/foral-de-oliveira-do-hospital\/","title":{"rendered":"Foral de Oliveira do Hospital"},"content":{"rendered":"<p>A 27 de fevereiro de 1514, D. Manuel I concedeu o Foral a Oliveira do Hospital. No mesmo m\u00eas, a 9 de fevereiro, tinha tamb\u00e9m concedido \u00e0 freguesia do Seixo da Beira. Recordamos que em 2014, o Munic\u00edpio de Oliveira do Hospital assinalou os 500 anos dos v\u00e1rios forais concedidos por aquele monarca a v\u00e1rias das nossas atuais freguesias.<\/p>\n<p>As primeiras cartas de foral eram, fundamentalmente, contratos agr\u00e1rios, com o objetivo de povoamento, pelo que muitos forais se encontram na base da forma\u00e7\u00e3o de n\u00facleos populacionais aut\u00f3nomos. A carta de foral era concebida pelo Rei ou por um senhor &#8211; laico ou eclesi\u00e1stico &#8211; a uma terra, no qual se estabeleciam as normas a seguir pelos habitantes entre si e em rela\u00e7\u00e3o \u00e0 entidade outorgante. Trata-se de uma carta de privil\u00e9gio.<\/p>\n<div>\n<div class=\"\" dir=\"auto\">\n<div id=\"jsc_c_31c\" class=\"ecm0bbzt hv4rvrfc ihqw7lf3 dati1w0a\" data-ad-comet-preview=\"message\" data-ad-preview=\"message\">\n<div class=\"j83agx80 cbu4d94t ew0dbk1b irj2b8pg\">\n<div class=\"qzhwtbm6 knvmm38d\">\n<div class=\"o9v6fnle cxmmr5t8 oygrvhab hcukyx3x c1et5uql ii04i59q\">\n<div dir=\"auto\">A atribui\u00e7\u00e3o de forais a concelhos, novos ou j\u00e1 existentes, feita pelo rei, nos s\u00e9culos XIII e XIV, pressupunha um movimento das pr\u00f3prias popula\u00e7\u00f5es no sentido de se libertarem das leis e da justi\u00e7a senhorial. Muitas vezes o foral concedido a uma terra tomava como modelo outros, com ou sem altera\u00e7\u00f5es, o que justifica a cria\u00e7\u00e3o de tipologias. Com o advento do liberalismo foram promulgadas v\u00e1rias leis tendentes \u00e0 supress\u00e3o dos forais, at\u00e9 por fim abolidos pelo Decreto de 13 de Agosto de 1832, confirmado pela Carta de lei de 22 de Junho de 1846.<\/div>\n<\/div>\n<div class=\"o9v6fnle cxmmr5t8 oygrvhab hcukyx3x c1et5uql ii04i59q\">\n<div dir=\"auto\">Os forais encontram-se no &#8220;O livro dos Forais Novos da Beira&#8221; que se encontra digitalizado e dispon\u00edvel a leitura no Arquivo Nacional Torre do Tombo.<br \/>Consultar + info em: <a class=\"oajrlxb2 g5ia77u1 qu0x051f esr5mh6w e9989ue4 r7d6kgcz rq0escxv nhd2j8a9 nc684nl6 p7hjln8o kvgmc6g5 cxmmr5t8 oygrvhab hcukyx3x jb3vyjys rz4wbd8a qt6c0cv9 a8nywdso i1ao9s8h esuyzwwr f1sip0of lzcic4wl py34i1dx gpro0wi8\" tabindex=\"0\" role=\"link\" href=\"https:\/\/digitarq.arquivos.pt\/details?id=4223238&amp;fbclid=IwAR1IPm-EbZ6aBI0to7iovA7R3kpRZDw9ZAWOaaqIBElFif5u12jw8nh5cEo\" target=\"_blank\" rel=\"nofollow noopener noreferrer\">https:\/\/digitarq.arquivos.pt\/details?id=4223238<\/a><\/div>\n<\/div>\n<\/div>\n<\/div>\n<\/div>\n<\/div>\n<div id=\"jsc_c_31d\" class=\"l9j0dhe7\">\n<div class=\"l9j0dhe7\">\n<div class=\"bp9cbjyn cwj9ozl2 j83agx80 cbu4d94t ni8dbmo4 stjgntxs l9j0dhe7 k4urcfbm\">\n<div>\n<div class=\"do00u71z ni8dbmo4 stjgntxs l9j0dhe7\">\n<div class=\"pmk7jnqg kr520xx4\"><img decoding=\"async\" loading=\"lazy\" class=\"i09qtzwb n7fi1qx3 datstx6m pmk7jnqg j9ispegn kr520xx4 k4urcfbm bixrwtb6 aligncenter\" src=\"https:\/\/scontent.flis9-1.fna.fbcdn.net\/v\/t1.0-9\/155879133_2190034527796884_1639695689199017541_n.jpg?_nc_cat=101&amp;ccb=3&amp;_nc_sid=730e14&amp;_nc_ohc=JXdetffnpWwAX9pw7lF&amp;_nc_ht=scontent.flis9-1.fna&amp;oh=b7db2e1938449315ac1fc00f907dd4ee&amp;oe=60672F06\" alt=\"Nenhuma descri\u00e7\u00e3o de foto dispon\u00edvel.\" width=\"537\" height=\"500\" \/><\/div>\n<\/div>\n<\/div>\n<\/div>\n<pre class=\"linmgsc8 opwvks06 i09qtzwb n7fi1qx3 hzruof5a pmk7jnqg j9ispegn kr520xx4\" style=\"text-align: center;\">Publicada a 01\/03\/2021 \u00e0s 12:11 h. in: https:\/\/www.facebook.com\/municipiodeoliveiradohospital\/<\/pre>\n<\/div>\n<\/div>\n<\/div>\n\n","protected":false},"excerpt":{"rendered":"<p>A 27 de fevereiro de 1514, D. Manuel I concedeu o Foral a Oliveira do Hospital. No mesmo m\u00eas, a 9 de fevereiro, tinha tamb\u00e9m concedido \u00e0 freguesia do Seixo da Beira. Recordamos que em 2014, o Munic\u00edpio de Oliveira do Hospital assinalou os 500 anos dos v\u00e1rios forais concedidos por aquele monarca a v\u00e1rias [&hellip;]<\/p>\n","protected":false},"author":1,"featured_media":0,"parent":0,"menu_order":0,"comment_status":"closed","ping_status":"closed","template":"","meta":{"footnotes":""},"_links":{"self":[{"href":"https:\/\/srlsampaense.com\/index.php\/wp-json\/wp\/v2\/pages\/2554"}],"collection":[{"href":"https:\/\/srlsampaense.com\/index.php\/wp-json\/wp\/v2\/pages"}],"about":[{"href":"https:\/\/srlsampaense.com\/index.php\/wp-json\/wp\/v2\/types\/page"}],"author":[{"embeddable":true,"href":"https:\/\/srlsampaense.com\/index.php\/wp-json\/wp\/v2\/users\/1"}],"replies":[{"embeddable":true,"href":"https:\/\/srlsampaense.com\/index.php\/wp-json\/wp\/v2\/comments?post=2554"}],"version-history":[{"count":4,"href":"https:\/\/srlsampaense.com\/index.php\/wp-json\/wp\/v2\/pages\/2554\/revisions"}],"predecessor-version":[{"id":2559,"href":"https:\/\/srlsampaense.com\/index.php\/wp-json\/wp\/v2\/pages\/2554\/revisions\/2559"}],"wp:attachment":[{"href":"https:\/\/srlsampaense.com\/index.php\/wp-json\/wp\/v2\/media?parent=2554"}],"curies":[{"name":"wp","href":"https:\/\/api.w.org\/{rel}","templated":true}]}}

<p>A 27 de fevereiro de 1514, D. Manuel I concedeu o Foral a Oliveira do Hospital. No mesmo mês, a 9 de fevereiro, tinha também concedido à freguesia do Seixo da Beira. Recordamos que em 2014, o Município de Oliveira do Hospital assinalou os 500 anos dos vários forais concedidos por aquele monarca a várias das nossas atuais freguesias.</p>
<p>As primeiras cartas de foral eram, fundamentalmente, contratos agrários, com o objetivo de povoamento, pelo que muitos forais se encontram na base da formação de núcleos populacionais autónomos. A carta de foral era concebida pelo Rei ou por um senhor &#8211; laico ou eclesiástico &#8211; a uma terra, no qual se estabeleciam as normas a seguir pelos habitantes entre si e em relação à entidade outorgante. Trata-se de uma carta de privilégio.</p>
<div>
<div class="" dir="auto">
<div id="jsc_c_31c" class="ecm0bbzt hv4rvrfc ihqw7lf3 dati1w0a" data-ad-comet-preview="message" data-ad-preview="message">
<div class="j83agx80 cbu4d94t ew0dbk1b irj2b8pg">
<div class="qzhwtbm6 knvmm38d">
<div class="o9v6fnle cxmmr5t8 oygrvhab hcukyx3x c1et5uql ii04i59q">
<div dir="auto">A atribuição de forais a concelhos, novos ou já existentes, feita pelo rei, nos séculos XIII e XIV, pressupunha um movimento das próprias populações no sentido de se libertarem das leis e da justiça senhorial. Muitas vezes o foral concedido a uma terra tomava como modelo outros, com ou sem alterações, o que justifica a criação de tipologias. Com o advento do liberalismo foram promulgadas várias leis tendentes à supressão dos forais, até por fim abolidos pelo Decreto de 13 de Agosto de 1832, confirmado pela Carta de lei de 22 de Junho de 1846.</div>
</div>
<div class="o9v6fnle cxmmr5t8 oygrvhab hcukyx3x c1et5uql ii04i59q">
<div dir="auto">Os forais encontram-se no &#8220;O livro dos Forais Novos da Beira&#8221; que se encontra digitalizado e disponível a leitura no Arquivo Nacional Torre do Tombo.<br />Consultar + info em: <a class="oajrlxb2 g5ia77u1 qu0x051f esr5mh6w e9989ue4 r7d6kgcz rq0escxv nhd2j8a9 nc684nl6 p7hjln8o kvgmc6g5 cxmmr5t8 oygrvhab hcukyx3x jb3vyjys rz4wbd8a qt6c0cv9 a8nywdso i1ao9s8h esuyzwwr f1sip0of lzcic4wl py34i1dx gpro0wi8" tabindex="0" role="link" href="https://digitarq.arquivos.pt/details?id=4223238&amp;fbclid=IwAR1IPm-EbZ6aBI0to7iovA7R3kpRZDw9ZAWOaaqIBElFif5u12jw8nh5cEo" target="_blank" rel="nofollow noopener noreferrer">https://digitarq.arquivos.pt/details?id=4223238</a></div>
</div>
</div>
</div>
</div>
</div>
<div id="jsc_c_31d" class="l9j0dhe7">
<div class="l9j0dhe7">
<div class="bp9cbjyn cwj9ozl2 j83agx80 cbu4d94t ni8dbmo4 stjgntxs l9j0dhe7 k4urcfbm">
<div>
<div class="do00u71z ni8dbmo4 stjgntxs l9j0dhe7">
<div class="pmk7jnqg kr520xx4"><img decoding="async" loading="lazy" class="i09qtzwb n7fi1qx3 datstx6m pmk7jnqg j9ispegn kr520xx4 k4urcfbm bixrwtb6 aligncenter" src="https://scontent.flis9-1.fna.fbcdn.net/v/t1.0-9/155879133_2190034527796884_1639695689199017541_n.jpg?_nc_cat=101&amp;ccb=3&amp;_nc_sid=730e14&amp;_nc_ohc=JXdetffnpWwAX9pw7lF&amp;_nc_ht=scontent.flis9-1.fna&amp;oh=b7db2e1938449315ac1fc00f907dd4ee&amp;oe=60672F06" alt="Nenhuma descrição de foto disponível." width="537" height="500" /></div>
</div>
</div>
</div>
<pre class="linmgsc8 opwvks06 i09qtzwb n7fi1qx3 hzruof5a pmk7jnqg j9ispegn kr520xx4" style="text-align: center;">Publicada a 01/03/2021 às 12:11 h. in: https://www.facebook.com/municipiodeoliveiradohospital/</pre>
</div>
</div>
</div>

<p>A 27 de fevereiro de 1514, D. Manuel I concedeu o Foral a Oliveira do Hospital. No mesmo mês, a 9 de fevereiro, tinha também concedido à freguesia do Seixo da Beira. Recordamos que em 2014, o Município de Oliveira do Hospital assinalou os 500 anos dos vários forais concedidos por aquele monarca a várias [&hellip;]</p>
