{"id":2541,"date":"2021-03-04T14:03:32","date_gmt":"2021-03-04T13:03:32","guid":{"rendered":"http:\/\/srlsampaense.com\/?page_id=2541"},"modified":"2021-03-04T14:04:08","modified_gmt":"2021-03-04T13:04:08","slug":"sao-sebastiao-da-feira-toponimo","status":"publish","type":"page","link":"https:\/\/srlsampaense.com\/index.php\/sao-sebastiao-da-feira-toponimo\/","title":{"rendered":"S\u00e3o Sebasti\u00e3o da Feira &#8211; top\u00f3nimo"},"content":{"rendered":"<div dir=\"auto\">Publicado por\u00a0<strong>Lucinda Maria Brito<\/strong> em 03\/03\/2021, \u00e0s 23:58 horas in: <a href=\"https:\/\/www.facebook.com\/lucindamaria.brito\/posts\/3521941647928800\">https:\/\/www.facebook.com\/lucindamaria.brito\/posts\/3521941647928800<\/a><\/div>\n<div dir=\"auto\">\n<hr \/>\n<\/div>\n<div dir=\"auto\">\n<div class=\"kvgmc6g5 cxmmr5t8 oygrvhab hcukyx3x c1et5uql ii04i59q\">\n<div dir=\"auto\">S\u00c3O SEBASTI\u00c3O DA FEIRA \u2013 TOP\u00d3NIMO<\/div>\n<\/div>\n<div class=\"o9v6fnle cxmmr5t8 oygrvhab hcukyx3x c1et5uql ii04i59q\">\n<div dir=\"auto\">S\u00e3o Sebasti\u00e3o da Feira \u00e9 uma antiga freguesia portuguesa do concelho de Oliveira do Hospital,<\/div>\n<div dir=\"auto\">que foi extinta (agregada) pela reorganiza\u00e7\u00e3o administrativa de 2012\/2013, sendo o seu territ\u00f3rio integrado na Uni\u00e3o de Freguesias de Penalva de Alva e S\u00e3o Sebasti\u00e3o da Feira.<\/div>\n<div dir=\"auto\">Foi vila e sede de um pequeno concelho, de seu nome S\u00e3o Sebasti\u00e3o da Villa da Feira, at\u00e9 ao in\u00edcio do s\u00e9culo XIX. Era constitu\u00eddo por uma freguesia e tinha, em 1801, apenas 153 habitantes. Foi anexado ao concelho de Penalva de Alva.<\/div>\n<div dir=\"auto\">Tamb\u00e9m conhecida por Feira. Em tempos mais remotos, teve a designa\u00e7\u00e3o de S\u00e3o Sebasti\u00e3o de Riba de Alva, tendo recebido foral de D. Manuel I dado em Lisboa a 12 de Setembro de 1514. Foi priorado da apresenta\u00e7\u00e3o do Bispo de Coimbra. Pertenceu ao concelho de Penalva de Alva, extinto pelo decreto de 31 de Dezembro de 1853, tendo passado para o de Sandomil. Pelo decreto de 24 de Outubro de 1855, que extinguiu aquele \u00faltimo, foi integrada no de Oliveira do Hospital, onde permanece desde ent\u00e3o.<\/div>\n<div dir=\"auto\">Uma ermida dedicada a S. Sebasti\u00e3o e talvez da\u00ed tenha surgido a povoa\u00e7\u00e3o nos fins de do s\u00e9c. XII, princ\u00edpios do s\u00e9c. XIII. Cedo veio a ser perten\u00e7a do Bispo de Coimbra. D. Manuel I deu-lhe foral em 12\/09\/1514 onde aparece designada por Sam Sabasti\u00e3 de Ryba Dalva, mas, depois, no Cadastro da Popula\u00e7\u00e3o de 1527, aparece como vila da Feira. O uso do top\u00f3nimo Feira mostra que \u00e9 muito antiga a pequena feira que se realiza no dia 20 de Janeiro, que celebra o orago S. Sebasti\u00e3o.<\/div>\n<div dir=\"auto\">Desta terra era natural o Padre Laurindo Marques Caetano, muitos anos p\u00e1roco de Oliveira do Hospital e escreveu S\u00e3o Sebasti\u00e3o da Feira \u2013 Monografia. Aconselho a leitura.<\/div>\n<div dir=\"auto\">Curiosa a tradi\u00e7\u00e3o do povo chamar Castelo a um monte ou morro que existe \u00e0 entrada da povoa\u00e7\u00e3o do lado esquerdo indo da Rapada em direc\u00e7\u00e3o \u00e0 Ponte das Tr\u00eas Entradas.<\/div>\n<div dir=\"auto\">Patrim\u00f3nio<\/div>\n<div dir=\"auto\">Igreja de S. Sebasti\u00e3o (matriz)<\/div>\n<div dir=\"auto\">Capela de Santa Luzia<\/div>\n<div dir=\"auto\">Cruzeiros da Igreja e do Rossio<\/div>\n<div dir=\"auto\">Janela manuelina<\/div>\n<div dir=\"auto\">Vest\u00edgios arqueol\u00f3gicos romanos<\/div>\n<div dir=\"auto\">Praia fluvial<\/div>\n<div dir=\"auto\">Levada<\/div>\n<div dir=\"auto\">Albufeira<\/div>\n<div dir=\"auto\">\u00c9, sem d\u00favida, uma bonita aldeia e a sua praia fluvial um lugar de encanto. Visitem e usufruam do ar puro da Beira e da cristalinidade do Rio Alva!<\/div>\n<\/div>\n<div class=\"o9v6fnle cxmmr5t8 oygrvhab hcukyx3x c1et5uql ii04i59q\">\n<div dir=\"auto\">Lucinda Maria<\/div>\n<div dir=\"auto\">(Consulta do Livro do Dr. Francisco Correia das Neves; imagens de Google)<\/div>\n<\/div>\n<\/div>\n<div dir=\"auto\"><\/div>\n","protected":false},"excerpt":{"rendered":"<p>Publicado por\u00a0Lucinda Maria Brito em 03\/03\/2021, \u00e0s 23:58 horas in: https:\/\/www.facebook.com\/lucindamaria.brito\/posts\/3521941647928800 S\u00c3O SEBASTI\u00c3O DA FEIRA \u2013 TOP\u00d3NIMO S\u00e3o Sebasti\u00e3o da Feira \u00e9 uma antiga freguesia portuguesa do concelho de Oliveira do Hospital, que foi extinta (agregada) pela reorganiza\u00e7\u00e3o administrativa de 2012\/2013, sendo o seu territ\u00f3rio integrado na Uni\u00e3o de Freguesias de Penalva de Alva e [&hellip;]<\/p>\n","protected":false},"author":1,"featured_media":0,"parent":0,"menu_order":0,"comment_status":"closed","ping_status":"closed","template":"","meta":{"footnotes":""},"_links":{"self":[{"href":"https:\/\/srlsampaense.com\/index.php\/wp-json\/wp\/v2\/pages\/2541"}],"collection":[{"href":"https:\/\/srlsampaense.com\/index.php\/wp-json\/wp\/v2\/pages"}],"about":[{"href":"https:\/\/srlsampaense.com\/index.php\/wp-json\/wp\/v2\/types\/page"}],"author":[{"embeddable":true,"href":"https:\/\/srlsampaense.com\/index.php\/wp-json\/wp\/v2\/users\/1"}],"replies":[{"embeddable":true,"href":"https:\/\/srlsampaense.com\/index.php\/wp-json\/wp\/v2\/comments?post=2541"}],"version-history":[{"count":2,"href":"https:\/\/srlsampaense.com\/index.php\/wp-json\/wp\/v2\/pages\/2541\/revisions"}],"predecessor-version":[{"id":2544,"href":"https:\/\/srlsampaense.com\/index.php\/wp-json\/wp\/v2\/pages\/2541\/revisions\/2544"}],"wp:attachment":[{"href":"https:\/\/srlsampaense.com\/index.php\/wp-json\/wp\/v2\/media?parent=2541"}],"curies":[{"name":"wp","href":"https:\/\/api.w.org\/{rel}","templated":true}]}}

São Sebastião da Feira &#8211; topónimo

<div dir="auto">Publicado por <strong>Lucinda Maria Brito</strong> em 03/03/2021, às 23:58 horas in: <a href="https://www.facebook.com/lucindamaria.brito/posts/3521941647928800">https://www.facebook.com/lucindamaria.brito/posts/3521941647928800</a></div>
<div dir="auto">
<hr />
</div>
<div dir="auto">
<div class="kvgmc6g5 cxmmr5t8 oygrvhab hcukyx3x c1et5uql ii04i59q">
<div dir="auto">SÃO SEBASTIÃO DA FEIRA – TOPÓNIMO</div>
</div>
<div class="o9v6fnle cxmmr5t8 oygrvhab hcukyx3x c1et5uql ii04i59q">
<div dir="auto">São Sebastião da Feira é uma antiga freguesia portuguesa do concelho de Oliveira do Hospital,</div>
<div dir="auto">que foi extinta (agregada) pela reorganização administrativa de 2012/2013, sendo o seu território integrado na União de Freguesias de Penalva de Alva e São Sebastião da Feira.</div>
<div dir="auto">Foi vila e sede de um pequeno concelho, de seu nome São Sebastião da Villa da Feira, até ao início do século XIX. Era constituído por uma freguesia e tinha, em 1801, apenas 153 habitantes. Foi anexado ao concelho de Penalva de Alva.</div>
<div dir="auto">Também conhecida por Feira. Em tempos mais remotos, teve a designação de São Sebastião de Riba de Alva, tendo recebido foral de D. Manuel I dado em Lisboa a 12 de Setembro de 1514. Foi priorado da apresentação do Bispo de Coimbra. Pertenceu ao concelho de Penalva de Alva, extinto pelo decreto de 31 de Dezembro de 1853, tendo passado para o de Sandomil. Pelo decreto de 24 de Outubro de 1855, que extinguiu aquele último, foi integrada no de Oliveira do Hospital, onde permanece desde então.</div>
<div dir="auto">Uma ermida dedicada a S. Sebastião e talvez daí tenha surgido a povoação nos fins de do séc. XII, princípios do séc. XIII. Cedo veio a ser pertença do Bispo de Coimbra. D. Manuel I deu-lhe foral em 12/09/1514 onde aparece designada por Sam Sabastiã de Ryba Dalva, mas, depois, no Cadastro da População de 1527, aparece como vila da Feira. O uso do topónimo Feira mostra que é muito antiga a pequena feira que se realiza no dia 20 de Janeiro, que celebra o orago S. Sebastião.</div>
<div dir="auto">Desta terra era natural o Padre Laurindo Marques Caetano, muitos anos pároco de Oliveira do Hospital e escreveu São Sebastião da Feira – Monografia. Aconselho a leitura.</div>
<div dir="auto">Curiosa a tradição do povo chamar Castelo a um monte ou morro que existe à entrada da povoação do lado esquerdo indo da Rapada em direcção à Ponte das Três Entradas.</div>
<div dir="auto">Património</div>
<div dir="auto">Igreja de S. Sebastião (matriz)</div>
<div dir="auto">Capela de Santa Luzia</div>
<div dir="auto">Cruzeiros da Igreja e do Rossio</div>
<div dir="auto">Janela manuelina</div>
<div dir="auto">Vestígios arqueológicos romanos</div>
<div dir="auto">Praia fluvial</div>
<div dir="auto">Levada</div>
<div dir="auto">Albufeira</div>
<div dir="auto">É, sem dúvida, uma bonita aldeia e a sua praia fluvial um lugar de encanto. Visitem e usufruam do ar puro da Beira e da cristalinidade do Rio Alva!</div>
</div>
<div class="o9v6fnle cxmmr5t8 oygrvhab hcukyx3x c1et5uql ii04i59q">
<div dir="auto">Lucinda Maria</div>
<div dir="auto">(Consulta do Livro do Dr. Francisco Correia das Neves; imagens de Google)</div>
</div>
</div>
<div dir="auto"></div>

<p>Publicado por Lucinda Maria Brito em 03/03/2021, às 23:58 horas in: https://www.facebook.com/lucindamaria.brito/posts/3521941647928800 SÃO SEBASTIÃO DA FEIRA – TOPÓNIMO São Sebastião da Feira é uma antiga freguesia portuguesa do concelho de Oliveira do Hospital, que foi extinta (agregada) pela reorganização administrativa de 2012/2013, sendo o seu território integrado na União de Freguesias de Penalva de Alva e [&hellip;]</p>
