{"id":2478,"date":"2021-02-25T14:43:12","date_gmt":"2021-02-25T13:43:12","guid":{"rendered":"http:\/\/srlsampaense.com\/?page_id=2478"},"modified":"2021-03-06T21:40:51","modified_gmt":"2021-03-06T20:40:51","slug":"vila-franca-da-beira-toponimo","status":"publish","type":"page","link":"https:\/\/srlsampaense.com\/index.php\/vila-franca-da-beira-toponimo\/","title":{"rendered":"Vila Franca da Beira &#8211; top\u00f3nimo"},"content":{"rendered":"<p>Publicado por\u00a0<strong>Lucinda Maria Brito<\/strong> em 18\/02\/2021, \u00e0s 17:03 horas in: <a href=\"https:\/\/www.facebook.com\/lucindamaria.brito\/posts\/3483656268424005\">https:\/\/www.facebook.com\/lucindamaria.brito\/posts\/3483656268424005<\/a><\/p>\n<hr \/>\n<div class=\"kvgmc6g5 cxmmr5t8 oygrvhab hcukyx3x c1et5uql ii04i59q\">\n<div dir=\"auto\">VILA FRANCA DA BEIRA &#8211; TOP\u00d3NIMO<\/div>\n<div dir=\"auto\">Vila Franca da Beira \u00e9 uma freguesia portuguesa do concelho de Oliveira do Hospital.\u00a0Foi extinta (agregada) pela reorganiza\u00e7\u00e3o administrativa de 2012\/2013, sendo o seu territ\u00f3rio integrado na Uni\u00e3o de Freguesias de Ervedal e Vila Franca da Beira.<\/div>\n<div dir=\"auto\">Tem origem muito anterior \u00e0 nacionalidade portuguesa. No s\u00e9culo XII foi doada pela esposa do rei D. Sancho I a Albergaria de Poiares.<\/div>\n<div dir=\"auto\">Em 1978 a sua topon\u00edmia foi alterada de Vila Franca do Ervedal para Vila Franca da Beira, a pedido dos habitantes e dos \u00f3rg\u00e3os aut\u00e1rquicos.<\/div>\n<div dir=\"auto\">Tem um rancho folcl\u00f3rico, Rancho Rosas de Vila Franca da Beira, fundado a 5 de Maio de 1986 por Miquelina Dinis.<\/div>\n<div dir=\"auto\">Celebra-se a dia 15 de Agosto o Dia da Santa Margarida (orago da par\u00f3quia) com a prociss\u00e3o pela aldeia e a actua\u00e7\u00e3o do Rancho Rosas de Vila Franca da Beira. Muitos dizem que a Santa Margarida apareceu no alto do outeiro de Santa Margarida.<\/div>\n<div dir=\"auto\">A origem do top\u00f3nimo \u00e9 dif\u00edcil de explicar e n\u00e3o se sabe, ao certo, qual \u00e9. Vila correspondia a um territ\u00f3rio agr\u00e1rio, uma granja, uma explora\u00e7\u00e3o agr\u00edcola romana.<\/div>\n<div dir=\"auto\">E porqu\u00ea Franca? H\u00e1 v\u00e1rias hip\u00f3teses, nenhuma confirmada. Relacionada com os Francos, povos germ\u00e2nicos que andaram pela Pen\u00ednsula? N\u00e3o se sabe.<\/div>\n<div dir=\"auto\">Sabe-se que Vila Franca fez parte de uma doa\u00e7\u00e3o que, em 1193, a rainha D. Dulce fez ao Convento de S. Rom\u00e3o de Seia, que pertencia ao Mosteiro de Santa Cruz de Coimbra. Tem muitos vest\u00edgios de ocupa\u00e7\u00e3o humana muito antiga.<\/div>\n<div dir=\"auto\">Outra possibilidade: ter alguma rela\u00e7\u00e3o com os lugares e vilas francas, ou seja, livres de encargos para com a Coroa. Seria? Talvez, uma vez que foi doada primeiro ao Mosteiro Cr\u00fazio e, mais tarde, \u00e0 Albergaria de Poiares.<\/div>\n<div dir=\"auto\">Curiosidade: n\u00e3o muito longe de Vila Franca, entre P\u00f3voa de Mid\u00f5es e o Rio Mondego, existe o Vale de Fran\u00e7a.<\/div>\n<div dir=\"auto\">Sucede tamb\u00e9m que, pelo menos no s\u00e9c. XVI, Vila Franca (hoje da Beira), aparece em documentos denominada Curral de C\u00e3es e tamb\u00e9m Urr\u00e3iz. Estes nomes iam aparecendo devido a velhas rivalidades ou vontades de n\u00e3o subordina\u00e7\u00e3o. Mais tarde, em 1721, j\u00e1 encontramos referenciada Vila Franca. Foi chamada do Ervedal at\u00e9 1978. Sempre o desejo de ser franca (livre)!<\/div>\n<div dir=\"auto\">A partir de 1920 tiveram in\u00edcio uma s\u00e9rie de obras, na altura muito importantes, tendo sido constru\u00eddas ou requalificadas v\u00e1rias fontes em v\u00e1rios pontos da Povoa\u00e7\u00e3o, inclusivamente atrav\u00e9s de longas condutas subterr\u00e2neas de \u00e1gua p\u00fablica.<\/div>\n<div dir=\"auto\">As fontes e lavadouros s\u00e3o os seguintes:<\/div>\n<div dir=\"auto\">A &#8211; Fonte da Capela: como pr\u00f3prio nome indica, encontra-se localiz<\/div>\n<div dir=\"auto\">B &#8211; Fonte do Cimo: trata-se de uma fonte abaixo do n\u00edvel do solo, que foi constru\u00edda em Agosto de 1933 de acordo com uma inscri\u00e7\u00e3o encontrada no local. Esta fonte pode ser acedida por uma escada na lateral direita. A \u00e1gua que passa por esta fonte \u00e9 posteriormente encaminhada ada ao lado da capela de Vila Franca. Trata-se de uma fonte que \u00e9 accionada por uma roda para bombear a \u00e1gua de um po\u00e7o no subsolo, embora esteja actualmente desactivada. por uma conduta.<\/div>\n<div dir=\"auto\">C &#8211; Fonte da Carreira: \u00e9 tamb\u00e9m uma fonte abaixo do n\u00edvel do solo, mas que aproveita o desn\u00edvel do terreno para um acesso mais facilitado. Possui 2 bicas, sendo uma delas aberta para escoar a \u00e1gua quando \u00e9 mais abundante e uma outra com uma torneira de press\u00e3o para evitar desperdi\u00e7ar a \u00e1gua.<\/div>\n<div dir=\"auto\">D &#8211; Fonte do Rossio: tal como a Fonte da Capela, \u00e9 uma fonte accionada por uma roda que est\u00e1 actualmente desactivada. Esta fonte encontra-se no largo do Rossio. De todas as fontes, \u00e9 a que tem um aspecto de ser menos utilizada por se encontrar por perto o Chafariz do Rossio, bem mais pr\u00e1tico do que esta fonte.<\/div>\n<div dir=\"auto\">E &#8211; Lavadouro da Carreira: alimentado pelas \u00e1guas da Fonte da Carreira, por uma conduta subterr\u00e2nea, mas que \u00e9 claramente vis\u00edvel neste lavadouro. Aproveita o desn\u00edvel do terreno para encaminhar a \u00e1gua por gravidade.<\/div>\n<div dir=\"auto\">F &#8211; Lavadouro do Rossio: encontra-se nas imedia\u00e7\u00f5es do Largo do Rossio, nas traseiras do Jardim. Recentemente reabilitado, comunica directamente com um edif\u00edcio em ru\u00ednas.<\/div>\n<div dir=\"auto\">Terra tipicamente portuguesa, perto da aldeia abandonada do Vieiro (com muito interesse e que poderia ser transformada em aldeia tur\u00edstica) e de Vale do Ferro, que tem uma Galeria de Arte. V\u00e1rias casas de turismo rural (Casa Ci, por exemplo)<\/div>\n<div dir=\"auto\">O nosso concelho \u00e9 lindo e Vila Franca da Beira um rinc\u00e3o a visitar!<\/div>\n<div dir=\"auto\">Lucinda Maria<\/div>\n<div dir=\"auto\">(consulta do livro do Dr. Francisco Correia das Neves, Google; imagens de Google)<\/div>\n<\/div>\n<div class=\"o9v6fnle cxmmr5t8 oygrvhab hcukyx3x c1et5uql ii04i59q\">\n<div dir=\"auto\">Nota: Numa das fotos v\u00eaem-se umas Alminhas danificadas e abandonadas; n\u00e3o sei se, agora, j\u00e1 ter\u00e3o sido arranjadas e colocadas num lugar mais condigno!<\/div>\n<\/div>\n","protected":false},"excerpt":{"rendered":"<p>Publicado por\u00a0Lucinda Maria Brito em 18\/02\/2021, \u00e0s 17:03 horas in: https:\/\/www.facebook.com\/lucindamaria.brito\/posts\/3483656268424005 VILA FRANCA DA BEIRA &#8211; TOP\u00d3NIMO Vila Franca da Beira \u00e9 uma freguesia portuguesa do concelho de Oliveira do Hospital.\u00a0Foi extinta (agregada) pela reorganiza\u00e7\u00e3o administrativa de 2012\/2013, sendo o seu territ\u00f3rio integrado na Uni\u00e3o de Freguesias de Ervedal e Vila Franca da Beira. Tem [&hellip;]<\/p>\n","protected":false},"author":1,"featured_media":0,"parent":0,"menu_order":0,"comment_status":"closed","ping_status":"closed","template":"","meta":{"footnotes":""},"_links":{"self":[{"href":"https:\/\/srlsampaense.com\/index.php\/wp-json\/wp\/v2\/pages\/2478"}],"collection":[{"href":"https:\/\/srlsampaense.com\/index.php\/wp-json\/wp\/v2\/pages"}],"about":[{"href":"https:\/\/srlsampaense.com\/index.php\/wp-json\/wp\/v2\/types\/page"}],"author":[{"embeddable":true,"href":"https:\/\/srlsampaense.com\/index.php\/wp-json\/wp\/v2\/users\/1"}],"replies":[{"embeddable":true,"href":"https:\/\/srlsampaense.com\/index.php\/wp-json\/wp\/v2\/comments?post=2478"}],"version-history":[{"count":4,"href":"https:\/\/srlsampaense.com\/index.php\/wp-json\/wp\/v2\/pages\/2478\/revisions"}],"predecessor-version":[{"id":2567,"href":"https:\/\/srlsampaense.com\/index.php\/wp-json\/wp\/v2\/pages\/2478\/revisions\/2567"}],"wp:attachment":[{"href":"https:\/\/srlsampaense.com\/index.php\/wp-json\/wp\/v2\/media?parent=2478"}],"curies":[{"name":"wp","href":"https:\/\/api.w.org\/{rel}","templated":true}]}}

Vila Franca da Beira &#8211; topónimo

<p>Publicado por <strong>Lucinda Maria Brito</strong> em 18/02/2021, às 17:03 horas in: <a href="https://www.facebook.com/lucindamaria.brito/posts/3483656268424005">https://www.facebook.com/lucindamaria.brito/posts/3483656268424005</a></p>
<hr />
<div class="kvgmc6g5 cxmmr5t8 oygrvhab hcukyx3x c1et5uql ii04i59q">
<div dir="auto">VILA FRANCA DA BEIRA &#8211; TOPÓNIMO</div>
<div dir="auto">Vila Franca da Beira é uma freguesia portuguesa do concelho de Oliveira do Hospital. Foi extinta (agregada) pela reorganização administrativa de 2012/2013, sendo o seu território integrado na União de Freguesias de Ervedal e Vila Franca da Beira.</div>
<div dir="auto">Tem origem muito anterior à nacionalidade portuguesa. No século XII foi doada pela esposa do rei D. Sancho I a Albergaria de Poiares.</div>
<div dir="auto">Em 1978 a sua toponímia foi alterada de Vila Franca do Ervedal para Vila Franca da Beira, a pedido dos habitantes e dos órgãos autárquicos.</div>
<div dir="auto">Tem um rancho folclórico, Rancho Rosas de Vila Franca da Beira, fundado a 5 de Maio de 1986 por Miquelina Dinis.</div>
<div dir="auto">Celebra-se a dia 15 de Agosto o Dia da Santa Margarida (orago da paróquia) com a procissão pela aldeia e a actuação do Rancho Rosas de Vila Franca da Beira. Muitos dizem que a Santa Margarida apareceu no alto do outeiro de Santa Margarida.</div>
<div dir="auto">A origem do topónimo é difícil de explicar e não se sabe, ao certo, qual é. Vila correspondia a um território agrário, uma granja, uma exploração agrícola romana.</div>
<div dir="auto">E porquê Franca? Há várias hipóteses, nenhuma confirmada. Relacionada com os Francos, povos germânicos que andaram pela Península? Não se sabe.</div>
<div dir="auto">Sabe-se que Vila Franca fez parte de uma doação que, em 1193, a rainha D. Dulce fez ao Convento de S. Romão de Seia, que pertencia ao Mosteiro de Santa Cruz de Coimbra. Tem muitos vestígios de ocupação humana muito antiga.</div>
<div dir="auto">Outra possibilidade: ter alguma relação com os lugares e vilas francas, ou seja, livres de encargos para com a Coroa. Seria? Talvez, uma vez que foi doada primeiro ao Mosteiro Crúzio e, mais tarde, à Albergaria de Poiares.</div>
<div dir="auto">Curiosidade: não muito longe de Vila Franca, entre Póvoa de Midões e o Rio Mondego, existe o Vale de França.</div>
<div dir="auto">Sucede também que, pelo menos no séc. XVI, Vila Franca (hoje da Beira), aparece em documentos denominada Curral de Cães e também Urrãiz. Estes nomes iam aparecendo devido a velhas rivalidades ou vontades de não subordinação. Mais tarde, em 1721, já encontramos referenciada Vila Franca. Foi chamada do Ervedal até 1978. Sempre o desejo de ser franca (livre)!</div>
<div dir="auto">A partir de 1920 tiveram início uma série de obras, na altura muito importantes, tendo sido construídas ou requalificadas várias fontes em vários pontos da Povoação, inclusivamente através de longas condutas subterrâneas de água pública.</div>
<div dir="auto">As fontes e lavadouros são os seguintes:</div>
<div dir="auto">A &#8211; Fonte da Capela: como próprio nome indica, encontra-se localiz</div>
<div dir="auto">B &#8211; Fonte do Cimo: trata-se de uma fonte abaixo do nível do solo, que foi construída em Agosto de 1933 de acordo com uma inscrição encontrada no local. Esta fonte pode ser acedida por uma escada na lateral direita. A água que passa por esta fonte é posteriormente encaminhada ada ao lado da capela de Vila Franca. Trata-se de uma fonte que é accionada por uma roda para bombear a água de um poço no subsolo, embora esteja actualmente desactivada. por uma conduta.</div>
<div dir="auto">C &#8211; Fonte da Carreira: é também uma fonte abaixo do nível do solo, mas que aproveita o desnível do terreno para um acesso mais facilitado. Possui 2 bicas, sendo uma delas aberta para escoar a água quando é mais abundante e uma outra com uma torneira de pressão para evitar desperdiçar a água.</div>
<div dir="auto">D &#8211; Fonte do Rossio: tal como a Fonte da Capela, é uma fonte accionada por uma roda que está actualmente desactivada. Esta fonte encontra-se no largo do Rossio. De todas as fontes, é a que tem um aspecto de ser menos utilizada por se encontrar por perto o Chafariz do Rossio, bem mais prático do que esta fonte.</div>
<div dir="auto">E &#8211; Lavadouro da Carreira: alimentado pelas águas da Fonte da Carreira, por uma conduta subterrânea, mas que é claramente visível neste lavadouro. Aproveita o desnível do terreno para encaminhar a água por gravidade.</div>
<div dir="auto">F &#8211; Lavadouro do Rossio: encontra-se nas imediações do Largo do Rossio, nas traseiras do Jardim. Recentemente reabilitado, comunica directamente com um edifício em ruínas.</div>
<div dir="auto">Terra tipicamente portuguesa, perto da aldeia abandonada do Vieiro (com muito interesse e que poderia ser transformada em aldeia turística) e de Vale do Ferro, que tem uma Galeria de Arte. Várias casas de turismo rural (Casa Ci, por exemplo)</div>
<div dir="auto">O nosso concelho é lindo e Vila Franca da Beira um rincão a visitar!</div>
<div dir="auto">Lucinda Maria</div>
<div dir="auto">(consulta do livro do Dr. Francisco Correia das Neves, Google; imagens de Google)</div>
</div>
<div class="o9v6fnle cxmmr5t8 oygrvhab hcukyx3x c1et5uql ii04i59q">
<div dir="auto">Nota: Numa das fotos vêem-se umas Alminhas danificadas e abandonadas; não sei se, agora, já terão sido arranjadas e colocadas num lugar mais condigno!</div>
</div>

<p>Publicado por Lucinda Maria Brito em 18/02/2021, às 17:03 horas in: https://www.facebook.com/lucindamaria.brito/posts/3483656268424005 VILA FRANCA DA BEIRA &#8211; TOPÓNIMO Vila Franca da Beira é uma freguesia portuguesa do concelho de Oliveira do Hospital. Foi extinta (agregada) pela reorganização administrativa de 2012/2013, sendo o seu território integrado na União de Freguesias de Ervedal e Vila Franca da Beira. Tem [&hellip;]</p>
