{"id":2336,"date":"2020-11-29T18:30:29","date_gmt":"2020-11-29T17:30:29","guid":{"rendered":"http:\/\/srlsampaense.com\/?page_id=2336"},"modified":"2020-11-29T18:32:12","modified_gmt":"2020-11-29T17:32:12","slug":"penalva-de-alva-toponimo","status":"publish","type":"page","link":"https:\/\/srlsampaense.com\/index.php\/penalva-de-alva-toponimo\/","title":{"rendered":"Penalva de Alva &#8211; top\u00f3nimo"},"content":{"rendered":"\n<p> Publicado por\u00a0<strong>Lucinda Maria Brito<\/strong> em 26\/11\/2014, \u00e0s 16:07 horas in: <a href=\"https:\/\/www.facebook.com\/lucindamaria.brito\/posts\/3273786199411014\" target=\"_blank\" rel=\"noreferrer noopener\" aria-label=\"https:\/\/www.facebook.com\/lucindamaria.brito\/posts\/3273786199411014 (abre num novo separador)\">https:\/\/www.facebook.com\/lucindamaria.brito\/posts\/3273786199411014<\/a><\/p>\n\n\n<div class=\"kvgmc6g5 cxmmr5t8 oygrvhab hcukyx3x c1et5uql ii04i59q\">\n<div dir=\"auto\">PENALVA DE ALVA &#8211; TOP\u00d3NIMO<\/div>\n<div dir=\"auto\">Penalva de Alva \u00e9 uma antiga freguesia portuguesa do concelho de Oliveira do Hospital<\/div>\n<div dir=\"auto\">Foi extinta (agregada) pela reorganiza\u00e7\u00e3o administrativa de 2012\/2013, sendo o seu territ\u00f3rio integrado na Uni\u00e3o de Freguesias de Penalva de Alva e S\u00e3o Sebasti\u00e3o da Feira.<\/div>\n<div dir=\"auto\">Foi vila e sede de concelho at\u00e9 meados do s\u00e9culo XIX. Era constitu\u00eddo pelas freguesias da sede, Alvoco das V\u00e1rzeas e S\u00e3o Gi\u00e3o. Ap\u00f3s as reformas administrativas do in\u00edcio do liberalismo foi-lhe anexada a freguesia de S\u00e3o Sebasti\u00e3o da Feira e a freguesia de S\u00e3o Gi\u00e3o passou para o concelho de Sandomil. Tinha, em 1849, 2 191 habitantes e 25 km\u00b2.<\/div>\n<div dir=\"auto\">\u00c9 uma linda terra a que o Alva d\u00e1 um especial encanto. Paisagens maravilhosas e as \u00e1guas rumorejantes do rio, que a atravessa inteirinha!<\/div>\n<div dir=\"auto\">E o top\u00f3nimo? Qual a origem? Alva tem a ver com o rio, mas o pr\u00f3prio nome deste \u00e9 de proveni\u00eancia muito incerta. Alvo quer dizer branco e, realmente, as suas \u00e1guas s\u00e3o bastante cristalinas e l\u00edmpidas. Mas, ent\u00e3o, n\u00e3o deveriam chamar-lhe rio Branco ou Alvo? Em alguns documentos medievais o elemento Alva aparece escrito Alvia ou Aluha (leia-se Alvha), assim como a\u00ed surge a palavra \u201cPe\u00f1a\u201d em vez de Penalva. Alva tamb\u00e9m poder\u00e1 vir do latim alvea (feminino de alveus: cavidade, leito de rio, derivante de alvus=ventre). Tem l\u00f3gica, uma vez que se trata de um rio.<\/div>\n<div dir=\"auto\">Penalva foi Petra Alba e j\u00e1 chegou a dizer-se que o Julgado de Penalva esteja numa atalaia chamada Penalva de Alva, mas tamb\u00e9m h\u00e1 quem diga que Penalva veio de penha alva, que deve ter sido um crasto ou castelo em ponto alto. Ora, n\u00e3o h\u00e1 vest\u00edgios nenhuns de qualquer constru\u00e7\u00e3o dessas. O mais prov\u00e1vel \u00e9 que Penalva derive de Penha (penhasco) e com Alva, por aglutina\u00e7\u00e3o Penalva. Acrescentou-se de Alva, para se distinguir de Penalva do Castelo. Portanto, o rio Alva \u00e9 referido duas vezes no nome. Esse belo rio que vindo das alturas, em cuja nascente tem o nome de Ribeira de Ferven\u00e7a e que vai ter ao Mondego, perto de Penacova.<\/div>\n<div dir=\"auto\">De qualquer modo, Penalva de Alva vive do e para o rio. \u00c9 ele que lhe d\u00e1 a beleza e a fertilidade \u00e0s terras.<\/div>\n<div dir=\"auto\">\u00c9 uma terra bonita do sul do concelho, no Vale do Alva. As suas gentes ribeirinhas s\u00e3o t\u00e3o l\u00edmpidas como as \u00e1guas do rio. N\u00e3o posso deixar de referir, por exemplo as Caldas de S. Paulo, zona de \u00e1guas termais, onde foi constru\u00eddo e funciona um Resort de renome internacional.<\/div>\n<div dir=\"auto\">O seu patrim\u00f3nio \u00e9 valioso, a saber:<\/div>\n<div dir=\"auto\">Igreja Matriz de Penalva de Alva ou Igreja de S\u00e3o Tom\u00e9<\/div>\n<div dir=\"auto\">Pelourinho de Penalva de Alva<\/div>\n<div dir=\"auto\">Capelas de S. Paulo, de Santo Andr\u00e9, de Santo Ant\u00f3nio, de S. Pedro, de S. Tom\u00e9 e de S. Jo\u00e3o<\/div>\n<div dir=\"auto\">Antiga Casa da C\u00e2mara<\/div>\n<div dir=\"auto\">Portal manuelino<\/div>\n<div dir=\"auto\">Almas da Rapada<\/div>\n<div dir=\"auto\">Fonte dos Merujais<\/div>\n<div dir=\"auto\">Caldas de S. Paulo<\/div>\n<div dir=\"auto\">Ponte (sobre o rio Alva)<\/div>\n<div dir=\"auto\">Nascente do pont\u00e3o da Rapada<\/div>\n<div dir=\"auto\">Trecho do rio Alva<\/div>\n<div dir=\"auto\">Cabe\u00e7a da Velha<\/div>\n<div dir=\"auto\">Praia fluvial<\/div>\n<div dir=\"auto\">Empreendimento AQUA VILLAGE \u2013 Health Resort &amp; Spa<\/div>\n<\/div>\n<div class=\"o9v6fnle cxmmr5t8 oygrvhab hcukyx3x c1et5uql ii04i59q\">\n<div dir=\"auto\">Lucinda Maria (consulta do livro do Dr. Francisco Correia das Neves e fotos de Google)<\/div>\n<\/div>","protected":false},"excerpt":{"rendered":"<p>Publicado por\u00a0Lucinda Maria Brito em 26\/11\/2014, \u00e0s 16:07 horas in: https:\/\/www.facebook.com\/lucindamaria.brito\/posts\/3273786199411014 PENALVA DE ALVA &#8211; TOP\u00d3NIMO Penalva de Alva \u00e9 uma antiga freguesia portuguesa do concelho de Oliveira do Hospital Foi extinta (agregada) pela reorganiza\u00e7\u00e3o administrativa de 2012\/2013, sendo o seu territ\u00f3rio integrado na Uni\u00e3o de Freguesias de Penalva de Alva e S\u00e3o Sebasti\u00e3o da [&hellip;]<\/p>\n","protected":false},"author":1,"featured_media":0,"parent":0,"menu_order":0,"comment_status":"closed","ping_status":"closed","template":"","meta":{"footnotes":""},"_links":{"self":[{"href":"https:\/\/srlsampaense.com\/index.php\/wp-json\/wp\/v2\/pages\/2336"}],"collection":[{"href":"https:\/\/srlsampaense.com\/index.php\/wp-json\/wp\/v2\/pages"}],"about":[{"href":"https:\/\/srlsampaense.com\/index.php\/wp-json\/wp\/v2\/types\/page"}],"author":[{"embeddable":true,"href":"https:\/\/srlsampaense.com\/index.php\/wp-json\/wp\/v2\/users\/1"}],"replies":[{"embeddable":true,"href":"https:\/\/srlsampaense.com\/index.php\/wp-json\/wp\/v2\/comments?post=2336"}],"version-history":[{"count":2,"href":"https:\/\/srlsampaense.com\/index.php\/wp-json\/wp\/v2\/pages\/2336\/revisions"}],"predecessor-version":[{"id":2339,"href":"https:\/\/srlsampaense.com\/index.php\/wp-json\/wp\/v2\/pages\/2336\/revisions\/2339"}],"wp:attachment":[{"href":"https:\/\/srlsampaense.com\/index.php\/wp-json\/wp\/v2\/media?parent=2336"}],"curies":[{"name":"wp","href":"https:\/\/api.w.org\/{rel}","templated":true}]}}

Penalva de Alva &#8211; topónimo

<p> Publicado por <strong>Lucinda Maria Brito</strong> em 26/11/2014, às 16:07 horas in: <a href="https://www.facebook.com/lucindamaria.brito/posts/3273786199411014" target="_blank" rel="noreferrer noopener" aria-label="https://www.facebook.com/lucindamaria.brito/posts/3273786199411014 (abre num novo separador)">https://www.facebook.com/lucindamaria.brito/posts/3273786199411014</a></p>


<div class="kvgmc6g5 cxmmr5t8 oygrvhab hcukyx3x c1et5uql ii04i59q">
<div dir="auto">PENALVA DE ALVA &#8211; TOPÓNIMO</div>
<div dir="auto">Penalva de Alva é uma antiga freguesia portuguesa do concelho de Oliveira do Hospital</div>
<div dir="auto">Foi extinta (agregada) pela reorganização administrativa de 2012/2013, sendo o seu território integrado na União de Freguesias de Penalva de Alva e São Sebastião da Feira.</div>
<div dir="auto">Foi vila e sede de concelho até meados do século XIX. Era constituído pelas freguesias da sede, Alvoco das Várzeas e São Gião. Após as reformas administrativas do início do liberalismo foi-lhe anexada a freguesia de São Sebastião da Feira e a freguesia de São Gião passou para o concelho de Sandomil. Tinha, em 1849, 2 191 habitantes e 25 km².</div>
<div dir="auto">É uma linda terra a que o Alva dá um especial encanto. Paisagens maravilhosas e as águas rumorejantes do rio, que a atravessa inteirinha!</div>
<div dir="auto">E o topónimo? Qual a origem? Alva tem a ver com o rio, mas o próprio nome deste é de proveniência muito incerta. Alvo quer dizer branco e, realmente, as suas águas são bastante cristalinas e límpidas. Mas, então, não deveriam chamar-lhe rio Branco ou Alvo? Em alguns documentos medievais o elemento Alva aparece escrito Alvia ou Aluha (leia-se Alvha), assim como aí surge a palavra “Peña” em vez de Penalva. Alva também poderá vir do latim alvea (feminino de alveus: cavidade, leito de rio, derivante de alvus=ventre). Tem lógica, uma vez que se trata de um rio.</div>
<div dir="auto">Penalva foi Petra Alba e já chegou a dizer-se que o Julgado de Penalva esteja numa atalaia chamada Penalva de Alva, mas também há quem diga que Penalva veio de penha alva, que deve ter sido um crasto ou castelo em ponto alto. Ora, não há vestígios nenhuns de qualquer construção dessas. O mais provável é que Penalva derive de Penha (penhasco) e com Alva, por aglutinação Penalva. Acrescentou-se de Alva, para se distinguir de Penalva do Castelo. Portanto, o rio Alva é referido duas vezes no nome. Esse belo rio que vindo das alturas, em cuja nascente tem o nome de Ribeira de Fervença e que vai ter ao Mondego, perto de Penacova.</div>
<div dir="auto">De qualquer modo, Penalva de Alva vive do e para o rio. É ele que lhe dá a beleza e a fertilidade às terras.</div>
<div dir="auto">É uma terra bonita do sul do concelho, no Vale do Alva. As suas gentes ribeirinhas são tão límpidas como as águas do rio. Não posso deixar de referir, por exemplo as Caldas de S. Paulo, zona de águas termais, onde foi construído e funciona um Resort de renome internacional.</div>
<div dir="auto">O seu património é valioso, a saber:</div>
<div dir="auto">Igreja Matriz de Penalva de Alva ou Igreja de São Tomé</div>
<div dir="auto">Pelourinho de Penalva de Alva</div>
<div dir="auto">Capelas de S. Paulo, de Santo André, de Santo António, de S. Pedro, de S. Tomé e de S. João</div>
<div dir="auto">Antiga Casa da Câmara</div>
<div dir="auto">Portal manuelino</div>
<div dir="auto">Almas da Rapada</div>
<div dir="auto">Fonte dos Merujais</div>
<div dir="auto">Caldas de S. Paulo</div>
<div dir="auto">Ponte (sobre o rio Alva)</div>
<div dir="auto">Nascente do pontão da Rapada</div>
<div dir="auto">Trecho do rio Alva</div>
<div dir="auto">Cabeça da Velha</div>
<div dir="auto">Praia fluvial</div>
<div dir="auto">Empreendimento AQUA VILLAGE – Health Resort &amp; Spa</div>
</div>
<div class="o9v6fnle cxmmr5t8 oygrvhab hcukyx3x c1et5uql ii04i59q">
<div dir="auto">Lucinda Maria (consulta do livro do Dr. Francisco Correia das Neves e fotos de Google)</div>
</div>

<p>Publicado por Lucinda Maria Brito em 26/11/2014, às 16:07 horas in: https://www.facebook.com/lucindamaria.brito/posts/3273786199411014 PENALVA DE ALVA &#8211; TOPÓNIMO Penalva de Alva é uma antiga freguesia portuguesa do concelho de Oliveira do Hospital Foi extinta (agregada) pela reorganização administrativa de 2012/2013, sendo o seu território integrado na União de Freguesias de Penalva de Alva e São Sebastião da [&hellip;]</p>
