{"id":2272,"date":"2020-10-27T17:02:08","date_gmt":"2020-10-27T16:02:08","guid":{"rendered":"http:\/\/srlsampaense.com\/?page_id=2272"},"modified":"2020-10-27T19:11:45","modified_gmt":"2020-10-27T18:11:45","slug":"sao-paio-de-gramacos-toponimo","status":"publish","type":"page","link":"https:\/\/srlsampaense.com\/index.php\/sao-paio-de-gramacos-toponimo\/","title":{"rendered":"S\u00e3o Paio de Grama\u00e7os &#8211; top\u00f3nimo"},"content":{"rendered":"<p>Publicado por <strong>Lucinda Maria Brito<\/strong> em 14\/09\/2020, \u00e0s 19:24 horas in: <a href=\"https:\/\/www.facebook.com\/lucindamaria.brito\/posts\/3069339343189035\" target=\"_blank\" rel=\"noopener noreferrer\">https:\/\/www.facebook.com\/lucindamaria.brito\/posts\/3069339343189035<\/a><\/p>\n<hr \/>\n<p>S. PAIO DE GRAMA\u00c7OS \u2013 TOP\u00d3NIMO<\/p>\n<p>(&#8230;)<\/p>\n<p>A primeira parte, S. Paio \u00e9 uma deriva\u00e7\u00e3o de S. Pel\u00e1gio, o m\u00e1rtir que, ainda hoje, \u00e9 o orago da Par\u00f3quia. J\u00e1 no tempo de D. Afonso III era assim referido: Sancto Pelagio e Sanctum Pelagiu. Ali\u00e1s, h\u00e1 no Pa\u00eds outros S. Paio, que t\u00eam a mesma origem.<br \/>\nChamou-se outrora S. Paio do Code\u00e7o ( ser\u00e1 mais correcto escrever Codesso, respeitando a etimologia. E o que \u00e9 Codesso? O povo de Oliveira tamb\u00e9m lhe chamava Codesseiro. \u00c9 um arbusto da fam\u00edlia das leguminosas, planta espont\u00e2nea e abundante na regi\u00e3o e em todo o pa\u00eds.<br \/>\nNo entanto, passou a ter o nome actual pelo Decreto n\u00ba 5971, de 28 de Julho de 1919. Talvez pela proximidade da aldeia de Gamarazus \u2013 Garamacios. Estes nomes, que existem em v\u00e1rias localidades do concelho, t\u00eam a ver com grama. N\u00e3o o grama, unidade de peso (de \u00e9timo grego), mas a grama, erva rasteira bem conhecida e disseminada pelos campos. A sua raiz latina (gramen) significava mesmo grama, erva, pasto. Locais de bons pastos e, consequentemente, de rebanhos e, depois, do belo queijo Serra da Estrela. Tudo se interliga.<br \/>\nE, assim, cheg\u00e1mos ao top\u00f3nimo S. Paio de Grama\u00e7os, que j\u00e1 integra a zona urbana de Oliveira do Hospital.<br \/>\nAlgumas curiosidades sobre S. Paio de Grama\u00e7os: A 15 de Agosto(Assun\u00e7\u00e3o de Nossa Senhora) realiza-se a romaria de Nossa Senhora dos Milagres, num pequeno santu\u00e1rio, com um bel\u00edssimo parque de merendas, um belo coreto, sendo famoso o seu arraial. H\u00e1 v\u00e1rios edif\u00edcios bonitos e de tra\u00e7a invulgar: a chamada casa dos brasileiros e a escola prim\u00e1ria, que ainda funciona e que considero das mais bonitas que j\u00e1 vi. A Sociedade Recreativa Lealdade Sampaense, que integra v\u00e1rias val\u00eancias, como \u00e9 o caso do Pavilh\u00e3o Serafim Marques, nomeado comendador pelo Presidente Cavaco Silva, grande benem\u00e9rito desta terra e imortalizado num busto. \u00c9 famosa e tem formado bons atletas a equipa de basquetebol.<br \/>\nProvavelmente, esqueci-me de algumas coisas, mas n\u00e3o do insigne sampaense Dr. Ant\u00f3nio Garcia Ribeiro de Vasconcelos, nascido em S. Paio em 1860 e falecido em Coimbra em 1941. De uma intelig\u00eancia e cultura invulgares, escreveu sobre a nossa regi\u00e3o e deixou muitos estudos sobre esse e outros temas. Estou a lembrar-me do seu livro Br\u00e1s Garcia de Mascarenhas, poeta\/guerreiro avoense. Dos estudos e escritos do Dr. Ant\u00f3nio Vasconcelos falei no texto sobre o top\u00f3nimo de Oliveira do Hospital. Tive duas professoras, penso que pertencentes a este senhor: D. Lu\u00edsa Vasconcelos e D. Maria do Carmo Vasconcelos, esta \u00faltima habitava a casa onde ele nasceu, que tem uma placa identificativa na fachada. Muito competentes e que me marcaram pela positiva!<br \/>\nS. Paio de Grama\u00e7os, uma terra a visitar!<\/p>\n<p>Lucinda Maria<br \/>\n(Consultei o livro Enquadramento Hist\u00f3rico e Topon\u00edmia concelho de Oliveira do Hospital de Dr. Francisco Correia das Neves; imagens de Google)<\/p>\n","protected":false},"excerpt":{"rendered":"<p>Publicado por Lucinda Maria Brito em 14\/09\/2020, \u00e0s 19:24 horas in: https:\/\/www.facebook.com\/lucindamaria.brito\/posts\/3069339343189035 S. PAIO DE GRAMA\u00c7OS \u2013 TOP\u00d3NIMO (&#8230;) A primeira parte, S. Paio \u00e9 uma deriva\u00e7\u00e3o de S. Pel\u00e1gio, o m\u00e1rtir que, ainda hoje, \u00e9 o orago da Par\u00f3quia. J\u00e1 no tempo de D. Afonso III era assim referido: Sancto Pelagio e Sanctum Pelagiu. [&hellip;]<\/p>\n","protected":false},"author":1,"featured_media":0,"parent":0,"menu_order":0,"comment_status":"closed","ping_status":"closed","template":"","meta":{"footnotes":""},"_links":{"self":[{"href":"https:\/\/srlsampaense.com\/index.php\/wp-json\/wp\/v2\/pages\/2272"}],"collection":[{"href":"https:\/\/srlsampaense.com\/index.php\/wp-json\/wp\/v2\/pages"}],"about":[{"href":"https:\/\/srlsampaense.com\/index.php\/wp-json\/wp\/v2\/types\/page"}],"author":[{"embeddable":true,"href":"https:\/\/srlsampaense.com\/index.php\/wp-json\/wp\/v2\/users\/1"}],"replies":[{"embeddable":true,"href":"https:\/\/srlsampaense.com\/index.php\/wp-json\/wp\/v2\/comments?post=2272"}],"version-history":[{"count":2,"href":"https:\/\/srlsampaense.com\/index.php\/wp-json\/wp\/v2\/pages\/2272\/revisions"}],"predecessor-version":[{"id":2298,"href":"https:\/\/srlsampaense.com\/index.php\/wp-json\/wp\/v2\/pages\/2272\/revisions\/2298"}],"wp:attachment":[{"href":"https:\/\/srlsampaense.com\/index.php\/wp-json\/wp\/v2\/media?parent=2272"}],"curies":[{"name":"wp","href":"https:\/\/api.w.org\/{rel}","templated":true}]}}

São Paio de Gramaços &#8211; topónimo

<p>Publicado por <strong>Lucinda Maria Brito</strong> em 14/09/2020, às 19:24 horas in: <a href="https://www.facebook.com/lucindamaria.brito/posts/3069339343189035" target="_blank" rel="noopener noreferrer">https://www.facebook.com/lucindamaria.brito/posts/3069339343189035</a></p>
<hr />
<p>S. PAIO DE GRAMAÇOS – TOPÓNIMO</p>
<p>(&#8230;)</p>
<p>A primeira parte, S. Paio é uma derivação de S. Pelágio, o mártir que, ainda hoje, é o orago da Paróquia. Já no tempo de D. Afonso III era assim referido: Sancto Pelagio e Sanctum Pelagiu. Aliás, há no País outros S. Paio, que têm a mesma origem.<br />
Chamou-se outrora S. Paio do Codeço ( será mais correcto escrever Codesso, respeitando a etimologia. E o que é Codesso? O povo de Oliveira também lhe chamava Codesseiro. É um arbusto da família das leguminosas, planta espontânea e abundante na região e em todo o país.<br />
No entanto, passou a ter o nome actual pelo Decreto nº 5971, de 28 de Julho de 1919. Talvez pela proximidade da aldeia de Gamarazus – Garamacios. Estes nomes, que existem em várias localidades do concelho, têm a ver com grama. Não o grama, unidade de peso (de étimo grego), mas a grama, erva rasteira bem conhecida e disseminada pelos campos. A sua raiz latina (gramen) significava mesmo grama, erva, pasto. Locais de bons pastos e, consequentemente, de rebanhos e, depois, do belo queijo Serra da Estrela. Tudo se interliga.<br />
E, assim, chegámos ao topónimo S. Paio de Gramaços, que já integra a zona urbana de Oliveira do Hospital.<br />
Algumas curiosidades sobre S. Paio de Gramaços: A 15 de Agosto(Assunção de Nossa Senhora) realiza-se a romaria de Nossa Senhora dos Milagres, num pequeno santuário, com um belíssimo parque de merendas, um belo coreto, sendo famoso o seu arraial. Há vários edifícios bonitos e de traça invulgar: a chamada casa dos brasileiros e a escola primária, que ainda funciona e que considero das mais bonitas que já vi. A Sociedade Recreativa Lealdade Sampaense, que integra várias valências, como é o caso do Pavilhão Serafim Marques, nomeado comendador pelo Presidente Cavaco Silva, grande benemérito desta terra e imortalizado num busto. É famosa e tem formado bons atletas a equipa de basquetebol.<br />
Provavelmente, esqueci-me de algumas coisas, mas não do insigne sampaense Dr. António Garcia Ribeiro de Vasconcelos, nascido em S. Paio em 1860 e falecido em Coimbra em 1941. De uma inteligência e cultura invulgares, escreveu sobre a nossa região e deixou muitos estudos sobre esse e outros temas. Estou a lembrar-me do seu livro Brás Garcia de Mascarenhas, poeta/guerreiro avoense. Dos estudos e escritos do Dr. António Vasconcelos falei no texto sobre o topónimo de Oliveira do Hospital. Tive duas professoras, penso que pertencentes a este senhor: D. Luísa Vasconcelos e D. Maria do Carmo Vasconcelos, esta última habitava a casa onde ele nasceu, que tem uma placa identificativa na fachada. Muito competentes e que me marcaram pela positiva!<br />
S. Paio de Gramaços, uma terra a visitar!</p>
<p>Lucinda Maria<br />
(Consultei o livro Enquadramento Histórico e Toponímia concelho de Oliveira do Hospital de Dr. Francisco Correia das Neves; imagens de Google)</p>

<p>Publicado por Lucinda Maria Brito em 14/09/2020, às 19:24 horas in: https://www.facebook.com/lucindamaria.brito/posts/3069339343189035 S. PAIO DE GRAMAÇOS – TOPÓNIMO (&#8230;) A primeira parte, S. Paio é uma derivação de S. Pelágio, o mártir que, ainda hoje, é o orago da Paróquia. Já no tempo de D. Afonso III era assim referido: Sancto Pelagio e Sanctum Pelagiu. [&hellip;]</p>
