{"id":2261,"date":"2020-10-27T16:50:58","date_gmt":"2020-10-27T15:50:58","guid":{"rendered":"http:\/\/srlsampaense.com\/?page_id=2261"},"modified":"2020-10-27T16:53:06","modified_gmt":"2020-10-27T15:53:06","slug":"lagares-da-beira-toponimo","status":"publish","type":"page","link":"https:\/\/srlsampaense.com\/index.php\/lagares-da-beira-toponimo\/","title":{"rendered":"Lagares da Beira &#8211; top\u00f3nimo"},"content":{"rendered":"<p>Publicado por <strong>Lucinda Maria Brito<\/strong> em 25\/09\/2020, \u00e0s 13:48 horas in: <a href=\"https:\/\/www.facebook.com\/lucindamaria.brito\/posts\/3101746953281607\" target=\"_blank\" rel=\"noopener noreferrer\">https:\/\/www.facebook.com\/lucindamaria.brito\/posts\/3101746953281607<\/a><\/p>\n<hr \/>\n<p>LAGARES DA BEIRA \u2013 TOP\u00d3NIMO<\/p>\n<p>Lagares da Beira \u00e9 uma bela terra do concelho de Oliveira do Hospital.<br \/>\nTeve estatuto municipal, conferido pela sua primeira carta de foral que D. Manuel I concedeu em 15 de Maio de 1514. O concelho foi extinto por decreto de 6 de Novembro de 1836. A freguesia foi elevada a priorado em 1874 pelo bispo-conde D. Manuel Correia de Bastos Pina, em recompensa pelo seu florescente desenvolvimento e pela devo\u00e7\u00e3o religiosa dos lagarenses. Foi couto de mesa do priorado-mor de Santa Cruz de Coimbra, passando com ela para a Universidade que aqui exerceu jurisdi\u00e7\u00e3o de c\u00edvil e crime.<br \/>\nVoltou a obter a categoria de vila em 30 de Agosto de 1995, tendo a sua designa\u00e7\u00e3o sido alterada de Lagares para Lagares da Beira.<br \/>\nE o top\u00f3nimo? De onde vem Lagares? Vem do latim, que contem os termos lacus (com o sentido de lago, reservat\u00f3rio, m\u00e3e de \u00e1gua) e lacuna (que, al\u00e9m de outros, tamb\u00e9m tem o significado de cisterna e p\u00e2ntano).<br \/>\nEm documentos antigos a partir do s\u00e9culo XII e nas actas das Inquiri\u00e7\u00f5es de 1258, Lagares aparece escrito Laguares. No s\u00e9culo XVI j\u00e1 aparecia Llagares. Numa informa\u00e7\u00e3o Paroquial de 1758 j\u00e1 consta a forma actual. E a\u00ed acrescenta-se: \u201c Nos rios Ceia e Cobral h\u00e1 cinco moinhos e lagares de azeite\u201d.<br \/>\nOra, Lagares propriamente, n\u00e3o tem cursos de \u00e1gua , pelo que n\u00e3o deve ter sido isso a ditar o top\u00f3nimo. A povoa\u00e7\u00e3o fica numa plan\u00edcie, onde facilmente se formavam charcos, pequenos p\u00e2ntanos, com as chuvas. Ainda hoje, a oeste, \u00e9 terra h\u00famida, donde sai um riacho que vai para o rio Cobral.<br \/>\nPortanto, o mais prov\u00e1vel \u00e9 que o top\u00f3nimo Lagares se ligue a charcos, m\u00e3es de \u00e1gua que, por ali, se formavam. Da Beira, porque fica na Beira, claro!<br \/>\nO orago da Igreja Matriz \u00e9 Nossa Senhora da Concei\u00e7\u00e3o. No seu interior foram encontradas algumas esculturas de calc\u00e1rio com assinal\u00e1vel import\u00e2ncia e valor, uma delas uma imagem de S. Miguel, do S\u00e9c. XV, e uma outra de S. Sebasti\u00e3o, partida pelas pernas, dos S\u00e9cs XV \u2013 XVl. Existem outras obras de arte sacra, do S\u00e9c. XVl, renascentista, designadamente imagens de Santa Catarina, Santo Ant\u00f3nio e Santa Margarida.<br \/>\nCAPELA DE SANTO CRISTO \u2013 Est\u00e1 encostada \u00e0 casa nobre a que pertencia. \u00c9 um pequeno edif\u00edcio de aspecto austero, com porta sob uma l\u00e1pide em que se l\u00ea: IHS MARIA IOZEPH ESTA CAPELA MANDOV FAZER ANTONIO GARCIA E SUA MOLHER NO ANNO DE 1684.<br \/>\nCAPELA DE NOSSA SENHORA DAS DORES \u2013 Da segunda metade do S\u00e9c. XVll, \u00e9 uma constru\u00e7\u00e3o de estilo barroco que se encontrava muito danificada. Na sua beleza arquitect\u00f3nica destacam-se as cantarias e as colunas salom\u00f3nicas.<br \/>\nA Casa da fam\u00edlia Tavares \u00e9 uma casa senhorial com belo portal de cantaria com postilo em ferro forjado, encimado por bras\u00e3o.<br \/>\nDe consider\u00e1vel valor \u00e9 tamb\u00e9m o edif\u00edcio da antiga Escola Prim\u00e1ria, \u00e0 qual est\u00e3o agora atribu\u00eddas fun\u00e7\u00f5es no \u00e2mbito cultural, atrav\u00e9s da cria\u00e7\u00e3o de uma Biblioteca \/ Ludoteca.<br \/>\nOs fontan\u00e1rios da Vila destacam-se tamb\u00e9m pela sua rara impon\u00eancia e beleza, sendo exemplos disso a Fonte da Igreja, S\u00e9c. XlX, com ornatos simples do S\u00e9c. XVll; a Fonte de S. Jo\u00e3o, de 1905, fonte de linhas harmoniosas e s\u00f3brias, a Fonte da Feira, de 1928; a Fonte do Sard\u00e3o; a Fonte do Rossio, de 1950 e a Fonte do Copinho.<br \/>\nO Largo Dr. Agostinho Antunes, recentemente valorizado com uma interven\u00e7\u00e3o de grande qualidade, surge-nos como uma excelente combina\u00e7\u00e3o entre patrim\u00f3nio constru\u00eddo e patrim\u00f3nio natural. Para al\u00e9m do antigo edif\u00edcio da escola prim\u00e1ria, implantado num dos topos deste belo espa\u00e7o urbano, encontra-se, sensivelmente a meio, o Coreto, restaurado recentemente.<br \/>\nA valorizar mais todo o conjunto, existe ainda um Carvalho &#8220;Quercus robur L.&#8221;, \u00e1rvore classificada de interesse p\u00fablico e um pinheiro manso (este morreu e s\u00f3 resta o tronco ao lado do coreto), \u00e1rvore tamb\u00e9m secular.<br \/>\nTamb\u00e9m secular \u00e9 um Eucalipto, cuja impon\u00eancia se mostra em frente ao cemit\u00e9rio da Vila.<br \/>\nNa freguesia foram encontrados vest\u00edgios de sepulturas antropom\u00f3rficas, nomeadamente na Quinta do Ribeiro do Mouro e na Raposeira.<br \/>\nDa presen\u00e7a romana na pen\u00ednsula existem tamb\u00e9m alguns vest\u00edgios, como seja uma cal\u00e7ada romana, da qual se conserva ainda uma parte em bom estado e que, segundo estudos cient\u00edficos, ligava Viseu \u00e0 &#8220;splendissimae civitati&#8221; de Bobadela, passando por Travanca de Lagos.<br \/>\nA actividade cultural \u00e9 muito variada abrangendo \u00e1reas como o folclore, escola de m\u00fasica, fanfarra e outras. S\u00e3o seus protagonistas a Associa\u00e7\u00e3o Recreativa e Cultural de Lagares da Beira, o Rancho Folcl\u00f3rico e Cultural de Lagares da Beira e a Associa\u00e7\u00e3o Humanit\u00e1ria dos Bombeiros Volunt\u00e1rios.<br \/>\nEm termos desportivos, a Vila \u00e9 dotada de campo de futebol, campo de t\u00e9nis e polidesportivo, estando a sua dinamiza\u00e7\u00e3o a cargo da Associa\u00e7\u00e3o Desportiva de Lagares da Beira.<br \/>\nAo n\u00edvel educacional, a freguesia disp\u00f5e de Jardim de Inf\u00e2ncia, da responsabilidade da Obra de Eug\u00e9nia Garcia Monteiro de Brito, bem como de Escola Pr\u00e9-prim\u00e1ria e Escola B\u00e1sica integrada 123.<br \/>\nEm termos de Apoio Social, o papel mais significativo atribui-se \u00e0 Associa\u00e7\u00e3o Humanit\u00e1ria dos Bombeiros Volunt\u00e1rios de Lagares da Beira, merecendo id\u00eantica refer\u00eancia o Centro de Solidariedade Social que mant\u00e9m Lar e Centro de Dia para Idosos. O artesanato local \u00e9 muito bem representado pela talha dourada e pelas rendas e bordados, enquanto que a gastronomia, muito t\u00edpica, apresenta produtos como os bolos doces &#8220;de Lagares&#8221;, as passas de pera de S. Bartolomeu, as &#8220;charcadas&#8221; e as &#8220;foga\u00e7as&#8221;.<\/p>\n<p>(Consulta da obra do Dr. Francisco Correia das Neves sobre topon\u00edmia e ainda alguns dados sobre o patrim\u00f3nio verificados na Internet)<\/p>\n","protected":false},"excerpt":{"rendered":"<p>Publicado por Lucinda Maria Brito em 25\/09\/2020, \u00e0s 13:48 horas in: https:\/\/www.facebook.com\/lucindamaria.brito\/posts\/3101746953281607 LAGARES DA BEIRA \u2013 TOP\u00d3NIMO Lagares da Beira \u00e9 uma bela terra do concelho de Oliveira do Hospital. Teve estatuto municipal, conferido pela sua primeira carta de foral que D. Manuel I concedeu em 15 de Maio de 1514. O concelho foi extinto [&hellip;]<\/p>\n","protected":false},"author":1,"featured_media":0,"parent":0,"menu_order":0,"comment_status":"closed","ping_status":"closed","template":"","meta":{"footnotes":""},"_links":{"self":[{"href":"https:\/\/srlsampaense.com\/index.php\/wp-json\/wp\/v2\/pages\/2261"}],"collection":[{"href":"https:\/\/srlsampaense.com\/index.php\/wp-json\/wp\/v2\/pages"}],"about":[{"href":"https:\/\/srlsampaense.com\/index.php\/wp-json\/wp\/v2\/types\/page"}],"author":[{"embeddable":true,"href":"https:\/\/srlsampaense.com\/index.php\/wp-json\/wp\/v2\/users\/1"}],"replies":[{"embeddable":true,"href":"https:\/\/srlsampaense.com\/index.php\/wp-json\/wp\/v2\/comments?post=2261"}],"version-history":[{"count":3,"href":"https:\/\/srlsampaense.com\/index.php\/wp-json\/wp\/v2\/pages\/2261\/revisions"}],"predecessor-version":[{"id":2265,"href":"https:\/\/srlsampaense.com\/index.php\/wp-json\/wp\/v2\/pages\/2261\/revisions\/2265"}],"wp:attachment":[{"href":"https:\/\/srlsampaense.com\/index.php\/wp-json\/wp\/v2\/media?parent=2261"}],"curies":[{"name":"wp","href":"https:\/\/api.w.org\/{rel}","templated":true}]}}