{"id":1673,"date":"2018-06-26T16:12:43","date_gmt":"2018-06-26T15:12:43","guid":{"rendered":"http:\/\/srlsampaense.com\/?page_id=1673"},"modified":"2020-12-13T23:09:50","modified_gmt":"2020-12-13T22:09:50","slug":"antonio-garcia-ribeiro-de-vasconcelos","status":"publish","type":"page","link":"https:\/\/srlsampaense.com\/index.php\/antonio-garcia-ribeiro-de-vasconcelos\/","title":{"rendered":"Prof Doutor Ant\u00f3nio Garcia Ribeiro de Vasconcelos"},"content":{"rendered":"<p><img decoding=\"async\" loading=\"lazy\" class=\"wp-image-1618 alignleft\" src=\"http:\/\/srlsampaense.com\/wp-content\/uploads\/2018\/06\/Antonio_Garcia_Ribeiro_de_Vasconcelos.jpg\" alt=\"\" width=\"185\" height=\"266\"><\/p>\n<p><strong><a href=\"http:\/\/guitarradecoimbra.blogspot.com\/2006\/02\/o-lente-antnio-de-vasconcelos-uma-das.html\" target=\"_blank\" rel=\"noopener noreferrer\">1 &#8211; S\u00edntese da sua vida e influencia acad\u00e9mica.<\/a><\/strong><\/p>\n<p><strong><a href=\"https:\/\/digitalis-dsp.uc.pt\/bitstream\/10316.2\/27950\/3\/RPH42_artigo14.pdf?ln=pt-pt\" target=\"_blank\" rel=\"noopener noreferrer\">2 &#8211; Artigo publicado sobre a su<\/a><\/strong><strong><a href=\"https:\/\/digitalis-dsp.uc.pt\/bitstream\/10316.2\/27950\/3\/RPH42_artigo14.pdf?ln=pt-pt\" target=\"_blank\" rel=\"noopener noreferrer\">a pessoa enquanto 1.\u00ba Presidente da Academia Portuguesa da Hist\u00f3ria (1937-1944)&nbsp; na Revista Portuguesa de Hist\u00f3ria n\u00ba 42 (2011). pp-265-283.<\/a><\/strong><\/p>\n<p><strong>3 &#8211;&nbsp;Curricula Vitae <\/strong>(feito em 1919) -Publicado de forma sint\u00e9tica em 1919, no folheto designado <strong><a href=\"https:\/\/archive.org\/details\/faculdadedeletra00coim\">A faculdade de letras da universidade de Coimbra ao pa\u00eds<\/a><\/strong> (tiragem de 1.500 exemplares, sendo 500 para a venda pelo custo de $40 e o produto liquido destinado \u00e0 Sociedade Filantr\u00f3pico Acad\u00e9mica.)In: <a href=\"https:\/\/archive.org\/stream\/faculdadedeletra00coim\/faculdadedeletra00coim_djvu.txt\">https:\/\/archive.org\/stream\/faculdadedeletra00coim\/<br \/>\nfaculdadedeletra00coim_djvu.txt<\/a><\/p>\n<p>Nasceu em S. Paio de Grama\u00e7os, concelho de Oliveira do Hospital, a 1 de junho de 1860. Matriculou-se no I.o ano da Faculdade de Teologia em outubro de 1878; tendo perdido o ano por doen\u00e7a, abriu nova matr\u00edcula em 1879, e fez a sua formatura em junho de 1884.<\/p>\n<p>O curso teol\u00f3gico-jur\u00eddico, de que fez parte, era excecionalmente distinto, deixando na Universidade tradi\u00e7\u00f5es gloriosas. Muitos dos seus alunos t\u00eam ocupado e ocupam com brilho elevadas posi\u00e7\u00f5es sociais.&nbsp;Dele sa\u00edram para o professorado universit\u00e1rio quatro doutores: Ant\u00f3nio de Vasconcelos, Francisco Martins, e Porf\u00edrio da Silva para a Faculdade de Teologia; Manoel Dias da Silva para a de Direito.<\/p>\n<p>Obteve durante o curso o doutor Vasconcelos o segundo pr\u00e9mio no l.o ano, as honras de Assistente no 2.o ano, e o primeiro pr\u00e9mio nos tr\u00eas anos restantes. Fez exame de licenciatura e recebeu o respectivo grau a 21 de fevereiro de 1885 ; teve o acto de conclus\u00f5es magnas a 12 de maio de 1886, realizando-se a solenidade do doutoramento a 27 de junho seguinte ; obteve a classifica\u00e7\u00e3o de muito bom com 18 valores.<\/p>\n<p>Despachado como lente substituto a 26 de maio de 1887, tomou posse a 1 de junho, e foi promovido a catedr\u00e1tico a 11 do mesmo m\u00eas. Desde o dia da sua posse de substituto, regeu sucessivamente v\u00e1rias cadeiras, vindo por fim a fixar-se na primeira de Estudos b\u00edblicos, (Isagoge e Arqueologia), em que se conservou at\u00e9 \u00e0 extin\u00e7\u00e3o da Faculdade de Teologia.<\/p>\n<p>Criada pelo Governo provis\u00f3rio da Rep\u00fablica uma Faculdade de Letras na Universidade de Coimbra por Decreto com for\u00e7a de lei de 19 de abril de 1911, nela foi colocado o doutor Vasconcelos como professor ordin\u00e1rio por Decreto de 17 de junho do mesmo ano.<\/p>\n<p>Na sess\u00e3o inaugural do Conselho da nova Faculdade, a 29 de julho, foi eleito director por um tri\u00e9nio, sendo esta elei\u00e7\u00e3o confirmada pelo Governo a 4 de novembro seguinte. Reeleito duas vezes, a 20 de julho de 1914 e a 21 de junho de 1917, tem dirigido ininterruptamente a Faculdade.&nbsp;Regeu desde princ\u00edpio as cadeiras de Filologia portuguesa, e de Hist\u00f3ria antiga ; actualmente rege Hist\u00f3ria de Portugal, e os cursos de Epigrafia, Paleografia e Diplom\u00e1tica.&nbsp;Nos termos da lei foi-lhe conferido o grau de doutor em Letras (sec\u00e7\u00f5es de Filologia rom\u00e2nica, e de Sci\u00e9ncias hist\u00f3ricas e geogr\u00e1ficas) a 1 de julho de 1916.<\/p>\n<p>Em 1897 foi encarregado, por Despacho ministerial de 21 de maio, de organizar o Arquivo da Universidade e proceder \u00e0 sua cataloga\u00e7\u00e3o. Pelo Decreto n.o 4 de 24 de dezembro de 1901, art.os 155-160 foi o Arquivo, ent\u00e3o j\u00e1 organizado, elevado \u00e0 categoria de estabelecimento universit\u00e1rio. Pouco depois o Decreto de 6 de maio de 1902 nomeou-o seu director.<\/p>\n<p>Tem-lhe sido cometidas por v\u00e1rios Governos algumas comiss\u00f5es especiais de servi\u00e7o de instru\u00e7\u00e3o, cheias de dificuldades e de melindres. Por duas vezes foi reitor do Liceu central de Coimbra, em circunst\u00e2ncias bastante dif\u00edceis , e os servi\u00e7os que ali prestou, ainda n\u00e3o foram esquecidos.<\/p>\n<p>E s\u00f3cio correspondente da Academia das Sci\u00e9ncias de Lisboa, da Real Academia de la Hist\u00f3ria de Madrid, e de outros institutos scient\u00edficos.<\/p>\n<p>O Doutor Ant\u00f3nio de Vasconcelos, al\u00e9m da sua variada coopera\u00e7\u00e3o em revistas liter\u00e1rias do pa\u00eds e do estrangeiro, tem publicado numerosas monografias, mem\u00f3rias e estudos, destacando as obras seguintes :<\/p>\n<ul>\n<li>De divortio, quatenus sociali progressui adversatur (Disserta\u00e7\u00e3o para o doutoramento) &#8211; Coimbra, 1886.<\/li>\n<li>Pluraliza\u00e7\u00e3o da linguagem (Disserta\u00e7\u00e3o de concurso) &#8211; Coimbra, 1887.<\/li>\n<li>Faculdades de Teologia. &#8211; Coimbra, 1890.<\/li>\n<li>D. Isabel de Arag\u00e3o (Estudo de investiga\u00e7\u00e3o hist\u00f3rica, em 2 volumes com estampas) -Coimbra, 1894.<\/li>\n<li>Viriatho (Um cap\u00edtulo da hist\u00f3ria da Lusit\u00e2nia) &#8211; Coimbra, 1894.<\/li>\n<li>Ayres de Campos (Elogio hist\u00f3rico de um benem\u00e9rito; com um retrato) &#8211; Coimbra, 1895.<\/li>\n<li>Francisco Su\u00e1rez \u2014 Doctor eximias (Comemora\u00e7\u00e3o tricenten\u00e1ria da incorpora\u00e7\u00e3o do grande mestre no professorado da Universidade de Coimbra, com dois retratos e numerosos fac-similes). &#8211; Coimbra, 1897.<\/li>\n<li>Gram\u00e1tica portuguesa &#8211; Paris, 1899.<\/li>\n<li>Gram\u00e1tica hist\u00f3rica da l\u00edngua portuguesa &#8211; Paris, 1900.<\/li>\n<li>Universidade de Coimbra. \u2014 Alguns documentos do Arquivo &#8211; Coimbra, 1901.<\/li>\n<li>Notas e dados estat\u00edsticos para a hist\u00f3ria da Universidade de Coimbra &#8211; Coimbra, 1901.<\/li>\n<li>Real Capela da Universidade (Apontamentos e notas para a sua hist\u00f3ria; 1 vol. com estampas) &#8211; Coimbra, 1908.<\/li>\n<li>Nota chronol\u00f2gico-bibliogr\u00e1fica das Constitui\u00e7\u00f5es diocesanas portuguesas (com 2 estampas) &#8211; Coimbra, 1911.<\/li>\n<li>Faculdades de Letras (Li\u00e7\u00e3o inaugural na abertura solene da Universidade de Coimbra) &#8211; Coimbra, 1912.<\/li>\n<li>Um documento precioso (Not\u00edcia e descri\u00e7\u00e3o do diploma original de funda\u00e7\u00e3o da Universidade portuguesa em 1290; com estampas) &#8211; Coimbra, 1912.<\/li>\n<li>Estabelecimento primitivo da Universidade em Coimbra (com estampas) &#8211; Coimbra, 1912.<\/li>\n<li>D. Jorge de Almeida (Alguns apontamentos para a sua biografia; com estampas) &#8211; Coimbra, 1916.<\/li>\n<li>Reinos crist\u00e3os da pen\u00ednsula hisp\u00e2nica (Tabela cronol\u00f3gica) &#8211; Coimbra, 1917.<\/li>\n<li>Origem e evolu\u00e7\u00e3o do foro acad\u00e9mico privativo da antiga Universidade portuguesa &#8211; Coimbra, 1917.<\/li>\n<li>Br\u00e1s Garcia de Mascarenhas ( Estudo de investiga\u00e7\u00e3o hist\u00f3rica, em 2 volumes, com estampas) &#8211; Coimbra, no prelo.<\/li>\n<\/ul>\n","protected":false},"excerpt":{"rendered":"<p>1 &#8211; S\u00edntese da sua vida e influencia acad\u00e9mica. 2 &#8211; Artigo publicado sobre a sua pessoa enquanto 1.\u00ba Presidente da Academia Portuguesa da Hist\u00f3ria (1937-1944)&nbsp; na Revista Portuguesa de Hist\u00f3ria n\u00ba 42 (2011). pp-265-283. 3 &#8211;&nbsp;Curricula Vitae (feito em 1919) -Publicado de forma sint\u00e9tica em 1919, no folheto designado A faculdade de letras da [&hellip;]<\/p>\n","protected":false},"author":1,"featured_media":0,"parent":0,"menu_order":0,"comment_status":"closed","ping_status":"closed","template":"","meta":{"footnotes":""},"_links":{"self":[{"href":"https:\/\/srlsampaense.com\/index.php\/wp-json\/wp\/v2\/pages\/1673"}],"collection":[{"href":"https:\/\/srlsampaense.com\/index.php\/wp-json\/wp\/v2\/pages"}],"about":[{"href":"https:\/\/srlsampaense.com\/index.php\/wp-json\/wp\/v2\/types\/page"}],"author":[{"embeddable":true,"href":"https:\/\/srlsampaense.com\/index.php\/wp-json\/wp\/v2\/users\/1"}],"replies":[{"embeddable":true,"href":"https:\/\/srlsampaense.com\/index.php\/wp-json\/wp\/v2\/comments?post=1673"}],"version-history":[{"count":16,"href":"https:\/\/srlsampaense.com\/index.php\/wp-json\/wp\/v2\/pages\/1673\/revisions"}],"predecessor-version":[{"id":2395,"href":"https:\/\/srlsampaense.com\/index.php\/wp-json\/wp\/v2\/pages\/1673\/revisions\/2395"}],"wp:attachment":[{"href":"https:\/\/srlsampaense.com\/index.php\/wp-json\/wp\/v2\/media?parent=1673"}],"curies":[{"name":"wp","href":"https:\/\/api.w.org\/{rel}","templated":true}]}}

Prof Doutor António Garcia Ribeiro de Vasconcelos

<p><img decoding="async" loading="lazy" class="wp-image-1618 alignleft" src="http://srlsampaense.com/wp-content/uploads/2018/06/Antonio_Garcia_Ribeiro_de_Vasconcelos.jpg" alt="" width="185" height="266"></p>
<p><strong><a href="http://guitarradecoimbra.blogspot.com/2006/02/o-lente-antnio-de-vasconcelos-uma-das.html" target="_blank" rel="noopener noreferrer">1 &#8211; Síntese da sua vida e influencia académica.</a></strong></p>
<p><strong><a href="https://digitalis-dsp.uc.pt/bitstream/10316.2/27950/3/RPH42_artigo14.pdf?ln=pt-pt" target="_blank" rel="noopener noreferrer">2 &#8211; Artigo publicado sobre a su</a></strong><strong><a href="https://digitalis-dsp.uc.pt/bitstream/10316.2/27950/3/RPH42_artigo14.pdf?ln=pt-pt" target="_blank" rel="noopener noreferrer">a pessoa enquanto 1.º Presidente da Academia Portuguesa da História (1937-1944)&nbsp; na Revista Portuguesa de História nº 42 (2011). pp-265-283.</a></strong></p>
<p><strong>3 &#8211;&nbsp;Curricula Vitae </strong>(feito em 1919) -Publicado de forma sintética em 1919, no folheto designado <strong><a href="https://archive.org/details/faculdadedeletra00coim">A faculdade de letras da universidade de Coimbra ao país</a></strong> (tiragem de 1.500 exemplares, sendo 500 para a venda pelo custo de $40 e o produto liquido destinado à Sociedade Filantrópico Académica.)In: <a href="https://archive.org/stream/faculdadedeletra00coim/faculdadedeletra00coim_djvu.txt">https://archive.org/stream/faculdadedeletra00coim/<br />
faculdadedeletra00coim_djvu.txt</a></p>
<p>Nasceu em S. Paio de Gramaços, concelho de Oliveira do Hospital, a 1 de junho de 1860. Matriculou-se no I.o ano da Faculdade de Teologia em outubro de 1878; tendo perdido o ano por doença, abriu nova matrícula em 1879, e fez a sua formatura em junho de 1884.</p>
<p>O curso teológico-jurídico, de que fez parte, era excecionalmente distinto, deixando na Universidade tradições gloriosas. Muitos dos seus alunos têm ocupado e ocupam com brilho elevadas posições sociais.&nbsp;Dele saíram para o professorado universitário quatro doutores: António de Vasconcelos, Francisco Martins, e Porfírio da Silva para a Faculdade de Teologia; Manoel Dias da Silva para a de Direito.</p>
<p>Obteve durante o curso o doutor Vasconcelos o segundo prémio no l.o ano, as honras de Assistente no 2.o ano, e o primeiro prémio nos três anos restantes. Fez exame de licenciatura e recebeu o respectivo grau a 21 de fevereiro de 1885 ; teve o acto de conclusões magnas a 12 de maio de 1886, realizando-se a solenidade do doutoramento a 27 de junho seguinte ; obteve a classificação de muito bom com 18 valores.</p>
<p>Despachado como lente substituto a 26 de maio de 1887, tomou posse a 1 de junho, e foi promovido a catedrático a 11 do mesmo mês. Desde o dia da sua posse de substituto, regeu sucessivamente várias cadeiras, vindo por fim a fixar-se na primeira de Estudos bíblicos, (Isagoge e Arqueologia), em que se conservou até à extinção da Faculdade de Teologia.</p>
<p>Criada pelo Governo provisório da República uma Faculdade de Letras na Universidade de Coimbra por Decreto com força de lei de 19 de abril de 1911, nela foi colocado o doutor Vasconcelos como professor ordinário por Decreto de 17 de junho do mesmo ano.</p>
<p>Na sessão inaugural do Conselho da nova Faculdade, a 29 de julho, foi eleito director por um triénio, sendo esta eleição confirmada pelo Governo a 4 de novembro seguinte. Reeleito duas vezes, a 20 de julho de 1914 e a 21 de junho de 1917, tem dirigido ininterruptamente a Faculdade.&nbsp;Regeu desde princípio as cadeiras de Filologia portuguesa, e de História antiga ; actualmente rege História de Portugal, e os cursos de Epigrafia, Paleografia e Diplomática.&nbsp;Nos termos da lei foi-lhe conferido o grau de doutor em Letras (secções de Filologia românica, e de Sciéncias históricas e geográficas) a 1 de julho de 1916.</p>
<p>Em 1897 foi encarregado, por Despacho ministerial de 21 de maio, de organizar o Arquivo da Universidade e proceder à sua catalogação. Pelo Decreto n.o 4 de 24 de dezembro de 1901, art.os 155-160 foi o Arquivo, então já organizado, elevado à categoria de estabelecimento universitário. Pouco depois o Decreto de 6 de maio de 1902 nomeou-o seu director.</p>
<p>Tem-lhe sido cometidas por vários Governos algumas comissões especiais de serviço de instrução, cheias de dificuldades e de melindres. Por duas vezes foi reitor do Liceu central de Coimbra, em circunstâncias bastante difíceis , e os serviços que ali prestou, ainda não foram esquecidos.</p>
<p>E sócio correspondente da Academia das Sciéncias de Lisboa, da Real Academia de la História de Madrid, e de outros institutos scientíficos.</p>
<p>O Doutor António de Vasconcelos, além da sua variada cooperação em revistas literárias do país e do estrangeiro, tem publicado numerosas monografias, memórias e estudos, destacando as obras seguintes :</p>
<ul>
<li>De divortio, quatenus sociali progressui adversatur (Dissertação para o doutoramento) &#8211; Coimbra, 1886.</li>
<li>Pluralização da linguagem (Dissertação de concurso) &#8211; Coimbra, 1887.</li>
<li>Faculdades de Teologia. &#8211; Coimbra, 1890.</li>
<li>D. Isabel de Aragão (Estudo de investigação histórica, em 2 volumes com estampas) -Coimbra, 1894.</li>
<li>Viriatho (Um capítulo da história da Lusitânia) &#8211; Coimbra, 1894.</li>
<li>Ayres de Campos (Elogio histórico de um benemérito; com um retrato) &#8211; Coimbra, 1895.</li>
<li>Francisco Suárez — Doctor eximias (Comemoração tricentenária da incorporação do grande mestre no professorado da Universidade de Coimbra, com dois retratos e numerosos fac-similes). &#8211; Coimbra, 1897.</li>
<li>Gramática portuguesa &#8211; Paris, 1899.</li>
<li>Gramática histórica da língua portuguesa &#8211; Paris, 1900.</li>
<li>Universidade de Coimbra. — Alguns documentos do Arquivo &#8211; Coimbra, 1901.</li>
<li>Notas e dados estatísticos para a história da Universidade de Coimbra &#8211; Coimbra, 1901.</li>
<li>Real Capela da Universidade (Apontamentos e notas para a sua história; 1 vol. com estampas) &#8211; Coimbra, 1908.</li>
<li>Nota chronològico-bibliográfica das Constituições diocesanas portuguesas (com 2 estampas) &#8211; Coimbra, 1911.</li>
<li>Faculdades de Letras (Lição inaugural na abertura solene da Universidade de Coimbra) &#8211; Coimbra, 1912.</li>
<li>Um documento precioso (Notícia e descrição do diploma original de fundação da Universidade portuguesa em 1290; com estampas) &#8211; Coimbra, 1912.</li>
<li>Estabelecimento primitivo da Universidade em Coimbra (com estampas) &#8211; Coimbra, 1912.</li>
<li>D. Jorge de Almeida (Alguns apontamentos para a sua biografia; com estampas) &#8211; Coimbra, 1916.</li>
<li>Reinos cristãos da península hispânica (Tabela cronológica) &#8211; Coimbra, 1917.</li>
<li>Origem e evolução do foro académico privativo da antiga Universidade portuguesa &#8211; Coimbra, 1917.</li>
<li>Brás Garcia de Mascarenhas ( Estudo de investigação histórica, em 2 volumes, com estampas) &#8211; Coimbra, no prelo.</li>
</ul>

<p>1 &#8211; Síntese da sua vida e influencia académica. 2 &#8211; Artigo publicado sobre a sua pessoa enquanto 1.º Presidente da Academia Portuguesa da História (1937-1944)&nbsp; na Revista Portuguesa de História nº 42 (2011). pp-265-283. 3 &#8211;&nbsp;Curricula Vitae (feito em 1919) -Publicado de forma sintética em 1919, no folheto designado A faculdade de letras da [&hellip;]</p>
