{"id":1617,"date":"2018-06-25T19:24:40","date_gmt":"2018-06-25T18:24:40","guid":{"rendered":"http:\/\/srlsampaense.com\/?page_id=1617"},"modified":"2025-08-28T17:22:12","modified_gmt":"2025-08-28T16:22:12","slug":"pessoas-ilustres","status":"publish","type":"page","link":"https:\/\/srlsampaense.com\/index.php\/pessoas-ilustres\/","title":{"rendered":"Pessoas ilustres"},"content":{"rendered":"<p>Todas as pessoas que nasceram, viveram ou vivem em S\u00e3o Paio de Grama\u00e7os foram e s\u00e3o ilustres, tendo dado o seu valioso contributo em v\u00e1rias \u00e1reas como seja a religiosa, recreativa, desportiva, social, etnogr\u00e1fica, pol\u00edtica e econ\u00f3mica, para o desenvolvimento da localidade e para do bem estar da sua popula\u00e7\u00e3o. Contudo houve pessoas que pelo prestigio que alcan\u00e7aram no contexto social, acad\u00e9mico ou pol\u00edtico merecem uma refer\u00eancia.<\/p>\n<p><img decoding=\"async\" loading=\"lazy\" class=\" wp-image-1620 alignleft\" src=\"http:\/\/srlsampaense.com\/wp-content\/uploads\/2018\/06\/Padre_Dionsio_Garcia_Ribeiro.jpg\" alt=\"\" width=\"162\" height=\"232\" \/><strong>Pe. Dion\u00edsio Garcia Ribeiro<\/strong> (1821-1866)<br \/>\nP\u00e1roco de 27\/01\/1851 a fevereiro de 1869<\/p>\n<p>Defensor da localidade e promotor do seu desenvolvimento<br \/>\nFundou a primeira escola, onde lecionou gratuitamente e forneceu todo o material aos alunos, durante 18 anos.<\/p>\n<p>&nbsp;<\/p>\n<p>&nbsp;<\/p>\n<p>&nbsp;<\/p>\n<p>&nbsp;<\/p>\n<hr \/>\n<p><strong>Serafim Garcia Ribeiro <\/strong>(1823-????)<br \/>\nDistinguiu-se na vida c\u00edvica e Pol\u00edtica do Concelho<br \/>\nVereador da C\u00e2mara Municipal de Oliveira do Hospital (+\/-1848)<br \/>\nEste &#8220;Elenco da C\u00e2mara notabilizou-se pelo incremento de uma rede de vias de no Concelho. De re<span class=\"text_exposed_show\">sto, foi esta verea\u00e7\u00e3o que deu in\u00edcio aos trabalhos da estrada municipal que vai de Travanca a Meruge, no lan\u00e7o entre \u201c Lagares e S\u00e3o Bartolomeu \u201c. Quem foi Serafim Garcia Ribeiro ? nasceu em S. Paio, em 1823; filho de Jo\u00e3o Garcia Ribeiro ( n. 1790) e de D. Maria Clara Aves. Em 1857, casou em segundas n\u00fapcias, na vila de Arganil, com D. Maria C\u00e2ndida da Cunha e Vasconcelos, da Casa de Folques. Dos quatro filhos desse casamento, distinguiu-se uma grande figura da Cultura Portuguesa, o doutor Ant\u00f3nio Garcia Ribeiro de Vasconcelos&#8221; (contributo de Fernando Coelho in:\u00a0https:\/\/www.facebook.com\/fernandovasco.vasco?fref=gs&amp;hc_ref=ARQlCZ8qijvFtmkNj2Boppr4vOLFGkl3FqGaqB5mXJcXCIosvgFUpOB6g48T8BMp3n4&amp;dti=385980901544787&amp;hc_location=group)<\/span><\/p>\n<hr \/>\n<p><img decoding=\"async\" loading=\"lazy\" class=\"wp-image-1680 alignleft\" src=\"http:\/\/srlsampaense.com\/wp-content\/uploads\/2018\/06\/Antonio_Garcia_Ribeiro_de_Vasconcelos-1.jpg\" alt=\"\" width=\"200\" height=\"254\" srcset=\"https:\/\/srlsampaense.com\/wp-content\/uploads\/2018\/06\/Antonio_Garcia_Ribeiro_de_Vasconcelos-1.jpg 805w, https:\/\/srlsampaense.com\/wp-content\/uploads\/2018\/06\/Antonio_Garcia_Ribeiro_de_Vasconcelos-1-236x300.jpg 236w, https:\/\/srlsampaense.com\/wp-content\/uploads\/2018\/06\/Antonio_Garcia_Ribeiro_de_Vasconcelos-1-768x977.jpg 768w\" sizes=\"(max-width: 200px) 100vw, 200px\" \/><strong>Prof Doutor Ant\u00f3nio Ribeiro Garcia de Vasconcelos <\/strong>(1860-1941)<br \/>\nFundador e Diretor da Faculdade Letras (1911-1920)<br \/>\nDirector do Arquivo da Universidade (1900-1927). Presidente Academia Portuguesa Hist\u00f3ria (1936-1941)<br \/>\nGr\u00e3 Cruz da Ordem de Santiago (1936)<br \/>\nPublicou valiosos trabalhos, entre os quais o \u00abdocumento precioso\u00bb, <a href=\"http:\/\/srlsampaense.com\/index.php\/um-sampaense-e-a-universidade-de-coimbra\/\">diploma original da funda\u00e7\u00e3o da Universidade portuguesa em 1290<\/a>. Outra bibliografia de refer\u00eancia s\u00e3o os dois volumes sobre a\u00a0<b>Evolu\u00e7\u00e3o do culto de Dona Isabel de Arag\u00e3o, Esposa do Rei Lavrador Dom Diniz de Portugal &#8211; estudo de Investiga\u00e7\u00e3o Hist\u00f3rica<\/b>\u00a0(1871-1894), recentemente reeditados; os dois volumes do\u00a0<b>Comp\u00eandio de Liturgia Romana<\/b>\u00a0(1897-1900), assim como os dois volumes, avultados como os anteriores, de\u00a0<b>Estudos V\u00e1rios<\/b>\u00a0(1938-1941). Aos relevantes servi\u00e7os que prestou \u00e0 Universidade e \u00e0 sua Faculdade de Letras, devem acrescentar-se os que lhe ficou a dever o Semin\u00e1rio de Coimbra, evocados h\u00e1 alguns anos pelo C\u00f3nego Brito Cardoso no\u00a0<b>Correio de Coimbra<\/b>. N\u00e3o foi o menor ter conseguido protelar a espolia\u00e7\u00e3o do Arquivo e das Livraria do Semin\u00e1rio, preparada em sess\u00e3o do Senado Universit\u00e1rio de 5 de Fevereiro de 1917, at\u00e9 ser depois legalmente restitu\u00edda por decreto do Ministro da Justi\u00e7a, Dr. Manuel Rodrigues, de 1932.<\/p>\n<hr \/>\n<p><img decoding=\"async\" loading=\"lazy\" class=\" wp-image-1628 alignleft\" src=\"http:\/\/srlsampaense.com\/wp-content\/uploads\/2018\/06\/Joaquim-Amaral.jpg\" alt=\"\" width=\"147\" height=\"167\" \/><\/p>\n<p><strong><a href=\"http:\/\/arcacomhistorias.blogspot.com\/2014\/02\/o-avo-joaquim-manuel.html\" target=\"_blank\" rel=\"noopener\">Joaquim Manuel de Campos Amaral<\/a><\/strong>\u00a0(1862-1918)<br \/>\n<a href=\"http:\/\/arcacomhistorias.blogspot.com\/2014\/02\/joaquim-manuel-de-campos-amaral-e.html\" target=\"_blank\" rel=\"noopener\">Presidente da Associa\u00e7\u00e3o dos Empregados no Com\u00e9rcio do Rio de Janeiro<\/a><\/p>\n<p>&nbsp;<\/p>\n<p>&nbsp;<\/p>\n<p>&nbsp;<\/p>\n<hr \/>\n<p><img decoding=\"async\" loading=\"lazy\" class=\"wp-image-1648 alignleft\" src=\"http:\/\/srlsampaense.com\/wp-content\/uploads\/2018\/06\/Josefina-da-Fonseca.jpg\" alt=\"\" width=\"141\" height=\"197\" srcset=\"https:\/\/srlsampaense.com\/wp-content\/uploads\/2018\/06\/Josefina-da-Fonseca.jpg 499w, https:\/\/srlsampaense.com\/wp-content\/uploads\/2018\/06\/Josefina-da-Fonseca-215x300.jpg 215w\" sizes=\"(max-width: 141px) 100vw, 141px\" \/><strong>Dona Josefina Fonseca<\/strong> (1876-1944)<br \/>\nFundadora da Obra de Prote\u00e7\u00e3o \u00e0 Crian\u00e7a e Forma\u00e7\u00e3o Dom\u00e9stica<\/p>\n<p>&nbsp;<\/p>\n<p>&nbsp;<\/p>\n<p>&nbsp;<\/p>\n<p>&nbsp;<\/p>\n<hr \/>\n<p><img decoding=\"async\" loading=\"lazy\" class=\" wp-image-1619 alignleft\" src=\"http:\/\/srlsampaense.com\/wp-content\/uploads\/2018\/06\/Alexandre_Rodrigues.jpg\" alt=\"\" width=\"152\" height=\"218\" \/><strong>Comendador Alexandre Rodrigues <\/strong>(1887-1962)<br \/>\nBenem\u00e9rito<br \/>\n&#8211; Mandou construir e\u00a0 equipar a escola prim\u00e1ria<br \/>\n&#8211; Trouxe a luz \u00e0 aldeia<br \/>\n&#8211; Restaurou a capela de N.\u00aa S.\u00aa dos Milagres e ofereceu o campan\u00e1rio<br \/>\n&#8211; Plantou as t\u00edlias e ofereceu o coreto do terreiro de N.\u00aa S.\u00aa dos Milagres<br \/>\n&#8211; Cedeu o terreno para a Sociedade Recreativa Lealdade Sampaense<br \/>\n&#8211; Reconstruiu a &#8220;fonte do cima&#8221; em 1883<\/p>\n<hr \/>\n<p style=\"text-align: left;\"><strong>Dr. Fausto Augusto Soares Neto<\/strong><br \/>\nLicenciado em Farm\u00e1cia<br \/>\nAdministrador da CMOH<\/p>\n<hr \/>\n<p><img decoding=\"async\" loading=\"lazy\" class=\" wp-image-1695 alignleft\" src=\"http:\/\/srlsampaense.com\/wp-content\/uploads\/2018\/07\/Maria_Carmo.jpg\" alt=\"\" width=\"155\" height=\"187\" srcset=\"https:\/\/srlsampaense.com\/wp-content\/uploads\/2018\/07\/Maria_Carmo.jpg 572w, https:\/\/srlsampaense.com\/wp-content\/uploads\/2018\/07\/Maria_Carmo-248x300.jpg 248w\" sizes=\"(max-width: 155px) 100vw, 155px\" \/><\/p>\n<p><strong>Dr.\u00aa Maria do Carmo Pontes Abreu e Vasconcelos <\/strong>(1818-2014)<br \/>\nLicenciada em Germ\u00e2nicas<br \/>\nProfessora e Benfeitora<\/p>\n<p>&nbsp;<\/p>\n<p>&nbsp;<\/p>\n<p>&nbsp;<\/p>\n<hr \/>\n<p><img decoding=\"async\" loading=\"lazy\" class=\"wp-image-2903 alignleft\" src=\"http:\/\/srlsampaense.com\/wp-content\/uploads\/2022\/03\/joao_soares.jpg\" alt=\"\" width=\"144\" height=\"213\" srcset=\"https:\/\/srlsampaense.com\/wp-content\/uploads\/2022\/03\/joao_soares.jpg 900w, https:\/\/srlsampaense.com\/wp-content\/uploads\/2022\/03\/joao_soares-203x300.jpg 203w, https:\/\/srlsampaense.com\/wp-content\/uploads\/2022\/03\/joao_soares-693x1024.jpg 693w, https:\/\/srlsampaense.com\/wp-content\/uploads\/2022\/03\/joao_soares-768x1135.jpg 768w\" sizes=\"(max-width: 144px) 100vw, 144px\" \/><\/p>\n<p><strong>Dr. Jo\u00e3o Jos\u00e9 da Fonseca e Costa Soares <\/strong>(??? &#8211; 20\/05\/2015<br \/>\nExerceu fun\u00e7\u00f5es de Vogal, Vice-Presidente e Presidente da Comiss\u00e3o Administrativa do Munic\u00edpio de Oliveira do Hospital de maio de 1974 a outubro de 1976<br \/>\nFoi Adjunto do Governador Civil de Coimbra<\/p>\n<p>&nbsp;<\/p>\n<p>&nbsp;<\/p>\n<p>&nbsp;<\/p>\n<hr \/>\n<p><img decoding=\"async\" loading=\"lazy\" class=\" wp-image-698 alignleft\" src=\"http:\/\/srlsampaense.com\/wp-content\/uploads\/2016\/04\/Serafim.jpg\" alt=\"\" width=\"152\" height=\"174\" \/><\/p>\n<p><strong>Comendador Serafim Marques<\/strong> (1928-2016)<br \/>\nBenem\u00e9rito<br \/>\n&#8211; Financiou v\u00e1rias obras na Igreja matriz e Cemit\u00e9rio<br \/>\n&#8211; Ofereceu o Pavilh\u00e3o \u00e0 Sociedade Recreativa Lealdade Sampaense<br \/>\n&#8211; Ofereceu e equipou a Creche N.\u00aa S.\u00aa dos Milagres<\/p>\n","protected":false},"excerpt":{"rendered":"<p>Todas as pessoas que nasceram, viveram ou vivem em S\u00e3o Paio de Grama\u00e7os foram e s\u00e3o ilustres, tendo dado o seu valioso contributo em v\u00e1rias \u00e1reas como seja a religiosa, recreativa, desportiva, social, etnogr\u00e1fica, pol\u00edtica e econ\u00f3mica, para o desenvolvimento da localidade e para do bem estar da sua popula\u00e7\u00e3o. Contudo houve pessoas que pelo [&hellip;]<\/p>\n","protected":false},"author":1,"featured_media":0,"parent":0,"menu_order":0,"comment_status":"closed","ping_status":"closed","template":"","meta":{"footnotes":""},"_links":{"self":[{"href":"https:\/\/srlsampaense.com\/index.php\/wp-json\/wp\/v2\/pages\/1617"}],"collection":[{"href":"https:\/\/srlsampaense.com\/index.php\/wp-json\/wp\/v2\/pages"}],"about":[{"href":"https:\/\/srlsampaense.com\/index.php\/wp-json\/wp\/v2\/types\/page"}],"author":[{"embeddable":true,"href":"https:\/\/srlsampaense.com\/index.php\/wp-json\/wp\/v2\/users\/1"}],"replies":[{"embeddable":true,"href":"https:\/\/srlsampaense.com\/index.php\/wp-json\/wp\/v2\/comments?post=1617"}],"version-history":[{"count":54,"href":"https:\/\/srlsampaense.com\/index.php\/wp-json\/wp\/v2\/pages\/1617\/revisions"}],"predecessor-version":[{"id":3551,"href":"https:\/\/srlsampaense.com\/index.php\/wp-json\/wp\/v2\/pages\/1617\/revisions\/3551"}],"wp:attachment":[{"href":"https:\/\/srlsampaense.com\/index.php\/wp-json\/wp\/v2\/media?parent=1617"}],"curies":[{"name":"wp","href":"https:\/\/api.w.org\/{rel}","templated":true}]}}

<p>Todas as pessoas que nasceram, viveram ou vivem em São Paio de Gramaços foram e são ilustres, tendo dado o seu valioso contributo em várias áreas como seja a religiosa, recreativa, desportiva, social, etnográfica, política e económica, para o desenvolvimento da localidade e para do bem estar da sua população. Contudo houve pessoas que pelo prestigio que alcançaram no contexto social, académico ou político merecem uma referência.</p>
<p><img decoding="async" loading="lazy" class=" wp-image-1620 alignleft" src="http://srlsampaense.com/wp-content/uploads/2018/06/Padre_Dionsio_Garcia_Ribeiro.jpg" alt="" width="162" height="232" /><strong>Pe. Dionísio Garcia Ribeiro</strong> (1821-1866)<br />
Pároco de 27/01/1851 a fevereiro de 1869</p>
<p>Defensor da localidade e promotor do seu desenvolvimento<br />
Fundou a primeira escola, onde lecionou gratuitamente e forneceu todo o material aos alunos, durante 18 anos.</p>
<p>&nbsp;</p>
<p>&nbsp;</p>
<p>&nbsp;</p>
<p>&nbsp;</p>
<hr />
<p><strong>Serafim Garcia Ribeiro </strong>(1823-????)<br />
Distinguiu-se na vida cívica e Política do Concelho<br />
Vereador da Câmara Municipal de Oliveira do Hospital (+/-1848)<br />
Este &#8220;Elenco da Câmara notabilizou-se pelo incremento de uma rede de vias de no Concelho. De re<span class="text_exposed_show">sto, foi esta vereação que deu início aos trabalhos da estrada municipal que vai de Travanca a Meruge, no lanço entre “ Lagares e São Bartolomeu “. Quem foi Serafim Garcia Ribeiro ? nasceu em S. Paio, em 1823; filho de João Garcia Ribeiro ( n. 1790) e de D. Maria Clara Aves. Em 1857, casou em segundas núpcias, na vila de Arganil, com D. Maria Cândida da Cunha e Vasconcelos, da Casa de Folques. Dos quatro filhos desse casamento, distinguiu-se uma grande figura da Cultura Portuguesa, o doutor António Garcia Ribeiro de Vasconcelos&#8221; (contributo de Fernando Coelho in: https://www.facebook.com/fernandovasco.vasco?fref=gs&amp;hc_ref=ARQlCZ8qijvFtmkNj2Boppr4vOLFGkl3FqGaqB5mXJcXCIosvgFUpOB6g48T8BMp3n4&amp;dti=385980901544787&amp;hc_location=group)</span></p>
<hr />
<p><img decoding="async" loading="lazy" class="wp-image-1680 alignleft" src="http://srlsampaense.com/wp-content/uploads/2018/06/Antonio_Garcia_Ribeiro_de_Vasconcelos-1.jpg" alt="" width="200" height="254" srcset="https://srlsampaense.com/wp-content/uploads/2018/06/Antonio_Garcia_Ribeiro_de_Vasconcelos-1.jpg 805w, https://srlsampaense.com/wp-content/uploads/2018/06/Antonio_Garcia_Ribeiro_de_Vasconcelos-1-236x300.jpg 236w, https://srlsampaense.com/wp-content/uploads/2018/06/Antonio_Garcia_Ribeiro_de_Vasconcelos-1-768x977.jpg 768w" sizes="(max-width: 200px) 100vw, 200px" /><strong>Prof Doutor António Ribeiro Garcia de Vasconcelos </strong>(1860-1941)<br />
Fundador e Diretor da Faculdade Letras (1911-1920)<br />
Director do Arquivo da Universidade (1900-1927). Presidente Academia Portuguesa História (1936-1941)<br />
Grã Cruz da Ordem de Santiago (1936)<br />
Publicou valiosos trabalhos, entre os quais o «documento precioso», <a href="http://srlsampaense.com/index.php/um-sampaense-e-a-universidade-de-coimbra/">diploma original da fundação da Universidade portuguesa em 1290</a>. Outra bibliografia de referência são os dois volumes sobre a <b>Evolução do culto de Dona Isabel de Aragão, Esposa do Rei Lavrador Dom Diniz de Portugal &#8211; estudo de Investigação Histórica</b> (1871-1894), recentemente reeditados; os dois volumes do <b>Compêndio de Liturgia Romana</b> (1897-1900), assim como os dois volumes, avultados como os anteriores, de <b>Estudos Vários</b> (1938-1941). Aos relevantes serviços que prestou à Universidade e à sua Faculdade de Letras, devem acrescentar-se os que lhe ficou a dever o Seminário de Coimbra, evocados há alguns anos pelo Cónego Brito Cardoso no <b>Correio de Coimbra</b>. Não foi o menor ter conseguido protelar a espoliação do Arquivo e das Livraria do Seminário, preparada em sessão do Senado Universitário de 5 de Fevereiro de 1917, até ser depois legalmente restituída por decreto do Ministro da Justiça, Dr. Manuel Rodrigues, de 1932.</p>
<hr />
<p><img decoding="async" loading="lazy" class=" wp-image-1628 alignleft" src="http://srlsampaense.com/wp-content/uploads/2018/06/Joaquim-Amaral.jpg" alt="" width="147" height="167" /></p>
<p><strong><a href="http://arcacomhistorias.blogspot.com/2014/02/o-avo-joaquim-manuel.html" target="_blank" rel="noopener">Joaquim Manuel de Campos Amaral</a></strong> (1862-1918)<br />
<a href="http://arcacomhistorias.blogspot.com/2014/02/joaquim-manuel-de-campos-amaral-e.html" target="_blank" rel="noopener">Presidente da Associação dos Empregados no Comércio do Rio de Janeiro</a></p>
<p>&nbsp;</p>
<p>&nbsp;</p>
<p>&nbsp;</p>
<hr />
<p><img decoding="async" loading="lazy" class="wp-image-1648 alignleft" src="http://srlsampaense.com/wp-content/uploads/2018/06/Josefina-da-Fonseca.jpg" alt="" width="141" height="197" srcset="https://srlsampaense.com/wp-content/uploads/2018/06/Josefina-da-Fonseca.jpg 499w, https://srlsampaense.com/wp-content/uploads/2018/06/Josefina-da-Fonseca-215x300.jpg 215w" sizes="(max-width: 141px) 100vw, 141px" /><strong>Dona Josefina Fonseca</strong> (1876-1944)<br />
Fundadora da Obra de Proteção à Criança e Formação Doméstica</p>
<p>&nbsp;</p>
<p>&nbsp;</p>
<p>&nbsp;</p>
<p>&nbsp;</p>
<hr />
<p><img decoding="async" loading="lazy" class=" wp-image-1619 alignleft" src="http://srlsampaense.com/wp-content/uploads/2018/06/Alexandre_Rodrigues.jpg" alt="" width="152" height="218" /><strong>Comendador Alexandre Rodrigues </strong>(1887-1962)<br />
Benemérito<br />
&#8211; Mandou construir e  equipar a escola primária<br />
&#8211; Trouxe a luz à aldeia<br />
&#8211; Restaurou a capela de N.ª S.ª dos Milagres e ofereceu o campanário<br />
&#8211; Plantou as tílias e ofereceu o coreto do terreiro de N.ª S.ª dos Milagres<br />
&#8211; Cedeu o terreno para a Sociedade Recreativa Lealdade Sampaense<br />
&#8211; Reconstruiu a &#8220;fonte do cima&#8221; em 1883</p>
<hr />
<p style="text-align: left;"><strong>Dr. Fausto Augusto Soares Neto</strong><br />
Licenciado em Farmácia<br />
Administrador da CMOH</p>
<hr />
<p><img decoding="async" loading="lazy" class=" wp-image-1695 alignleft" src="http://srlsampaense.com/wp-content/uploads/2018/07/Maria_Carmo.jpg" alt="" width="155" height="187" srcset="https://srlsampaense.com/wp-content/uploads/2018/07/Maria_Carmo.jpg 572w, https://srlsampaense.com/wp-content/uploads/2018/07/Maria_Carmo-248x300.jpg 248w" sizes="(max-width: 155px) 100vw, 155px" /></p>
<p><strong>Dr.ª Maria do Carmo Pontes Abreu e Vasconcelos </strong>(1818-2014)<br />
Licenciada em Germânicas<br />
Professora e Benfeitora</p>
<p>&nbsp;</p>
<p>&nbsp;</p>
<p>&nbsp;</p>
<hr />
<p><img decoding="async" loading="lazy" class="wp-image-2903 alignleft" src="http://srlsampaense.com/wp-content/uploads/2022/03/joao_soares.jpg" alt="" width="144" height="213" srcset="https://srlsampaense.com/wp-content/uploads/2022/03/joao_soares.jpg 900w, https://srlsampaense.com/wp-content/uploads/2022/03/joao_soares-203x300.jpg 203w, https://srlsampaense.com/wp-content/uploads/2022/03/joao_soares-693x1024.jpg 693w, https://srlsampaense.com/wp-content/uploads/2022/03/joao_soares-768x1135.jpg 768w" sizes="(max-width: 144px) 100vw, 144px" /></p>
<p><strong>Dr. João José da Fonseca e Costa Soares </strong>(??? &#8211; 20/05/2015<br />
Exerceu funções de Vogal, Vice-Presidente e Presidente da Comissão Administrativa do Município de Oliveira do Hospital de maio de 1974 a outubro de 1976<br />
Foi Adjunto do Governador Civil de Coimbra</p>
<p>&nbsp;</p>
<p>&nbsp;</p>
<p>&nbsp;</p>
<hr />
<p><img decoding="async" loading="lazy" class=" wp-image-698 alignleft" src="http://srlsampaense.com/wp-content/uploads/2016/04/Serafim.jpg" alt="" width="152" height="174" /></p>
<p><strong>Comendador Serafim Marques</strong> (1928-2016)<br />
Benemérito<br />
&#8211; Financiou várias obras na Igreja matriz e Cemitério<br />
&#8211; Ofereceu o Pavilhão à Sociedade Recreativa Lealdade Sampaense<br />
&#8211; Ofereceu e equipou a Creche N.ª S.ª dos Milagres</p>

<p>Todas as pessoas que nasceram, viveram ou vivem em São Paio de Gramaços foram e são ilustres, tendo dado o seu valioso contributo em várias áreas como seja a religiosa, recreativa, desportiva, social, etnográfica, política e económica, para o desenvolvimento da localidade e para do bem estar da sua população. Contudo houve pessoas que pelo [&hellip;]</p>
