{"id":1503,"date":"2018-01-24T00:10:18","date_gmt":"2018-01-23T23:10:18","guid":{"rendered":"http:\/\/srlsampaense.com\/?page_id=1503"},"modified":"2018-01-24T00:10:18","modified_gmt":"2018-01-23T23:10:18","slug":"um-sampaense-e-a-universidade-de-coimbra","status":"publish","type":"page","link":"https:\/\/srlsampaense.com\/index.php\/um-sampaense-e-a-universidade-de-coimbra\/","title":{"rendered":"Um Sampaense e a Universidade de Coimbra"},"content":{"rendered":"<p>(publicado por Fernando Coelho a 01\/01\/2018 \u00e0s 11:34, e adaptado de:\u00a0https:\/\/www.facebook.com\/groups\/385980901544787\/)<\/p>\n<p>A descoberta, estudo e divulga\u00e7\u00e3o da \u201cCertid\u00e3o de Nascimento da Universidade de Coimbra \u201c, deve-se ao nosso conterr\u00e2neo doutor Ant\u00f3nio Garcia Ribeiro de Vasconcelos.<\/p>\n<p>\u00c9 uma Carta R\u00e9gia redigida em Leiria, por D. Dinis, a 1 de Mar\u00e7o de 1290 . De Lisboa passou a Universidade, em1308 para Coimbra. Transferida duas vezes em 1338 e 1377 para as margens do Tejo, voltou definitivamente \u00e0s do Mondego em 1537.<\/p>\n","protected":false},"excerpt":{"rendered":"<p>(publicado por Fernando Coelho a 01\/01\/2018 \u00e0s 11:34, e adaptado de:\u00a0https:\/\/www.facebook.com\/groups\/385980901544787\/) A descoberta, estudo e divulga\u00e7\u00e3o da \u201cCertid\u00e3o de Nascimento da Universidade de Coimbra \u201c, deve-se ao nosso conterr\u00e2neo doutor Ant\u00f3nio Garcia Ribeiro de Vasconcelos. \u00c9 uma Carta R\u00e9gia redigida em Leiria, por D. Dinis, a 1 de Mar\u00e7o de 1290 . De Lisboa passou [&hellip;]<\/p>\n","protected":false},"author":1,"featured_media":0,"parent":0,"menu_order":0,"comment_status":"closed","ping_status":"closed","template":"","meta":{"footnotes":""},"_links":{"self":[{"href":"https:\/\/srlsampaense.com\/index.php\/wp-json\/wp\/v2\/pages\/1503"}],"collection":[{"href":"https:\/\/srlsampaense.com\/index.php\/wp-json\/wp\/v2\/pages"}],"about":[{"href":"https:\/\/srlsampaense.com\/index.php\/wp-json\/wp\/v2\/types\/page"}],"author":[{"embeddable":true,"href":"https:\/\/srlsampaense.com\/index.php\/wp-json\/wp\/v2\/users\/1"}],"replies":[{"embeddable":true,"href":"https:\/\/srlsampaense.com\/index.php\/wp-json\/wp\/v2\/comments?post=1503"}],"version-history":[{"count":1,"href":"https:\/\/srlsampaense.com\/index.php\/wp-json\/wp\/v2\/pages\/1503\/revisions"}],"predecessor-version":[{"id":1505,"href":"https:\/\/srlsampaense.com\/index.php\/wp-json\/wp\/v2\/pages\/1503\/revisions\/1505"}],"wp:attachment":[{"href":"https:\/\/srlsampaense.com\/index.php\/wp-json\/wp\/v2\/media?parent=1503"}],"curies":[{"name":"wp","href":"https:\/\/api.w.org\/{rel}","templated":true}]}}