{"id":1462,"date":"2018-01-23T19:07:55","date_gmt":"2018-01-23T18:07:55","guid":{"rendered":"http:\/\/srlsampaense.com\/?page_id=1462"},"modified":"2018-01-23T21:25:17","modified_gmt":"2018-01-23T20:25:17","slug":"historia","status":"publish","type":"page","link":"https:\/\/srlsampaense.com\/index.php\/historia\/","title":{"rendered":"Hist\u00f3ria local e da regi\u00e3o"},"content":{"rendered":"<p>Procura-se neste menu compilar os relatos e pesquisas hist\u00f3ricas encontrados em p\u00e1ginas da internet ou em p\u00e1ginas que j\u00e1 deixaram de estar dispon\u00edveis, do Facebook, bem como todos os contributos que queiram enviar.<\/p>\n<p>Por gentileza do Sr. Fernando Coelho integramos v\u00e1rias pesquisas que t\u00eam vindo a ser publicadas na sua p\u00e1gina do Facebook\u00a0 <span class=\"unlinkedTextEntity\">Oliveira do Hospital, minha terra&#8230; (<\/span><strong><span class=\"unlinkedTextEntity\">in:\u00a0\u00a0https:\/\/www.facebook.com\/groups\/385980901544787\/).<\/span><\/strong><\/p>\n<p>Ao Sr. Fernando Coelho o nosso reconhecido agradecimento pelas suas valiosas pesquisas sobre a regi\u00e3o de Oliveira do Hospital,\u00a0e por nos autorizar a publicar\/divulgar na nossa p\u00e1gina.<br \/>\nA todos bem-haja.<\/p>\n","protected":false},"excerpt":{"rendered":"<p>Procura-se neste menu compilar os relatos e pesquisas hist\u00f3ricas encontrados em p\u00e1ginas da internet ou em p\u00e1ginas que j\u00e1 deixaram de estar dispon\u00edveis, do Facebook, bem como todos os contributos que queiram enviar. Por gentileza do Sr. Fernando Coelho integramos v\u00e1rias pesquisas que t\u00eam vindo a ser publicadas na sua p\u00e1gina do Facebook\u00a0 Oliveira do [&hellip;]<\/p>\n","protected":false},"author":1,"featured_media":0,"parent":0,"menu_order":0,"comment_status":"closed","ping_status":"closed","template":"","meta":{"footnotes":""},"_links":{"self":[{"href":"https:\/\/srlsampaense.com\/index.php\/wp-json\/wp\/v2\/pages\/1462"}],"collection":[{"href":"https:\/\/srlsampaense.com\/index.php\/wp-json\/wp\/v2\/pages"}],"about":[{"href":"https:\/\/srlsampaense.com\/index.php\/wp-json\/wp\/v2\/types\/page"}],"author":[{"embeddable":true,"href":"https:\/\/srlsampaense.com\/index.php\/wp-json\/wp\/v2\/users\/1"}],"replies":[{"embeddable":true,"href":"https:\/\/srlsampaense.com\/index.php\/wp-json\/wp\/v2\/comments?post=1462"}],"version-history":[{"count":5,"href":"https:\/\/srlsampaense.com\/index.php\/wp-json\/wp\/v2\/pages\/1462\/revisions"}],"predecessor-version":[{"id":1469,"href":"https:\/\/srlsampaense.com\/index.php\/wp-json\/wp\/v2\/pages\/1462\/revisions\/1469"}],"wp:attachment":[{"href":"https:\/\/srlsampaense.com\/index.php\/wp-json\/wp\/v2\/media?parent=1462"}],"curies":[{"name":"wp","href":"https:\/\/api.w.org\/{rel}","templated":true}]}}