{"id":1249,"date":"2016-10-05T20:12:14","date_gmt":"2016-10-05T19:12:14","guid":{"rendered":"http:\/\/srlsampaense.com\/?page_id=1249"},"modified":"2025-08-28T15:59:07","modified_gmt":"2025-08-28T14:59:07","slug":"1249-2","status":"publish","type":"page","link":"https:\/\/srlsampaense.com\/index.php\/1249-2\/","title":{"rendered":"A Organiza\u00e7\u00e3o Eclesi\u00e1stica e os Templos"},"content":{"rendered":"<p><strong>\u00a0<\/strong><strong>A ORGANIZA\u00c7\u00c3O ECLESI\u00c1STICA E OS TEMPLOS<\/strong><\/p>\n<p>Em termos eclesi\u00e1sticos, o cura era apresentado pelo vig\u00e1rio de Folhadosa, do padroado do cabido de Coimbra.<br \/>\nNo que diz respeito ao patrim\u00f3nio edificado, existe a Igreja Paroquial, o Santu\u00e1rio e Capela de Nossa Senhora dos Milagres e a Capela so Cemit\u00e9rio.<\/p>\n<p><strong>A Igreja Paroquial<\/strong> fica situada no centro da povoa\u00e7\u00e3o, \u00e9 uma obra de finais do s\u00e9culo XVIII ou in\u00edcios do s\u00e9culo XIX. O templo anterior, era dotado de grande antiguidade e estaria situado fora da povoa\u00e7\u00e3o. Trata-se de um templo com torre sineira adossada \u00e0 fachada principal e com esta a terminar em empena triangular. No interior, os tetos s\u00e3o em apainelados simples. Existem tr\u00eas ret\u00e1bulos. O ret\u00e1bulo-mor apresenta uma tela representando o Mart\u00edrio de S. Pel\u00e1gio. Foi pintado por Ant\u00f3nio Gon\u00e7alves em Maio de 1856. O mesmo ret\u00e1bulo cont\u00e9m as esculturas de pedra de S. Pel\u00e1gio e da Virgem com o Menino.<br \/>\nNo que toca ao esp\u00f3lio do templo, salientam-se ainda as imagens de Nossa Senhora do Ros\u00e1rio e de Santo Ant\u00f3nio. Na capela\u2013mor, em rodap\u00e9, encontram-se alguns azulejos sevilhanos quinhentistas.<\/p>\n<p><strong>O Santu\u00e1rio e Capela de Nossa Senhora dos Milagres<\/strong> est\u00e3o integrados nos limites da povoa\u00e7\u00e3o. A sua constru\u00e7\u00e3o inspirou-se nos tipos regionais setecentistas, como est\u00e1 bem patente no altar\u2013mor e nos altares colaterais. Ter\u00e1 sido come\u00e7ada em 1850, aumentada em 1867 e decorada em 1879. A sua constru\u00e7\u00e3o partiu da iniciativa do prior Dion\u00edsio Garcia Ribeiro, que alegou ser urgente a constru\u00e7\u00e3o de um outro templo como alternativa \u00e0 Igreja Matriz no caso de esta ser interdita. Recebe ainda hoje a festa anual, muito concorrida, no dia 15 de Agosto.<\/p>\n<p><strong>A Capela do Cemit\u00e9rio<\/strong> foi constru\u00edda em 1909 por iniciativa de Ant\u00f3nio Ribeiro de Vasconcelos, primeiro Diretor da Faculdade de Letras da Universidade de Coimbra. O silhar de azulejos azuis e amarelos que se pode ver no interior veio do Col\u00e9gio de S\u00e3o Bento, de Coimbra. Dentro da capela do Cemit\u00e9rio existe a Capela do Bom Jesus Redentor que \u201c\u00c9 um regalo para os olhos e um mimo para o cora\u00e7\u00e3o!\u00bb., disse dela o poeta Eug\u00e9nio de Castro.<\/p>\n","protected":false},"excerpt":{"rendered":"<p>\u00a0A ORGANIZA\u00c7\u00c3O ECLESI\u00c1STICA E OS TEMPLOS Em termos eclesi\u00e1sticos, o cura era apresentado pelo vig\u00e1rio de Folhadosa, do padroado do cabido de Coimbra. No que diz respeito ao patrim\u00f3nio edificado, existe a Igreja Paroquial, o Santu\u00e1rio e Capela de Nossa Senhora dos Milagres e a Capela so Cemit\u00e9rio. A Igreja Paroquial fica situada no centro [&hellip;]<\/p>\n","protected":false},"author":1,"featured_media":0,"parent":0,"menu_order":0,"comment_status":"closed","ping_status":"closed","template":"","meta":{"footnotes":""},"_links":{"self":[{"href":"https:\/\/srlsampaense.com\/index.php\/wp-json\/wp\/v2\/pages\/1249"}],"collection":[{"href":"https:\/\/srlsampaense.com\/index.php\/wp-json\/wp\/v2\/pages"}],"about":[{"href":"https:\/\/srlsampaense.com\/index.php\/wp-json\/wp\/v2\/types\/page"}],"author":[{"embeddable":true,"href":"https:\/\/srlsampaense.com\/index.php\/wp-json\/wp\/v2\/users\/1"}],"replies":[{"embeddable":true,"href":"https:\/\/srlsampaense.com\/index.php\/wp-json\/wp\/v2\/comments?post=1249"}],"version-history":[{"count":6,"href":"https:\/\/srlsampaense.com\/index.php\/wp-json\/wp\/v2\/pages\/1249\/revisions"}],"predecessor-version":[{"id":3529,"href":"https:\/\/srlsampaense.com\/index.php\/wp-json\/wp\/v2\/pages\/1249\/revisions\/3529"}],"wp:attachment":[{"href":"https:\/\/srlsampaense.com\/index.php\/wp-json\/wp\/v2\/media?parent=1249"}],"curies":[{"name":"wp","href":"https:\/\/api.w.org\/{rel}","templated":true}]}}