{"id":1234,"date":"2016-10-05T20:06:29","date_gmt":"2016-10-05T19:06:29","guid":{"rendered":"http:\/\/srlsampaense.com\/?page_id=1234"},"modified":"2018-06-25T18:12:43","modified_gmt":"2018-06-25T17:12:43","slug":"pre-historia","status":"publish","type":"page","link":"https:\/\/srlsampaense.com\/index.php\/pre-historia\/","title":{"rendered":"Pr\u00e9-hist\u00f3ria"},"content":{"rendered":"<p><strong>PR\u00c9-HIST\u00d3RIA<\/strong><\/p>\n<p>A pitoresca e progressiva povoa\u00e7\u00e3o de\u00a0<a href=\"http:\/\/www.memoriaportuguesa.pt\/sao-paio-de-gramacos\">S\u00e3o Paio de Grama\u00e7os<\/a>, nas margens do Antu\u00e3, hoje rio de cavalos, tem as suas ra\u00edzes mais fundas na pr\u00e9-hist\u00f3ria, talvez mesmo no Paleol\u00edtico &#8211; a Idade da Pedra mais antiga.<\/p>\n<p>Esta afirma\u00e7\u00e3o baseia-se no facto de terem sido encontradas, na Quinta da Torre (junto ao povoamento), importantes vest\u00edgios arqueol\u00f3gicos que nos falam de um passado remoto, de uma \u00e9poca em que a cultura do homem, se circunscrevia \u00e0 confec\u00e7\u00e3o e utiliza\u00e7\u00e3o de instrumentos de pedra lascada. Ainda desconhecia a cer\u00e2mica, a agricultura e a domestica\u00e7\u00e3o de animais, e sendo por for\u00e7a das circunst\u00e2ncias ca\u00e7ador e colector, levava uma vida n\u00f3mada ou semi-n\u00f3mada, procurando locais ricos de ca\u00e7a. Contra as intemp\u00e9ries, refugiava-se em cavernas.<\/p>\n<p>Para o fabrico dos seus instrumentos , o homem do paleol\u00edtico utilizava como mat\u00e9ria prima a pedra &#8211; mais vulgarmente o s\u00edlex, o quartzo, a quartzito e por vezes o osso. Mas os vest\u00edgios arqueol\u00f3gicos encontrados na Quinta da Torre n\u00e3o se circunscrevem ao per\u00edodo Paleol\u00edtico: correspondem a uma evolu\u00e7\u00e3o cronol\u00f3gica e tipol\u00f3gica que se estende at\u00e9 \u00e0 Idade M\u00e9dia.<\/p>\n<p>Mas relatemos os factos que deram origem a t\u00e3o surpreendente, valioso e quase ignorado esp\u00f3lio. O Sr. Dr. Fausto Soares, pai do Sr. Dr. Jo\u00e3o Jos\u00e9 Fonseca Soares, na sua Quinta da Torre, tinha dois po\u00e7os distanciados cerca de 80 metros. Certo dia, decidiu lig\u00e1-los com uma mina, possivelmente para aumentar o caudal das respectivas nascentes. Durante os trabalhos de perfura\u00e7\u00e3o do solo os mineiros depararam-se com a presen\u00e7a de objectos estranhos, para eles completamente desconhecidos. Homem muito inteligente e culto (tinha o curso de Farm\u00e1cia da Universidade de Coimbra), o Sr. Fausto Soares apercebeu-se do alto valor hist\u00f3rico e arqueol\u00f3gico dos achados, enviando os que lhe pareceram mais significativos ao Museu Machado de Castro, em Coimbra, e guardando os restantes em sua casa. Nessa altura estaria longe de pensar que seu filho, anos mais tarde, se matricularia na Faculdade de Letras da Universidade de Lisboa, onde concluiria a cadeira de Pr\u00e9-Hist\u00f3ria. Deste modo, possui um pequeno museu, com os achados classificados e preservados, obedecendo a uma certa evolu\u00e7\u00e3o hist\u00f3rica. Assim, do per\u00edodo Paleol\u00edtico, estavam presentes tr\u00eas raspadeiras em xisto. Do per\u00edodo Neol\u00edtico, os vest\u00edgios eram mais numerosos: dois machados de basalto, um objecto semelhante a pisa-pap\u00e9is cuja utilidade ignoramos e quatro achas polidas.<\/p>\n<p>A presen\u00e7a do basalto numa regi\u00e3o tipicamente gran\u00edtica, obriga-nos a pensar que foram executados longe do espa\u00e7o geogr\u00e1fico onde actualmente se situa a risonha e progressiva povoa\u00e7\u00e3o de S. Paio de Grama\u00e7os. O fen\u00f3meno n\u00e3o \u00e9 dif\u00edcil de explicar: essas pe\u00e7as deveria ter funcionado como moeda de troca, pr\u00e1tica corrente ent\u00e3o recuados tempos. Recorde-se que o per\u00edodo Neol\u00edtico (ou da pedra polida) surgiu na Europa cerca de 5.000 a.C. e perdurou at\u00e9 ao ano 2.000 a.C..<\/p>\n<p>Para a ind\u00fastria da pedra, o homem do Neol\u00edtico utilizava o s\u00edlex com o qual fabricava principalmente pontas de lan\u00e7a (para a ca\u00e7a e para a guerra), setas com a mesma finalidade, facas, furadores, raspadeiras, etc.; al\u00e9m de grande variedade de utens\u00edlios de cer\u00e2mica, de osso (para anz\u00f3is e ornamentos) etc. Parece demonstrado que o homem do Neol\u00edtico j\u00e1 acreditava numa vida post morte. Como exemplo, citemos o facto do Professor Mendes Correia ter estudado uma sepultura Neol\u00edtica encontrada em Ota, e na qual figuravam, juntamente com os restos humanos, machados de pedra polida e v\u00e1rios micr\u00f3litos trapezoidais.<\/p>\n<p>Al\u00e9m dos testemunhos pr\u00e9-hist\u00f3ricos referidos, outros objectos foram tamb\u00e9m encontrados na Quinta da Torre, a 4\/5 metros de profundidade, durante a abertura da mina a que j\u00e1 nos referimos.<br \/>\n(transcrito de:\u00a0http:\/\/www.memoriaportuguesa.pt\/historia-de-sao-paio-de-gramacos , acedido a 25\/06\/2018)<\/p>\n<p>&nbsp;<\/p>\n","protected":false},"excerpt":{"rendered":"<p>PR\u00c9-HIST\u00d3RIA A pitoresca e progressiva povoa\u00e7\u00e3o de\u00a0S\u00e3o Paio de Grama\u00e7os, nas margens do Antu\u00e3, hoje rio de cavalos, tem as suas ra\u00edzes mais fundas na pr\u00e9-hist\u00f3ria, talvez mesmo no Paleol\u00edtico &#8211; a Idade da Pedra mais antiga. Esta afirma\u00e7\u00e3o baseia-se no facto de terem sido encontradas, na Quinta da Torre (junto ao povoamento), importantes vest\u00edgios [&hellip;]<\/p>\n","protected":false},"author":1,"featured_media":0,"parent":0,"menu_order":0,"comment_status":"closed","ping_status":"closed","template":"","meta":{"footnotes":""},"_links":{"self":[{"href":"https:\/\/srlsampaense.com\/index.php\/wp-json\/wp\/v2\/pages\/1234"}],"collection":[{"href":"https:\/\/srlsampaense.com\/index.php\/wp-json\/wp\/v2\/pages"}],"about":[{"href":"https:\/\/srlsampaense.com\/index.php\/wp-json\/wp\/v2\/types\/page"}],"author":[{"embeddable":true,"href":"https:\/\/srlsampaense.com\/index.php\/wp-json\/wp\/v2\/users\/1"}],"replies":[{"embeddable":true,"href":"https:\/\/srlsampaense.com\/index.php\/wp-json\/wp\/v2\/comments?post=1234"}],"version-history":[{"count":7,"href":"https:\/\/srlsampaense.com\/index.php\/wp-json\/wp\/v2\/pages\/1234\/revisions"}],"predecessor-version":[{"id":1606,"href":"https:\/\/srlsampaense.com\/index.php\/wp-json\/wp\/v2\/pages\/1234\/revisions\/1606"}],"wp:attachment":[{"href":"https:\/\/srlsampaense.com\/index.php\/wp-json\/wp\/v2\/media?parent=1234"}],"curies":[{"name":"wp","href":"https:\/\/api.w.org\/{rel}","templated":true}]}}

Pré-história

<p><strong>PRÉ-HISTÓRIA</strong></p>
<p>A pitoresca e progressiva povoação de <a href="http://www.memoriaportuguesa.pt/sao-paio-de-gramacos">São Paio de Gramaços</a>, nas margens do Antuã, hoje rio de cavalos, tem as suas raízes mais fundas na pré-história, talvez mesmo no Paleolítico &#8211; a Idade da Pedra mais antiga.</p>
<p>Esta afirmação baseia-se no facto de terem sido encontradas, na Quinta da Torre (junto ao povoamento), importantes vestígios arqueológicos que nos falam de um passado remoto, de uma época em que a cultura do homem, se circunscrevia à confecção e utilização de instrumentos de pedra lascada. Ainda desconhecia a cerâmica, a agricultura e a domesticação de animais, e sendo por força das circunstâncias caçador e colector, levava uma vida nómada ou semi-nómada, procurando locais ricos de caça. Contra as intempéries, refugiava-se em cavernas.</p>
<p>Para o fabrico dos seus instrumentos , o homem do paleolítico utilizava como matéria prima a pedra &#8211; mais vulgarmente o sílex, o quartzo, a quartzito e por vezes o osso. Mas os vestígios arqueológicos encontrados na Quinta da Torre não se circunscrevem ao período Paleolítico: correspondem a uma evolução cronológica e tipológica que se estende até à Idade Média.</p>
<p>Mas relatemos os factos que deram origem a tão surpreendente, valioso e quase ignorado espólio. O Sr. Dr. Fausto Soares, pai do Sr. Dr. João José Fonseca Soares, na sua Quinta da Torre, tinha dois poços distanciados cerca de 80 metros. Certo dia, decidiu ligá-los com uma mina, possivelmente para aumentar o caudal das respectivas nascentes. Durante os trabalhos de perfuração do solo os mineiros depararam-se com a presença de objectos estranhos, para eles completamente desconhecidos. Homem muito inteligente e culto (tinha o curso de Farmácia da Universidade de Coimbra), o Sr. Fausto Soares apercebeu-se do alto valor histórico e arqueológico dos achados, enviando os que lhe pareceram mais significativos ao Museu Machado de Castro, em Coimbra, e guardando os restantes em sua casa. Nessa altura estaria longe de pensar que seu filho, anos mais tarde, se matricularia na Faculdade de Letras da Universidade de Lisboa, onde concluiria a cadeira de Pré-História. Deste modo, possui um pequeno museu, com os achados classificados e preservados, obedecendo a uma certa evolução histórica. Assim, do período Paleolítico, estavam presentes três raspadeiras em xisto. Do período Neolítico, os vestígios eram mais numerosos: dois machados de basalto, um objecto semelhante a pisa-papéis cuja utilidade ignoramos e quatro achas polidas.</p>
<p>A presença do basalto numa região tipicamente granítica, obriga-nos a pensar que foram executados longe do espaço geográfico onde actualmente se situa a risonha e progressiva povoação de S. Paio de Gramaços. O fenómeno não é difícil de explicar: essas peças deveria ter funcionado como moeda de troca, prática corrente então recuados tempos. Recorde-se que o período Neolítico (ou da pedra polida) surgiu na Europa cerca de 5.000 a.C. e perdurou até ao ano 2.000 a.C..</p>
<p>Para a indústria da pedra, o homem do Neolítico utilizava o sílex com o qual fabricava principalmente pontas de lança (para a caça e para a guerra), setas com a mesma finalidade, facas, furadores, raspadeiras, etc.; além de grande variedade de utensílios de cerâmica, de osso (para anzóis e ornamentos) etc. Parece demonstrado que o homem do Neolítico já acreditava numa vida post morte. Como exemplo, citemos o facto do Professor Mendes Correia ter estudado uma sepultura Neolítica encontrada em Ota, e na qual figuravam, juntamente com os restos humanos, machados de pedra polida e vários micrólitos trapezoidais.</p>
<p>Além dos testemunhos pré-históricos referidos, outros objectos foram também encontrados na Quinta da Torre, a 4/5 metros de profundidade, durante a abertura da mina a que já nos referimos.<br />
(transcrito de: http://www.memoriaportuguesa.pt/historia-de-sao-paio-de-gramacos , acedido a 25/06/2018)</p>
<p>&nbsp;</p>

<p>PRÉ-HISTÓRIA A pitoresca e progressiva povoação de São Paio de Gramaços, nas margens do Antuã, hoje rio de cavalos, tem as suas raízes mais fundas na pré-história, talvez mesmo no Paleolítico &#8211; a Idade da Pedra mais antiga. Esta afirmação baseia-se no facto de terem sido encontradas, na Quinta da Torre (junto ao povoamento), importantes vestígios [&hellip;]</p>
