{"id":396,"date":"2015-10-15T20:12:22","date_gmt":"2015-10-15T19:12:22","guid":{"rendered":"http:\/\/srlsampaense.com\/?page_id=396"},"modified":"2016-10-06T09:57:45","modified_gmt":"2016-10-06T08:57:45","slug":"creche-inscricoes","status":"publish","type":"page","link":"http:\/\/srlsampaense.com\/index.php\/creche-inscricoes\/","title":{"rendered":"Creche &#8211; Inscri\u00e7\u00f5es"},"content":{"rendered":"<p><span style=\"color: #000000;\">As inscri\u00e7\u00f5es encontram-se abertas durante todo o ano letivo.<\/span><br \/>\n<span style=\"color: #000000;\"> Os pais podem visitar as nossas instala\u00e7\u00f5es, preenchem uma ficha de pr\u00e9-inscri\u00e7\u00e3o e s\u00e3o logo informados da exist\u00eancia de vaga.<\/span><br \/>\n<span style=\"color: #000000;\"> Caso n\u00e3o existam vagas ser\u00e3o informados que ocupam um lugar na lista de espera.<\/span><br \/>\n<span style=\"color: #000000;\"> Pr\u00f3xima da data prevista de entrada agenda-se uma nova visita \u00e0 institui\u00e7\u00e3o para a formaliza\u00e7\u00e3o da respetiva inscri\u00e7\u00e3o.<a style=\"color: #000000;\" href=\"http:\/\/srlsampaense.com\/wp-content\/uploads\/2015\/10\/logo-da-creche.jpg\"><img decoding=\"async\" loading=\"lazy\" class=\" wp-image-377 alignright\" src=\"http:\/\/srlsampaense.com\/wp-content\/uploads\/2015\/10\/logo-da-creche.jpg\" alt=\"logo da creche\" width=\"162\" height=\"164\" \/><\/a><\/span><br \/>\n<span style=\"color: #000000;\"> Os pais podem tamb\u00e9m agendar uma visita ou uma reuni\u00e3o com a Diretora T\u00e9cnica da Creche Nossa Senhora dos Milagres a fim de visitarem as nossas instala\u00e7\u00f5es e posteriormente tomarem uma decis\u00e3o sobre a inscri\u00e7\u00e3o dos seus filhos. Para agendamento da visita utilize os\u00a0<a style=\"color: #000000;\" href=\"http:\/\/colegioverdeagua.pt\/contatos\/\">contactos<\/a>\u00a0indicados para o efeito.<\/span><\/p>\n<p>&nbsp;<\/p>\n<ul>\n<li><span style=\"color: #000000;\"><strong>Documentos Necess\u00e1rios<\/strong><\/span><\/li>\n<\/ul>\n<p><span style=\"color: #000000;\">A documenta\u00e7\u00e3o necess\u00e1ria para a inscri\u00e7\u00e3o de uma crian\u00e7a na Creche Nossa Senhora dos Milagres, \u00e9 a seguinte:<\/span><\/p>\n<ul>\n<li><span style=\"color: #000000;\">Ficha de inscri\u00e7\u00e3o (fornecida pela creche)<\/span><\/li>\n<li><span style=\"color: #000000;\">Cart\u00e3o de cidad\u00e3o dos pais ou BI, NIF e o NISS (c\u00f3pia)<\/span><\/li>\n<li><span style=\"color: #000000;\">Cart\u00e3o de Cidad\u00e3o da crian\u00e7a ou Assento de nascimento da Conservat\u00f3ria do Registo Civil (C\u00f3pia)<\/span><\/li>\n<li><span style=\"color: #000000;\">Documento de Identifica\u00e7\u00e3o da Seguran\u00e7a Social e Fiscal (NIF) (c\u00f3pia)<\/span><\/li>\n<li><span style=\"color: #000000;\">Cart\u00e3o de utente do SNS da crian\u00e7a (c\u00f3pia)<\/span><\/li>\n<li><span style=\"color: #000000;\">Boletim Individual de Sa\u00fade devidamente atualizado (c\u00f3pia)<\/span><\/li>\n<li><span style=\"color: #000000;\">Declara\u00e7\u00e3o do pediatra em como pode frequentar a creche<\/span><\/li>\n<li><span style=\"color: #000000;\">Declara\u00e7\u00e3o dos pais com c\u00f3pia do BI ou C.C., onde deve constar o nome das pessoas autorizadas a ir buscar a crian\u00e7a para al\u00e9m dos pais.<\/span><\/li>\n<\/ul>\n<p><span style=\"color: #000000;\">As atividades extracurriculares t\u00eam fichas pr\u00f3prias de inscri\u00e7\u00e3o que ser\u00e3o posteriormente fornecidas pela Diretora T\u00e9cnica aos pais que nelas queiram inscrever os seus filhos.<\/span><\/p>\n<p>&nbsp;<\/p>\n","protected":false},"excerpt":{"rendered":"<p>As inscri\u00e7\u00f5es encontram-se abertas durante todo o ano letivo. Os pais podem visitar as nossas instala\u00e7\u00f5es, preenchem uma ficha de pr\u00e9-inscri\u00e7\u00e3o e s\u00e3o logo informados da exist\u00eancia de vaga. Caso n\u00e3o existam vagas ser\u00e3o informados que ocupam um lugar na lista de espera. Pr\u00f3xima da data prevista de entrada agenda-se uma nova visita \u00e0 institui\u00e7\u00e3o [&hellip;]<\/p>\n","protected":false},"author":1,"featured_media":0,"parent":0,"menu_order":0,"comment_status":"closed","ping_status":"closed","template":"","meta":{"footnotes":""},"_links":{"self":[{"href":"http:\/\/srlsampaense.com\/index.php\/wp-json\/wp\/v2\/pages\/396"}],"collection":[{"href":"http:\/\/srlsampaense.com\/index.php\/wp-json\/wp\/v2\/pages"}],"about":[{"href":"http:\/\/srlsampaense.com\/index.php\/wp-json\/wp\/v2\/types\/page"}],"author":[{"embeddable":true,"href":"http:\/\/srlsampaense.com\/index.php\/wp-json\/wp\/v2\/users\/1"}],"replies":[{"embeddable":true,"href":"http:\/\/srlsampaense.com\/index.php\/wp-json\/wp\/v2\/comments?post=396"}],"version-history":[{"count":7,"href":"http:\/\/srlsampaense.com\/index.php\/wp-json\/wp\/v2\/pages\/396\/revisions"}],"predecessor-version":[{"id":1264,"href":"http:\/\/srlsampaense.com\/index.php\/wp-json\/wp\/v2\/pages\/396\/revisions\/1264"}],"wp:attachment":[{"href":"http:\/\/srlsampaense.com\/index.php\/wp-json\/wp\/v2\/media?parent=396"}],"curies":[{"name":"wp","href":"https:\/\/api.w.org\/{rel}","templated":true}]}}