{"id":1665,"date":"2018-06-26T14:38:57","date_gmt":"2018-06-26T13:38:57","guid":{"rendered":"http:\/\/srlsampaense.com\/?page_id=1665"},"modified":"2022-05-27T12:33:56","modified_gmt":"2022-05-27T11:33:56","slug":"freguesia","status":"publish","type":"page","link":"http:\/\/srlsampaense.com\/index.php\/freguesia\/","title":{"rendered":"Freguesia"},"content":{"rendered":"<p><strong>Distrito<\/strong> &#8211; Coimbra<img decoding=\"async\" class=\"alignright\" src=\"http:\/\/srlsampaense.com\/wp-content\/uploads\/2015\/06\/brasaoSaoPaio.jpg\" \/><br \/>\n<strong>Concelho<\/strong> &#8211; Oliveira do Hospital<br \/>\n<strong>Gent\u00edlico<\/strong> &#8211; Sampaense<br \/>\n<strong>Orago<\/strong> &#8211; S\u00e3o Pl\u00e1gio<br \/>\n<strong>\u00c1rea<\/strong> &#8211; 4,53 km2<br \/>\n<strong>Extinta (agrupada)<\/strong> &#8211; 28\/01\/2013<br \/>\n<strong>Atual designa\u00e7\u00e3o<\/strong> &#8211; <strong><a href=\"https:\/\/www.uf-oliveiradohospitalesaopaio.pt\/\" target=\"_blank\" rel=\"noopener\">Uni\u00e3o de Freguesias de Oliveira do Hospital e S\u00e3o Paio de Grama\u00e7os<\/a><\/strong><\/p>\n<p><b>S\u00e3o Paio de Grama\u00e7os<\/b>\u00a0\u00e9 uma antiga\u00a0<a title=\"Freguesia\" href=\"https:\/\/pt.wikipedia.org\/wiki\/Freguesia\">f<\/a>reguesia\u00a0portuguesa\u00a0do concelho de\u00a0Oliveira do Hospital, com 4,53\u00a0km\u00b2 de \u00e1rea e 991 habitantes (2011). A sua densidade populacional era 218,8 hab\/km\u00b2.<br \/>\nFoi extinta (agregada) pela reorganiza\u00e7\u00e3o administrativa de 2012\/2013,<sup id=\"cite_ref-1\" class=\"reference\"><a href=\"https:\/\/pt.wikipedia.org\/wiki\/S%C3%A3o_Paio_de_Grama%C3%A7os#cite_note-1\">[1]<\/a><\/sup>\u00a0sendo o seu territ\u00f3rio integrado na\u00a0<a href=\"https:\/\/www.uf-oliveiradohospitalesaopaio.pt\/\" target=\"_blank\" rel=\"noopener\">Uni\u00e3o de Freguesias de Oliveira do Hospital e S\u00e3o Paio de Grama\u00e7os<\/a>.<\/p>\n<p><strong>Popula\u00e7\u00e3o<\/strong> &#8211;\u00a0<i id=\"mwIA\">No censo de 1864 figura S\u00e3o Paio, passando a designar-se nos censos de 1878 a 1911 por S. Paio de Codesso. Pelo decreto n\u00ba 5.975, de 28\/07\/1919, passou a ter a actual denomina\u00e7\u00e3o.<\/i><\/p>\n<p><img decoding=\"async\" loading=\"lazy\" class=\"aligncenter size-full wp-image-1666\" src=\"http:\/\/srlsampaense.com\/wp-content\/uploads\/2018\/06\/popula\u00e7\u00e3o-de-s\u00e3o-paio.jpg\" alt=\"\" width=\"625\" height=\"99\" srcset=\"http:\/\/srlsampaense.com\/wp-content\/uploads\/2018\/06\/popula\u00e7\u00e3o-de-s\u00e3o-paio.jpg 625w, http:\/\/srlsampaense.com\/wp-content\/uploads\/2018\/06\/popula\u00e7\u00e3o-de-s\u00e3o-paio-300x48.jpg 300w\" sizes=\"(max-width: 625px) 100vw, 625px\" \/><\/p>\n<p>in:\u00a0https:\/\/pt.wikipedia.org\/wiki\/S%C3%A3o_Paio_de_Grama%C3%A7os?veaction=edit&amp;section=1, acedido a 26\/06\/2018<\/p>\n<p><strong>Ordena\u00e7\u00e3o Her\u00e1ldica do Bras\u00e3o de S\u00e3o Paio de Grama\u00e7os<\/strong><\/p>\n<p><img decoding=\"async\" loading=\"lazy\" class=\" wp-image-100 alignright\" src=\"http:\/\/srlsampaense.com\/wp-content\/uploads\/2015\/06\/brasaoSaoPaio.jpg\" alt=\"\" width=\"156\" height=\"170\" \/>Escudo a vermelho, duas palmas de ouro folhadas, com os p\u00e9s passados em aspa e uma lira de ouro cordoada e real\u00e7ada a negro; Duas c\u00e2ntaras de cobre nos flancos; fonten\u00e1rio ao centro; Coroa Mural de prata de 3 torres. Llstel branco, com a legenda a negro: \u201cS. Paio de Grama\u00e7os\u201d.<br \/>\n<strong>Coroa Mural<\/strong>: Coroa mural de prata de 3 torres. Esta coroa \u00e9 obrigat\u00f3ria para todas as freguesias. (Vilas 4 torres e Cidades 5 torres).<br \/>\n<strong>Escudo<\/strong>: Escudo a vermelho. cor do padroeiro de S. Paio de Grama\u00e7os que \u00e9 S. Pel\u00e1gio.<br \/>\n<strong>Listel<\/strong>: Listel branco, obrigatoriamente, com a legenda a negro do nome da freguesia \u2013 S. Paio de Grama\u00e7os.<br \/>\n<strong>Palma e lira<\/strong>: Duas palmas de ouro folhadas, com os p\u00e9s passados em aspa e uma lira de ouro cordoada e real\u00e7ada a negro. Representam o gosto pelo desporto, pela cultura e pela instru\u00e7\u00e3o, sendo tamb\u00e9m uma homenagem a alguns benem\u00e9ritos e cidad\u00e3os an\u00f3nimos que deram tudo pelo desenvolvimento de desporto, cultura e educa\u00e7\u00e3o na freguesia.<br \/>\n<strong>Cantaras de cobre<\/strong>: Duas cantaras de cobre. Simbolizam um dos artesanatos mais representativos da nossa freguesia no pa\u00eds, sendo tamb\u00e9m uma homenagem a todos os empres\u00e1rios, dos mais variados ramos, que geram riqueza para a regi\u00e3o e pa\u00eds.<br \/>\n<strong>Fonte<\/strong>: Fonten\u00e1rio de Nossa Senhora dos Milagres. \u00c9 um monumento uma homenagem a Nossa Senhora, venerada por todos os Sampaenses e Catraenses. A lista azul real\u00e7a a qualidade das \u00e1guas e \u00e9 tamb\u00e9m a cor de Nossa Senhora.<\/p>\n<p><strong>\u00a0<\/strong><strong>OBSERVA\u00c7\u00d5ES:<br \/>\n<\/strong>1 \u2013 A utiliza\u00e7\u00e3o do vermelho no fundo do escudo, impediu em termos legais, de utilizar outra cor, que n\u00e3o fosse o amarelo ou o branco. Da\u00ed n\u00e3o aparecer o azul e o verde em mais destaque.<br \/>\n2 \u2013 A escolha do fonten\u00e1rio foi efetuada partindo do pressuposto de que mais nenhuma freguesia tem outro igual. Poderia ter escolhido a igreja, mas existem muitas parecidas com a nossa; tamb\u00e9m se poderia ter escolhido uma imagem ou fotografia mas era permitido em termos legais.<br \/>\n3 \u2013 Para al\u00e9m do fonten\u00e1rio s\u00f3 se podism escolher 3 s\u00edmbolos diferentes. Escolheram-se as palmas e a lira para representar o desporto, cultura e educa\u00e7\u00e3o ao melhor n\u00edvel e escolheram-se as cantaras de cobre para se fazer figurar de pleno direito, a Catraia de S\u00e3o Paio no bras\u00e3o da freguesia. Fez-se o poss\u00edvel por fazer figurar outras atividades, mas n\u00e3o foi poss\u00edvel em virtude de ser poss\u00edvel ter 3 s\u00edmbolos diferentes, sob pena de n\u00e3o ser aprovado em Di\u00e1rio da Rep\u00fablica.<br \/>\n4 \u2013 Ao se efetuar estas escolhas, sempre dif\u00edceis e balizadas na lei, procurou-se dar ao bras\u00e3o uma abrang\u00eancia simb\u00f3lica e de leitura subjetiva, incluindo aquilo que mais caracteriza a freguesia ao n\u00edvel da regi\u00e3o: os aspetos culturais (grupos variados, homens da letras, benem\u00e9ritos); aspetos desportivos; aspetos religiosos e aspetos relacionados com o trabalho (as empresas, o artesanato, a cria\u00e7\u00e3o de riqueza).<\/p>\n","protected":false},"excerpt":{"rendered":"<p>Distrito &#8211; Coimbra Concelho &#8211; Oliveira do Hospital Gent\u00edlico &#8211; Sampaense Orago &#8211; S\u00e3o Pl\u00e1gio \u00c1rea &#8211; 4,53 km2 Extinta (agrupada) &#8211; 28\/01\/2013 Atual designa\u00e7\u00e3o &#8211; Uni\u00e3o de Freguesias de Oliveira do Hospital e S\u00e3o Paio de Grama\u00e7os S\u00e3o Paio de Grama\u00e7os\u00a0\u00e9 uma antiga\u00a0freguesia\u00a0portuguesa\u00a0do concelho de\u00a0Oliveira do Hospital, com 4,53\u00a0km\u00b2 de \u00e1rea e 991 habitantes [&hellip;]<\/p>\n","protected":false},"author":1,"featured_media":0,"parent":0,"menu_order":0,"comment_status":"closed","ping_status":"closed","template":"","meta":{"footnotes":""},"_links":{"self":[{"href":"http:\/\/srlsampaense.com\/index.php\/wp-json\/wp\/v2\/pages\/1665"}],"collection":[{"href":"http:\/\/srlsampaense.com\/index.php\/wp-json\/wp\/v2\/pages"}],"about":[{"href":"http:\/\/srlsampaense.com\/index.php\/wp-json\/wp\/v2\/types\/page"}],"author":[{"embeddable":true,"href":"http:\/\/srlsampaense.com\/index.php\/wp-json\/wp\/v2\/users\/1"}],"replies":[{"embeddable":true,"href":"http:\/\/srlsampaense.com\/index.php\/wp-json\/wp\/v2\/comments?post=1665"}],"version-history":[{"count":7,"href":"http:\/\/srlsampaense.com\/index.php\/wp-json\/wp\/v2\/pages\/1665\/revisions"}],"predecessor-version":[{"id":2961,"href":"http:\/\/srlsampaense.com\/index.php\/wp-json\/wp\/v2\/pages\/1665\/revisions\/2961"}],"wp:attachment":[{"href":"http:\/\/srlsampaense.com\/index.php\/wp-json\/wp\/v2\/media?parent=1665"}],"curies":[{"name":"wp","href":"https:\/\/api.w.org\/{rel}","templated":true}]}}