{"id":1512,"date":"2018-01-30T14:29:37","date_gmt":"2018-01-30T13:29:37","guid":{"rendered":"http:\/\/srlsampaense.com\/?page_id=1512"},"modified":"2018-01-30T14:29:42","modified_gmt":"2018-01-30T13:29:42","slug":"casa-de-domingos-joannes","status":"publish","type":"page","link":"http:\/\/srlsampaense.com\/index.php\/casa-de-domingos-joannes\/","title":{"rendered":"Casa de Domingos Joannes"},"content":{"rendered":"<p><strong>A CASA DE DOMINGOS JOANNES, o Cavaleiro de Oliveira<br \/>\n<\/strong>(publicado por Fernando Coelho a 26\/01\/2018 \u00e0s 14:05 horas. Reprodu\u00e7\u00e3o na \u00edntegra de\u00a0 https:\/\/www.facebook.com\/groups\/385980901544787\/)<strong><br \/>\n<\/strong><\/p>\n<p>A vida de Domingos Joannes \u00e9 conhecida. Viveu ao tempo dos reis, Sancho ll, Afonso lll e Dinis. Sabe-se a sua ascend\u00eancia, descend\u00eancia, nascimento, casamentos, ex\u00edlio, regresso a Portugal e at\u00e9 onde morava. Morava numa casa, n\u00e3o longe do rio de Cavalos, pr\u00f3ximo da Bobadela num Lugar , chamado Outeiro. Transcrevo, duas ou tr\u00eas linhas das \u201c Inquiri\u00e7\u00f5es \u201c, realizadas em 1258 por D. Afonso III, \u00e0 \u201c Bobadela\u201c, a \u201c Oliveira do H<span class=\"text_exposed_show\">ospital \u201c, a \u201c Lagos etc. :<\/span><\/p>\n<div class=\"text_exposed_show\">\n<p>\u201c\u2026 petri prelatus Ecelesia de Bouadela iuratus et interrogatus dixit\u2026&#8230;.et deinde quommodo uadit ad riuulum de Caballlis\u2026.. eundo directe ad casam de Dominico Iohannis de Anteyro et casa domini ioahannis stat in hereditate hospitalis \u2026.\u201d ( 1 )<\/p>\n<p>L\u00ea-se que o Padre da Bobadela ( 1\u00aa linha) , foi \u00e0 casa de Domingos Joannes ( 2\u00aa linha), em Anteyro ( leia, Outeiro &#8211; 3\u00aa linha). Segundo o Prelado, Domingos Joannes, habitava e era propriet\u00e1rio da casa, em Outeiro , j\u00e1 l\u00e1 v\u00e3o 760 anos..<br \/>\nOnde \u00e9 Outeiro? N\u00e3o sei. S\u00f3 sei que ficar\u00e1 nas proximidades da Bobadela, junto ao rio de Cavalos.<\/p>\n<p>(1) &#8211; extracto texto Inquiri\u00e7\u00f5es, Afonso lll<\/p>\n<\/div>\n","protected":false},"excerpt":{"rendered":"<p>A CASA DE DOMINGOS JOANNES, o Cavaleiro de Oliveira (publicado por Fernando Coelho a 26\/01\/2018 \u00e0s 14:05 horas. Reprodu\u00e7\u00e3o na \u00edntegra de\u00a0 https:\/\/www.facebook.com\/groups\/385980901544787\/) A vida de Domingos Joannes \u00e9 conhecida. Viveu ao tempo dos reis, Sancho ll, Afonso lll e Dinis. Sabe-se a sua ascend\u00eancia, descend\u00eancia, nascimento, casamentos, ex\u00edlio, regresso a Portugal e at\u00e9 onde [&hellip;]<\/p>\n","protected":false},"author":1,"featured_media":0,"parent":0,"menu_order":0,"comment_status":"closed","ping_status":"closed","template":"","meta":{"footnotes":""},"_links":{"self":[{"href":"http:\/\/srlsampaense.com\/index.php\/wp-json\/wp\/v2\/pages\/1512"}],"collection":[{"href":"http:\/\/srlsampaense.com\/index.php\/wp-json\/wp\/v2\/pages"}],"about":[{"href":"http:\/\/srlsampaense.com\/index.php\/wp-json\/wp\/v2\/types\/page"}],"author":[{"embeddable":true,"href":"http:\/\/srlsampaense.com\/index.php\/wp-json\/wp\/v2\/users\/1"}],"replies":[{"embeddable":true,"href":"http:\/\/srlsampaense.com\/index.php\/wp-json\/wp\/v2\/comments?post=1512"}],"version-history":[{"count":1,"href":"http:\/\/srlsampaense.com\/index.php\/wp-json\/wp\/v2\/pages\/1512\/revisions"}],"predecessor-version":[{"id":1514,"href":"http:\/\/srlsampaense.com\/index.php\/wp-json\/wp\/v2\/pages\/1512\/revisions\/1514"}],"wp:attachment":[{"href":"http:\/\/srlsampaense.com\/index.php\/wp-json\/wp\/v2\/media?parent=1512"}],"curies":[{"name":"wp","href":"https:\/\/api.w.org\/{rel}","templated":true}]}}

<p><strong>A CASA DE DOMINGOS JOANNES, o Cavaleiro de Oliveira<br />
</strong>(publicado por Fernando Coelho a 26/01/2018 às 14:05 horas. Reprodução na íntegra de  https://www.facebook.com/groups/385980901544787/)<strong><br />
</strong></p>
<p>A vida de Domingos Joannes é conhecida. Viveu ao tempo dos reis, Sancho ll, Afonso lll e Dinis. Sabe-se a sua ascendência, descendência, nascimento, casamentos, exílio, regresso a Portugal e até onde morava. Morava numa casa, não longe do rio de Cavalos, próximo da Bobadela num Lugar , chamado Outeiro. Transcrevo, duas ou três linhas das “ Inquirições “, realizadas em 1258 por D. Afonso III, à “ Bobadela“, a “ Oliveira do H<span class="text_exposed_show">ospital “, a “ Lagos etc. :</span></p>
<div class="text_exposed_show">
<p>“… petri prelatus Ecelesia de Bouadela iuratus et interrogatus dixit…&#8230;.et deinde quommodo uadit ad riuulum de Caballlis….. eundo directe ad casam de Dominico Iohannis de Anteyro et casa domini ioahannis stat in hereditate hospitalis ….” ( 1 )</p>
<p>Lê-se que o Padre da Bobadela ( 1ª linha) , foi à casa de Domingos Joannes ( 2ª linha), em Anteyro ( leia, Outeiro &#8211; 3ª linha). Segundo o Prelado, Domingos Joannes, habitava e era proprietário da casa, em Outeiro , já lá vão 760 anos..<br />
Onde é Outeiro? Não sei. Só sei que ficará nas proximidades da Bobadela, junto ao rio de Cavalos.</p>
<p>(1) &#8211; extracto texto Inquirições, Afonso lll</p>
</div>

<p>A CASA DE DOMINGOS JOANNES, o Cavaleiro de Oliveira (publicado por Fernando Coelho a 26/01/2018 às 14:05 horas. Reprodução na íntegra de  https://www.facebook.com/groups/385980901544787/) A vida de Domingos Joannes é conhecida. Viveu ao tempo dos reis, Sancho ll, Afonso lll e Dinis. Sabe-se a sua ascendência, descendência, nascimento, casamentos, exílio, regresso a Portugal e até onde [&hellip;]</p>
