{"id":1243,"date":"2016-10-05T20:10:17","date_gmt":"2016-10-05T19:10:17","guid":{"rendered":"http:\/\/srlsampaense.com\/?page_id=1243"},"modified":"2021-01-14T21:54:12","modified_gmt":"2021-01-14T20:54:12","slug":"periodo-medieval","status":"publish","type":"page","link":"http:\/\/srlsampaense.com\/index.php\/periodo-medieval\/","title":{"rendered":"Per\u00edodo Medieval"},"content":{"rendered":"<p><span style=\"color: #000000;\"><b>PER\u00cdODO<\/b><\/span><strong>\u00a0MEDIEVAL<\/strong><\/p>\n<p>Do per\u00edodo alto-medieval, temos o s\u00edtio arqueol\u00f3gico da Quinta de Salgodins, codificado com o C\u00f3digo Nacional de s\u00edtio (CNS) 20.453. Trata-se de um conjunto de tr\u00eas sepulturas antropom\u00f3rficas, sendo que duas delas apresentam uma moldura interna. H\u00e1 vest\u00edgios de terem sido cobertas, em tempos, por uma tampa.<\/p>\n<p>Depois da presen\u00e7a de \u00e1rabes e visig\u00f3dos segue-se um per\u00edodo obscuro na hist\u00f3ria de S. Paio de Grama\u00e7os.<\/p>\n<p>&#8220;<em>No primeiro quartel do s\u00e9culo XII existia em terras de Seia, uma insignificante pobla (p\u00f3voa) tendo a Este a aldeia denominada Sampaio de Garam\u00e1cios, e a Oeste a conhecida pelo nome de Bonadela ambas paroquias autonomas. Essa pobla era situada no pendor Sudoeste duma colina, em cujo sop\u00e9 meridional se estendia um comprido vale de terreno alagadi\u00e7o e pantanoso, qu vinha contornando, desde Nordeste de Sampaio at\u00e9 Sudoeste da dita pobla.&#8221; <br \/>(in http:\/\/www.freguesia-oliveiradohospital.pt\/index.php?option=com_content&amp;view=article&amp;id=108&amp;Itemid=192 acedido em 26\/5\/2020).<\/em><\/p>\n<p>S\u00f3 em meados do s\u00e9culo XII, no tempo de Afonso Henriques, nos aparece Dom Chav\u00e3o, rico-homem das terras de Seia, com resid\u00eancia habitual em Gram\u00e1cios ou Garam\u00e1cios (mais tarde Grama\u00e7os). Era figura do maior destaque, o representante do rei no vasto territ\u00f3rio de Seia; e, como tal, &#8220;tinha os direitos de padriado eclesi\u00e1stico na vizinha par\u00f3quia de Sampaio de Garam\u00e1cios ou Grama\u00e7os&#8221;, como informa o eminente historiador e investigador Professor Doutor Ant\u00f3nio de Vasconcelos. Isto significa que a par\u00f3quia de S. Paio de Grama\u00e7os j\u00e1 existia no s\u00e9c. XII integrada, como Grama\u00e7os, na terra medieval de Seia cujos foros foram sancionados e aumentados em 1136, por Afonso Henriques.<\/p>\n<p>(Inclu\u00eddo texto de:\u00a0http:\/\/www.memoriaportuguesa.pt\/historia-de-sao-paio-de-gramacos , acedido a 25\/06\/2018)<\/p>\n<p>\u00a0<\/p>\n<p>\u00a0<\/p>\n\n\n<p><\/p>\n","protected":false},"excerpt":{"rendered":"<p>PER\u00cdODO\u00a0MEDIEVAL Do per\u00edodo alto-medieval, temos o s\u00edtio arqueol\u00f3gico da Quinta de Salgodins, codificado com o C\u00f3digo Nacional de s\u00edtio (CNS) 20.453. Trata-se de um conjunto de tr\u00eas sepulturas antropom\u00f3rficas, sendo que duas delas apresentam uma moldura interna. H\u00e1 vest\u00edgios de terem sido cobertas, em tempos, por uma tampa. Depois da presen\u00e7a de \u00e1rabes e visig\u00f3dos [&hellip;]<\/p>\n","protected":false},"author":1,"featured_media":0,"parent":0,"menu_order":0,"comment_status":"closed","ping_status":"closed","template":"","meta":{"footnotes":""},"_links":{"self":[{"href":"http:\/\/srlsampaense.com\/index.php\/wp-json\/wp\/v2\/pages\/1243"}],"collection":[{"href":"http:\/\/srlsampaense.com\/index.php\/wp-json\/wp\/v2\/pages"}],"about":[{"href":"http:\/\/srlsampaense.com\/index.php\/wp-json\/wp\/v2\/types\/page"}],"author":[{"embeddable":true,"href":"http:\/\/srlsampaense.com\/index.php\/wp-json\/wp\/v2\/users\/1"}],"replies":[{"embeddable":true,"href":"http:\/\/srlsampaense.com\/index.php\/wp-json\/wp\/v2\/comments?post=1243"}],"version-history":[{"count":5,"href":"http:\/\/srlsampaense.com\/index.php\/wp-json\/wp\/v2\/pages\/1243\/revisions"}],"predecessor-version":[{"id":2455,"href":"http:\/\/srlsampaense.com\/index.php\/wp-json\/wp\/v2\/pages\/1243\/revisions\/2455"}],"wp:attachment":[{"href":"http:\/\/srlsampaense.com\/index.php\/wp-json\/wp\/v2\/media?parent=1243"}],"curies":[{"name":"wp","href":"https:\/\/api.w.org\/{rel}","templated":true}]}}

Período Medieval

<p><span style="color: #000000;"><b>PERÍODO</b></span><strong> MEDIEVAL</strong></p>
<p>Do período alto-medieval, temos o sítio arqueológico da Quinta de Salgodins, codificado com o Código Nacional de sítio (CNS) 20.453. Trata-se de um conjunto de três sepulturas antropomórficas, sendo que duas delas apresentam uma moldura interna. Há vestígios de terem sido cobertas, em tempos, por uma tampa.</p>
<p>Depois da presença de árabes e visigódos segue-se um período obscuro na história de S. Paio de Gramaços.</p>
<p>&#8220;<em>No primeiro quartel do século XII existia em terras de Seia, uma insignificante pobla (póvoa) tendo a Este a aldeia denominada Sampaio de Garamácios, e a Oeste a conhecida pelo nome de Bonadela ambas paroquias autonomas. Essa pobla era situada no pendor Sudoeste duma colina, em cujo sopé meridional se estendia um comprido vale de terreno alagadiço e pantanoso, qu vinha contornando, desde Nordeste de Sampaio até Sudoeste da dita pobla.&#8221; <br />(in http://www.freguesia-oliveiradohospital.pt/index.php?option=com_content&amp;view=article&amp;id=108&amp;Itemid=192 acedido em 26/5/2020).</em></p>
<p>Só em meados do século XII, no tempo de Afonso Henriques, nos aparece Dom Chavão, rico-homem das terras de Seia, com residência habitual em Gramácios ou Garamácios (mais tarde Gramaços). Era figura do maior destaque, o representante do rei no vasto território de Seia; e, como tal, &#8220;tinha os direitos de padriado eclesiástico na vizinha paróquia de Sampaio de Garamácios ou Gramaços&#8221;, como informa o eminente historiador e investigador Professor Doutor António de Vasconcelos. Isto significa que a paróquia de S. Paio de Gramaços já existia no séc. XII integrada, como Gramaços, na terra medieval de Seia cujos foros foram sancionados e aumentados em 1136, por Afonso Henriques.</p>
<p>(Incluído texto de: http://www.memoriaportuguesa.pt/historia-de-sao-paio-de-gramacos , acedido a 25/06/2018)</p>
<p> </p>
<p> </p>


<p></p>

<p>PERÍODO MEDIEVAL Do período alto-medieval, temos o sítio arqueológico da Quinta de Salgodins, codificado com o Código Nacional de sítio (CNS) 20.453. Trata-se de um conjunto de três sepulturas antropomórficas, sendo que duas delas apresentam uma moldura interna. Há vestígios de terem sido cobertas, em tempos, por uma tampa. Depois da presença de árabes e visigódos [&hellip;]</p>
